{"id":36900,"date":"2026-06-24T11:05:02","date_gmt":"2026-06-24T09:05:02","guid":{"rendered":"https:\/\/spainfilmcommission.com\/?post_type=localizacion&#038;p=36900"},"modified":"2026-06-24T11:05:04","modified_gmt":"2026-06-24T09:05:04","slug":"frias","status":"publish","type":"localizacion","link":"https:\/\/spainfilmcommission.com\/en\/ai-locations\/frias\/","title":{"rendered":"Fr\u00edas"},"content":{"rendered":"","protected":false},"author":66,"template":"","meta":[],"class_list":["post-36900","localizacion","type-localizacion","status-publish","hentry"],"yoast_head":"<!-- This site is optimized with the Yoast SEO plugin v28.3 - https:\/\/yoast.com\/product\/yoast-seo-wordpress\/ -->\n<title>Rodar en Fr\u00edas - Spain Film Commission<\/title>\n<meta name=\"description\" content=\"En esta p\u00e1gina encontrar\u00e1s una peque\u00f1a descripci\u00f3n, m\u00e1genes e informaci\u00f3n relevante para que te hagas una idea de c\u00f3mo es rodar en Fr\u00edas\" \/>\n<meta name=\"robots\" content=\"index, follow, max-snippet:-1, max-image-preview:large, max-video-preview:-1\" \/>\n<link rel=\"canonical\" href=\"https:\/\/spainfilmcommission.com\/en\/ai-locations\/frias\/\" \/>\n<meta property=\"og:locale\" content=\"en_US\" \/>\n<meta property=\"og:type\" content=\"article\" \/>\n<meta property=\"og:title\" content=\"Rodar en Fr\u00edas - Spain Film Commission\" \/>\n<meta property=\"og:description\" content=\"En esta p\u00e1gina encontrar\u00e1s una peque\u00f1a descripci\u00f3n, m\u00e1genes e informaci\u00f3n relevante para que te hagas una idea de c\u00f3mo es rodar en Fr\u00edas\" \/>\n<meta property=\"og:url\" content=\"https:\/\/spainfilmcommission.com\/en\/ai-locations\/frias\/\" \/>\n<meta property=\"og:site_name\" content=\"Spain Film Commission\" \/>\n<meta property=\"article:modified_time\" content=\"2026-06-24T09:05:04+00:00\" \/>\n<meta name=\"twitter:card\" content=\"summary_large_image\" \/>\n<script type=\"application\/ld+json\" class=\"yoast-schema-graph\">{\"@context\":\"https:\\\/\\\/schema.org\",\"@graph\":[{\"@type\":\"WebPage\",\"@id\":\"https:\\\/\\\/spainfilmcommission.com\\\/en\\\/ai-locations\\\/frias\\\/\",\"url\":\"https:\\\/\\\/spainfilmcommission.com\\\/en\\\/ai-locations\\\/frias\\\/\",\"name\":\"Rodar en Fr\u00edas - Spain Film Commission\",\"isPartOf\":{\"@id\":\"https:\\\/\\\/spainfilmcommission.com\\\/en\\\/#website\"},\"datePublished\":\"2026-06-24T09:05:02+00:00\",\"dateModified\":\"2026-06-24T09:05:04+00:00\",\"description\":\"En esta p\u00e1gina encontrar\u00e1s una peque\u00f1a descripci\u00f3n, m\u00e1genes e informaci\u00f3n relevante para que te hagas una idea de c\u00f3mo es rodar en Fr\u00edas\",\"breadcrumb\":{\"@id\":\"https:\\\/\\\/spainfilmcommission.com\\\/en\\\/ai-locations\\\/frias\\\/#breadcrumb\"},\"inLanguage\":\"en-US\",\"potentialAction\":[{\"@type\":\"ReadAction\",\"target\":[\"https:\\\/\\\/spainfilmcommission.com\\\/en\\\/ai-locations\\\/frias\\\/\"]}]},{\"@type\":\"BreadcrumbList\",\"@id\":\"https:\\\/\\\/spainfilmcommission.com\\\/en\\\/ai-locations\\\/frias\\\/#breadcrumb\",\"itemListElement\":[{\"@type\":\"ListItem\",\"position\":1,\"name\":\"Portada\",\"item\":\"https:\\\/\\\/spainfilmcommission.com\\\/en\\\/\"},{\"@type\":\"ListItem\",\"position\":2,\"name\":\"Fr\u00edas\"}]},{\"@type\":\"WebSite\",\"@id\":\"https:\\\/\\\/spainfilmcommission.com\\\/en\\\/#website\",\"url\":\"https:\\\/\\\/spainfilmcommission.com\\\/en\\\/\",\"name\":\"Spain Film Commission\",\"description\":\"\",\"publisher\":{\"@id\":\"https:\\\/\\\/spainfilmcommission.com\\\/en\\\/#organization\"},\"potentialAction\":[{\"@type\":\"SearchAction\",\"target\":{\"@type\":\"EntryPoint\",\"urlTemplate\":\"https:\\\/\\\/spainfilmcommission.com\\\/en\\\/?s={search_term_string}\"},\"query-input\":{\"@type\":\"PropertyValueSpecification\",\"valueRequired\":true,\"valueName\":\"search_term_string\"}}],\"inLanguage\":\"en-US\"},{\"@type\":\"Organization\",\"@id\":\"https:\\\/\\\/spainfilmcommission.com\\\/en\\\/#organization\",\"name\":\"Spain Film Commission\",\"url\":\"https:\\\/\\\/spainfilmcommission.com\\\/en\\\/\",\"logo\":{\"@type\":\"ImageObject\",\"inLanguage\":\"en-US\",\"@id\":\"https:\\\/\\\/spainfilmcommission.com\\\/en\\\/#\\\/schema\\\/logo\\\/image\\\/\",\"url\":\"https:\\\/\\\/spainfilmcommission.com\\\/wp-content\\\/uploads\\\/2024\\\/07\\\/SPC_COLOR.png\",\"contentUrl\":\"https:\\\/\\\/spainfilmcommission.com\\\/wp-content\\\/uploads\\\/2024\\\/07\\\/SPC_COLOR.png\",\"width\":1665,\"height\":1665,\"caption\":\"Spain Film Commission\"},\"image\":{\"@id\":\"https:\\\/\\\/spainfilmcommission.com\\\/en\\\/#\\\/schema\\\/logo\\\/image\\\/\"}}]}<\/script>\n<!-- \/ Yoast SEO plugin. -->","yoast_head_json":{"title":"Rodar en Fr\u00edas - Spain Film Commission","description":"En esta p\u00e1gina encontrar\u00e1s una peque\u00f1a descripci\u00f3n, m\u00e1genes e informaci\u00f3n relevante para que te hagas una idea de c\u00f3mo es rodar en Fr\u00edas","robots":{"index":"index","follow":"follow","max-snippet":"max-snippet:-1","max-image-preview":"max-image-preview:large","max-video-preview":"max-video-preview:-1"},"canonical":"https:\/\/spainfilmcommission.com\/en\/ai-locations\/frias\/","og_locale":"en_US","og_type":"article","og_title":"Rodar en Fr\u00edas - Spain Film Commission","og_description":"En esta p\u00e1gina encontrar\u00e1s una peque\u00f1a descripci\u00f3n, m\u00e1genes e informaci\u00f3n relevante para que te hagas una idea de c\u00f3mo es rodar en Fr\u00edas","og_url":"https:\/\/spainfilmcommission.com\/en\/ai-locations\/frias\/","og_site_name":"Spain Film Commission","article_modified_time":"2026-06-24T09:05:04+00:00","twitter_card":"summary_large_image","schema":{"@context":"https:\/\/schema.org","@graph":[{"@type":"WebPage","@id":"https:\/\/spainfilmcommission.com\/en\/ai-locations\/frias\/","url":"https:\/\/spainfilmcommission.com\/en\/ai-locations\/frias\/","name":"Rodar en Fr\u00edas - Spain Film Commission","isPartOf":{"@id":"https:\/\/spainfilmcommission.com\/en\/#website"},"datePublished":"2026-06-24T09:05:02+00:00","dateModified":"2026-06-24T09:05:04+00:00","description":"En esta p\u00e1gina encontrar\u00e1s una peque\u00f1a descripci\u00f3n, m\u00e1genes e informaci\u00f3n relevante para que te hagas una idea de c\u00f3mo es rodar en Fr\u00edas","breadcrumb":{"@id":"https:\/\/spainfilmcommission.com\/en\/ai-locations\/frias\/#breadcrumb"},"inLanguage":"en-US","potentialAction":[{"@type":"ReadAction","target":["https:\/\/spainfilmcommission.com\/en\/ai-locations\/frias\/"]}]},{"@type":"BreadcrumbList","@id":"https:\/\/spainfilmcommission.com\/en\/ai-locations\/frias\/#breadcrumb","itemListElement":[{"@type":"ListItem","position":1,"name":"Portada","item":"https:\/\/spainfilmcommission.com\/en\/"},{"@type":"ListItem","position":2,"name":"Fr\u00edas"}]},{"@type":"WebSite","@id":"https:\/\/spainfilmcommission.com\/en\/#website","url":"https:\/\/spainfilmcommission.com\/en\/","name":"Spain Film Commission","description":"","publisher":{"@id":"https:\/\/spainfilmcommission.com\/en\/#organization"},"potentialAction":[{"@type":"SearchAction","target":{"@type":"EntryPoint","urlTemplate":"https:\/\/spainfilmcommission.com\/en\/?s={search_term_string}"},"query-input":{"@type":"PropertyValueSpecification","valueRequired":true,"valueName":"search_term_string"}}],"inLanguage":"en-US"},{"@type":"Organization","@id":"https:\/\/spainfilmcommission.com\/en\/#organization","name":"Spain Film Commission","url":"https:\/\/spainfilmcommission.com\/en\/","logo":{"@type":"ImageObject","inLanguage":"en-US","@id":"https:\/\/spainfilmcommission.com\/en\/#\/schema\/logo\/image\/","url":"https:\/\/spainfilmcommission.com\/wp-content\/uploads\/2024\/07\/SPC_COLOR.png","contentUrl":"https:\/\/spainfilmcommission.com\/wp-content\/uploads\/2024\/07\/SPC_COLOR.png","width":1665,"height":1665,"caption":"Spain Film Commission"},"image":{"@id":"https:\/\/spainfilmcommission.com\/en\/#\/schema\/logo\/image\/"}}]}},"socio":[{"ID":"32","user_login":"burgos-film-commission","user_nicename":"burgos-film-commission","display_name":"burgos-film-commission","user_pass":"****************","user_email":"info@burgosfilmcommission.org","user_url":"","user_registered":"2024-12-19 16:05:18","id":32}],"nombrees":"Fr\u00edas","nombreen":"Fr\u00edas","localidad":"FR\u00cdAS","provincia":"BURGOS","coordenadas_maps":"42.762519148558724, -3.2949584442596644","latitud":"42.762080","longitud":"-3.294870","direcciones":"09211 Burgos","direccionen":"09211 Burgos","cod_postal":"9211","telefono":"947358761","fax":"","mail":"info@burgosfilmcommission.org","web":"https:\/\/ciudaddefrias.es\/inicio","descripciones":"<div>\r\n\r\n<strong>Fr\u00edas\u00a0<\/strong>tiene una superficie total de 32 km cuadrados y una poblaci\u00f3n de 284 habitantes, 155 varones y 129 mujeres (INE 2007), contando con sus respectivos barrios\u00a0<strong>Tobera y Quintana-seca.<\/strong>\r\n\r\n<\/div>\r\n<em>La ciudad de Fr\u00edas<\/em>, adem\u00e1s de destacarse por ser la m\u00e1s peque\u00f1a de Espa\u00f1a, nos impregna a su visita de un exquisito sabor medieval que debe su origen a Alfonso VIII, quien a comienzos del S.XII la erigi\u00f3 sobre la roca, a fin de proteger y repoblar esta linde de la Vieja Castilla. Dicha estrategia report\u00f3 a esta ciudad numerosos privilegios a sus pobladores, adem\u00e1s de la imponente fortaleza compuesta por el Castillo, la Iglesia de San Vicente, el Puente y la Muralla, lo que facilit\u00f3 la defensa de sus intereses, aumentando progresivamente su econom\u00eda, hasta el punto de llegar a abastecer las necesidades de los m\u00e1s de 6.000 habitantes con que contaba a la entrada del S. XVI.","descripcionen":"Fr\u00edas has a total area of 32 square kilometers and a population of 284 inhabitants, 155 men and 129 women (INE 2007), including its respective neighborhoods of Tobera and Quintana-seca.\r\n\r\nThe city of Fr\u00edas, in addition to standing out as the smallest in Spain, immerses visitors in an exquisite medieval atmosphere that owes its origins to Alfonso VIII, who built it on the rock at the beginning of the 12th century in order to protect and repopulate this border of Old Castile. This strategy brought numerous privileges to the city's inhabitants, in addition to the imposing fortress comprising the castle, the church of San Vicente, the bridge, and the wall, which facilitated the defense of their interests and progressively boosted their economy, to the point of supplying the needs of the more than 6,000 inhabitants at the beginning of the 16th century.","galeria":[{"ID":"36888","post_author":"32","post_date":"2026-02-04 09:31:56","post_date_gmt":"2026-02-04 08:31:56","post_content":"","post_title":"frias1","post_excerpt":"","post_status":"inherit","comment_status":"","ping_status":"closed","post_password":"","post_name":"frias1","to_ping":"","pinged":"","post_modified":"2026-02-04 09:31:56","post_modified_gmt":"2026-02-04 08:31:56","post_content_filtered":"","post_parent":"32874","guid":"https:\/\/spainfilmcommission.com\/wp-content\/uploads\/2026\/02\/frias1.webp","menu_order":"0","post_type":"attachment","post_mime_type":"image\/webp","comment_count":"0","pod_item_id":"36888"},{"ID":"36890","post_author":"32","post_date":"2026-02-04 09:32:11","post_date_gmt":"2026-02-04 08:32:11","post_content":"","post_title":"fr\u00edas2","post_excerpt":"","post_status":"inherit","comment_status":"","ping_status":"closed","post_password":"","post_name":"frias2","to_ping":"","pinged":"","post_modified":"2026-02-04 09:32:11","post_modified_gmt":"2026-02-04 08:32:11","post_content_filtered":"","post_parent":"32874","guid":"https:\/\/spainfilmcommission.com\/wp-content\/uploads\/2026\/02\/frias2.jpg","menu_order":"0","post_type":"attachment","post_mime_type":"image\/jpeg","comment_count":"0","pod_item_id":"36890"},{"ID":"36892","post_author":"32","post_date":"2026-02-04 09:32:29","post_date_gmt":"2026-02-04 08:32:29","post_content":"","post_title":"OLYMPUS DIGITAL CAMERA","post_excerpt":"OLYMPUS DIGITAL CAMERA","post_status":"inherit","comment_status":"","ping_status":"closed","post_password":"","post_name":"olympus-digital-camera-6","to_ping":"","pinged":"","post_modified":"2026-02-04 09:32:29","post_modified_gmt":"2026-02-04 08:32:29","post_content_filtered":"","post_parent":"32874","guid":"https:\/\/spainfilmcommission.com\/wp-content\/uploads\/2026\/02\/frias3.jpg","menu_order":"0","post_type":"attachment","post_mime_type":"image\/jpeg","comment_count":"0","pod_item_id":"36892"},{"ID":"36894","post_author":"32","post_date":"2026-02-04 09:32:44","post_date_gmt":"2026-02-04 08:32:44","post_content":"","post_title":"fr\u00edas4","post_excerpt":"","post_status":"inherit","comment_status":"","ping_status":"closed","post_password":"","post_name":"frias4","to_ping":"","pinged":"","post_modified":"2026-02-04 09:32:44","post_modified_gmt":"2026-02-04 08:32:44","post_content_filtered":"","post_parent":"32874","guid":"https:\/\/spainfilmcommission.com\/wp-content\/uploads\/2026\/02\/frias4.jpg","menu_order":"0","post_type":"attachment","post_mime_type":"image\/jpeg","comment_count":"0","pod_item_id":"36894"},{"ID":"36896","post_author":"32","post_date":"2026-02-04 09:32:50","post_date_gmt":"2026-02-04 08:32:50","post_content":"","post_title":"fr\u00edas5","post_excerpt":"","post_status":"inherit","comment_status":"","ping_status":"closed","post_password":"","post_name":"frias5","to_ping":"","pinged":"","post_modified":"2026-02-04 09:32:50","post_modified_gmt":"2026-02-04 08:32:50","post_content_filtered":"","post_parent":"32874","guid":"https:\/\/spainfilmcommission.com\/wp-content\/uploads\/2026\/02\/frias5.jpg","menu_order":"0","post_type":"attachment","post_mime_type":"image\/jpeg","comment_count":"0","pod_item_id":"36896"},{"ID":"36898","post_author":"32","post_date":"2026-02-04 09:33:05","post_date_gmt":"2026-02-04 08:33:05","post_content":"","post_title":"fr\u00edas6","post_excerpt":"","post_status":"inherit","comment_status":"","ping_status":"closed","post_password":"","post_name":"frias6","to_ping":"","pinged":"","post_modified":"2026-02-04 09:33:05","post_modified_gmt":"2026-02-04 08:33:05","post_content_filtered":"","post_parent":"32874","guid":"https:\/\/spainfilmcommission.com\/wp-content\/uploads\/2026\/02\/frias6.jpg","menu_order":"0","post_type":"attachment","post_mime_type":"image\/jpeg","comment_count":"0","pod_item_id":"36898"}],"nombrepaginaes":"CIUDAD DE FR\u00cdAS","nombrepaginaen":"FR\u00cdAS CITY","latitud_gps":"","longitud_gps":"","adicionaleses":"","adicionalesen":"","videoes":"","videoen":"","video2es":"","video2en":"","_links":{"self":[{"href":"https:\/\/spainfilmcommission.com\/en\/wp-json\/wp\/v2\/localizaciones\/localizacion\/36900","targetHints":{"allow":["GET"]}}],"collection":[{"href":"https:\/\/spainfilmcommission.com\/en\/wp-json\/wp\/v2\/localizaciones\/localizacion"}],"about":[{"href":"https:\/\/spainfilmcommission.com\/en\/wp-json\/wp\/v2\/types\/localizacion"}],"author":[{"embeddable":true,"href":"https:\/\/spainfilmcommission.com\/en\/wp-json\/wp\/v2\/users\/66"}],"wp:attachment":[{"href":"https:\/\/spainfilmcommission.com\/en\/wp-json\/wp\/v2\/media?parent=36900"}],"curies":[{"name":"wp","href":"https:\/\/api.w.org\/{rel}","templated":true}]}}

Frías

<!-- This site is optimized with the Yoast SEO plugin v28.3 - https://yoast.com/product/yoast-seo-wordpress/ -->
<title>Rodar en Frías - Spain Film Commission</title>
<meta name="description" content="En esta página encontrarás una pequeña descripción, mágenes e información relevante para que te hagas una idea de cómo es rodar en Frías" />
<meta name="robots" content="index, follow, max-snippet:-1, max-image-preview:large, max-video-preview:-1" />
<link rel="canonical" href="https://spainfilmcommission.com/en/ai-locations/frias/" />
<meta property="og:locale" content="en_US" />
<meta property="og:type" content="article" />
<meta property="og:title" content="Rodar en Frías - Spain Film Commission" />
<meta property="og:description" content="En esta página encontrarás una pequeña descripción, mágenes e información relevante para que te hagas una idea de cómo es rodar en Frías" />
<meta property="og:url" content="https://spainfilmcommission.com/en/ai-locations/frias/" />
<meta property="og:site_name" content="Spain Film Commission" />
<meta property="article:modified_time" content="2026-06-24T09:05:04+00:00" />
<meta name="twitter:card" content="summary_large_image" />
<script type="application/ld+json" class="yoast-schema-graph">{"@context":"https:\/\/schema.org","@graph":[{"@type":"WebPage","@id":"https:\/\/spainfilmcommission.com\/en\/ai-locations\/frias\/","url":"https:\/\/spainfilmcommission.com\/en\/ai-locations\/frias\/","name":"Rodar en Frías - Spain Film Commission","isPartOf":{"@id":"https:\/\/spainfilmcommission.com\/en\/#website"},"datePublished":"2026-06-24T09:05:02+00:00","dateModified":"2026-06-24T09:05:04+00:00","description":"En esta página encontrarás una pequeña descripción, mágenes e información relevante para que te hagas una idea de cómo es rodar en Frías","breadcrumb":{"@id":"https:\/\/spainfilmcommission.com\/en\/ai-locations\/frias\/#breadcrumb"},"inLanguage":"en-US","potentialAction":[{"@type":"ReadAction","target":["https:\/\/spainfilmcommission.com\/en\/ai-locations\/frias\/"]}]},{"@type":"BreadcrumbList","@id":"https:\/\/spainfilmcommission.com\/en\/ai-locations\/frias\/#breadcrumb","itemListElement":[{"@type":"ListItem","position":1,"name":"Portada","item":"https:\/\/spainfilmcommission.com\/en\/"},{"@type":"ListItem","position":2,"name":"Frías"}]},{"@type":"WebSite","@id":"https:\/\/spainfilmcommission.com\/en\/#website","url":"https:\/\/spainfilmcommission.com\/en\/","name":"Spain Film Commission","description":"","publisher":{"@id":"https:\/\/spainfilmcommission.com\/en\/#organization"},"potentialAction":[{"@type":"SearchAction","target":{"@type":"EntryPoint","urlTemplate":"https:\/\/spainfilmcommission.com\/en\/?s={search_term_string}"},"query-input":{"@type":"PropertyValueSpecification","valueRequired":true,"valueName":"search_term_string"}}],"inLanguage":"en-US"},{"@type":"Organization","@id":"https:\/\/spainfilmcommission.com\/en\/#organization","name":"Spain Film Commission","url":"https:\/\/spainfilmcommission.com\/en\/","logo":{"@type":"ImageObject","inLanguage":"en-US","@id":"https:\/\/spainfilmcommission.com\/en\/#\/schema\/logo\/image\/","url":"https:\/\/spainfilmcommission.com\/wp-content\/uploads\/2024\/07\/SPC_COLOR.png","contentUrl":"https:\/\/spainfilmcommission.com\/wp-content\/uploads\/2024\/07\/SPC_COLOR.png","width":1665,"height":1665,"caption":"Spain Film Commission"},"image":{"@id":"https:\/\/spainfilmcommission.com\/en\/#\/schema\/logo\/image\/"}}]}</script>
<!-- / Yoast SEO plugin. -->

Rodar en Frías - Spain Film Commission

En esta página encontrarás una pequeña descripción, mágenes e información relevante para que te hagas una idea de cómo es rodar en Frías

FRÍAS

<div>

<strong>Frías </strong>tiene una superficie total de 32 km cuadrados y una población de 284 habitantes, 155 varones y 129 mujeres (INE 2007), contando con sus respectivos barrios <strong>Tobera y Quintana-seca.</strong>

</div>
<em>La ciudad de Frías</em>, además de destacarse por ser la más pequeña de España, nos impregna a su visita de un exquisito sabor medieval que debe su origen a Alfonso VIII, quien a comienzos del S.XII la erigió sobre la roca, a fin de proteger y repoblar esta linde de la Vieja Castilla. Dicha estrategia reportó a esta ciudad numerosos privilegios a sus pobladores, además de la imponente fortaleza compuesta por el Castillo, la Iglesia de San Vicente, el Puente y la Muralla, lo que facilitó la defensa de sus intereses, aumentando progresivamente su economía, hasta el punto de llegar a abastecer las necesidades de los más de 6.000 habitantes con que contaba a la entrada del S. XVI.

Frías has a total area of 32 square kilometers and a population of 284 inhabitants, 155 men and 129 women (INE 2007), including its respective neighborhoods of Tobera and Quintana-seca.

The city of Frías, in addition to standing out as the smallest in Spain, immerses visitors in an exquisite medieval atmosphere that owes its origins to Alfonso VIII, who built it on the rock at the beginning of the 12th century in order to protect and repopulate this border of Old Castile. This strategy brought numerous privileges to the city's inhabitants, in addition to the imposing fortress comprising the castle, the church of San Vicente, the bridge, and the wall, which facilitated the defense of their interests and progressively boosted their economy, to the point of supplying the needs of the more than 6,000 inhabitants at the beginning of the 16th century.

frías2

frías4

frías5

frías6

CIUDAD DE FRÍAS

FRÍAS CITY
