{"id":12242,"date":"2025-02-27T19:51:46","date_gmt":"2025-02-27T18:51:46","guid":{"rendered":"https:\/\/spainfilmcommission.com\/?post_type=localizacion&#038;p=12242"},"modified":"2025-04-21T13:44:21","modified_gmt":"2025-04-21T11:44:21","slug":"plaza-vidal-quadres","status":"publish","type":"localizacion","link":"https:\/\/spainfilmcommission.com\/en\/ai-locations\/plaza-vidal-quadres\/","title":{"rendered":"Plaza Vidal Quadres"},"content":{"rendered":"","protected":false},"author":2,"template":"","meta":[],"class_list":["post-12242","localizacion","type-localizacion","status-publish","hentry"],"yoast_head":"<!-- This site is optimized with the Yoast SEO plugin v28.3 - https:\/\/yoast.com\/product\/yoast-seo-wordpress\/ -->\n<title>Rodar en Plaza Vidal Quadres - Spain Film Commission<\/title>\n<meta name=\"description\" content=\"En esta p\u00e1gina encontrar\u00e1s una peque\u00f1a descripci\u00f3n, m\u00e1genes e informaci\u00f3n relevante para que te hagas una idea de c\u00f3mo es rodar en Plaza Vidal Quadres\" \/>\n<meta name=\"robots\" content=\"index, follow, max-snippet:-1, max-image-preview:large, max-video-preview:-1\" \/>\n<link rel=\"canonical\" href=\"https:\/\/spainfilmcommission.com\/en\/ai-locations\/plaza-vidal-quadres\/\" \/>\n<meta property=\"og:locale\" content=\"en_US\" \/>\n<meta property=\"og:type\" content=\"article\" \/>\n<meta property=\"og:title\" content=\"Rodar en Plaza Vidal Quadres - Spain Film Commission\" \/>\n<meta property=\"og:description\" content=\"En esta p\u00e1gina encontrar\u00e1s una peque\u00f1a descripci\u00f3n, m\u00e1genes e informaci\u00f3n relevante para que te hagas una idea de c\u00f3mo es rodar en Plaza Vidal Quadres\" \/>\n<meta property=\"og:url\" content=\"https:\/\/spainfilmcommission.com\/en\/ai-locations\/plaza-vidal-quadres\/\" \/>\n<meta property=\"og:site_name\" content=\"Spain Film Commission\" \/>\n<meta property=\"article:modified_time\" content=\"2025-04-21T11:44:21+00:00\" \/>\n<meta name=\"twitter:card\" content=\"summary_large_image\" \/>\n<script type=\"application\/ld+json\" class=\"yoast-schema-graph\">{\"@context\":\"https:\\\/\\\/schema.org\",\"@graph\":[{\"@type\":\"WebPage\",\"@id\":\"https:\\\/\\\/spainfilmcommission.com\\\/en\\\/ai-locations\\\/plaza-vidal-quadres\\\/\",\"url\":\"https:\\\/\\\/spainfilmcommission.com\\\/en\\\/ai-locations\\\/plaza-vidal-quadres\\\/\",\"name\":\"Rodar en Plaza Vidal Quadres - Spain Film Commission\",\"isPartOf\":{\"@id\":\"https:\\\/\\\/spainfilmcommission.com\\\/en\\\/#website\"},\"datePublished\":\"2025-02-27T18:51:46+00:00\",\"dateModified\":\"2025-04-21T11:44:21+00:00\",\"description\":\"En esta p\u00e1gina encontrar\u00e1s una peque\u00f1a descripci\u00f3n, m\u00e1genes e informaci\u00f3n relevante para que te hagas una idea de c\u00f3mo es rodar en Plaza Vidal Quadres\",\"breadcrumb\":{\"@id\":\"https:\\\/\\\/spainfilmcommission.com\\\/en\\\/ai-locations\\\/plaza-vidal-quadres\\\/#breadcrumb\"},\"inLanguage\":\"en-US\",\"potentialAction\":[{\"@type\":\"ReadAction\",\"target\":[\"https:\\\/\\\/spainfilmcommission.com\\\/en\\\/ai-locations\\\/plaza-vidal-quadres\\\/\"]}]},{\"@type\":\"BreadcrumbList\",\"@id\":\"https:\\\/\\\/spainfilmcommission.com\\\/en\\\/ai-locations\\\/plaza-vidal-quadres\\\/#breadcrumb\",\"itemListElement\":[{\"@type\":\"ListItem\",\"position\":1,\"name\":\"Portada\",\"item\":\"https:\\\/\\\/spainfilmcommission.com\\\/en\\\/\"},{\"@type\":\"ListItem\",\"position\":2,\"name\":\"Plaza Vidal Quadres\"}]},{\"@type\":\"WebSite\",\"@id\":\"https:\\\/\\\/spainfilmcommission.com\\\/en\\\/#website\",\"url\":\"https:\\\/\\\/spainfilmcommission.com\\\/en\\\/\",\"name\":\"Spain Film Commission\",\"description\":\"\",\"publisher\":{\"@id\":\"https:\\\/\\\/spainfilmcommission.com\\\/en\\\/#organization\"},\"potentialAction\":[{\"@type\":\"SearchAction\",\"target\":{\"@type\":\"EntryPoint\",\"urlTemplate\":\"https:\\\/\\\/spainfilmcommission.com\\\/en\\\/?s={search_term_string}\"},\"query-input\":{\"@type\":\"PropertyValueSpecification\",\"valueRequired\":true,\"valueName\":\"search_term_string\"}}],\"inLanguage\":\"en-US\"},{\"@type\":\"Organization\",\"@id\":\"https:\\\/\\\/spainfilmcommission.com\\\/en\\\/#organization\",\"name\":\"Spain Film Commission\",\"url\":\"https:\\\/\\\/spainfilmcommission.com\\\/en\\\/\",\"logo\":{\"@type\":\"ImageObject\",\"inLanguage\":\"en-US\",\"@id\":\"https:\\\/\\\/spainfilmcommission.com\\\/en\\\/#\\\/schema\\\/logo\\\/image\\\/\",\"url\":\"https:\\\/\\\/spainfilmcommission.com\\\/wp-content\\\/uploads\\\/2024\\\/07\\\/SPC_COLOR.png\",\"contentUrl\":\"https:\\\/\\\/spainfilmcommission.com\\\/wp-content\\\/uploads\\\/2024\\\/07\\\/SPC_COLOR.png\",\"width\":1665,\"height\":1665,\"caption\":\"Spain Film Commission\"},\"image\":{\"@id\":\"https:\\\/\\\/spainfilmcommission.com\\\/en\\\/#\\\/schema\\\/logo\\\/image\\\/\"}}]}<\/script>\n<!-- \/ Yoast SEO plugin. -->","yoast_head_json":{"title":"Rodar en Plaza Vidal Quadres - Spain Film Commission","description":"En esta p\u00e1gina encontrar\u00e1s una peque\u00f1a descripci\u00f3n, m\u00e1genes e informaci\u00f3n relevante para que te hagas una idea de c\u00f3mo es rodar en Plaza Vidal Quadres","robots":{"index":"index","follow":"follow","max-snippet":"max-snippet:-1","max-image-preview":"max-image-preview:large","max-video-preview":"max-video-preview:-1"},"canonical":"https:\/\/spainfilmcommission.com\/en\/ai-locations\/plaza-vidal-quadres\/","og_locale":"en_US","og_type":"article","og_title":"Rodar en Plaza Vidal Quadres - Spain Film Commission","og_description":"En esta p\u00e1gina encontrar\u00e1s una peque\u00f1a descripci\u00f3n, m\u00e1genes e informaci\u00f3n relevante para que te hagas una idea de c\u00f3mo es rodar en Plaza Vidal Quadres","og_url":"https:\/\/spainfilmcommission.com\/en\/ai-locations\/plaza-vidal-quadres\/","og_site_name":"Spain Film Commission","article_modified_time":"2025-04-21T11:44:21+00:00","twitter_card":"summary_large_image","schema":{"@context":"https:\/\/schema.org","@graph":[{"@type":"WebPage","@id":"https:\/\/spainfilmcommission.com\/en\/ai-locations\/plaza-vidal-quadres\/","url":"https:\/\/spainfilmcommission.com\/en\/ai-locations\/plaza-vidal-quadres\/","name":"Rodar en Plaza Vidal Quadres - Spain Film Commission","isPartOf":{"@id":"https:\/\/spainfilmcommission.com\/en\/#website"},"datePublished":"2025-02-27T18:51:46+00:00","dateModified":"2025-04-21T11:44:21+00:00","description":"En esta p\u00e1gina encontrar\u00e1s una peque\u00f1a descripci\u00f3n, m\u00e1genes e informaci\u00f3n relevante para que te hagas una idea de c\u00f3mo es rodar en Plaza Vidal Quadres","breadcrumb":{"@id":"https:\/\/spainfilmcommission.com\/en\/ai-locations\/plaza-vidal-quadres\/#breadcrumb"},"inLanguage":"en-US","potentialAction":[{"@type":"ReadAction","target":["https:\/\/spainfilmcommission.com\/en\/ai-locations\/plaza-vidal-quadres\/"]}]},{"@type":"BreadcrumbList","@id":"https:\/\/spainfilmcommission.com\/en\/ai-locations\/plaza-vidal-quadres\/#breadcrumb","itemListElement":[{"@type":"ListItem","position":1,"name":"Portada","item":"https:\/\/spainfilmcommission.com\/en\/"},{"@type":"ListItem","position":2,"name":"Plaza Vidal Quadres"}]},{"@type":"WebSite","@id":"https:\/\/spainfilmcommission.com\/en\/#website","url":"https:\/\/spainfilmcommission.com\/en\/","name":"Spain Film Commission","description":"","publisher":{"@id":"https:\/\/spainfilmcommission.com\/en\/#organization"},"potentialAction":[{"@type":"SearchAction","target":{"@type":"EntryPoint","urlTemplate":"https:\/\/spainfilmcommission.com\/en\/?s={search_term_string}"},"query-input":{"@type":"PropertyValueSpecification","valueRequired":true,"valueName":"search_term_string"}}],"inLanguage":"en-US"},{"@type":"Organization","@id":"https:\/\/spainfilmcommission.com\/en\/#organization","name":"Spain Film Commission","url":"https:\/\/spainfilmcommission.com\/en\/","logo":{"@type":"ImageObject","inLanguage":"en-US","@id":"https:\/\/spainfilmcommission.com\/en\/#\/schema\/logo\/image\/","url":"https:\/\/spainfilmcommission.com\/wp-content\/uploads\/2024\/07\/SPC_COLOR.png","contentUrl":"https:\/\/spainfilmcommission.com\/wp-content\/uploads\/2024\/07\/SPC_COLOR.png","width":1665,"height":1665,"caption":"Spain Film Commission"},"image":{"@id":"https:\/\/spainfilmcommission.com\/en\/#\/schema\/logo\/image\/"}}]}},"socio":[{"ID":"41","user_login":"sitges-film-office","user_nicename":"sitges-film-office","display_name":"sitges-film-office","user_pass":"****************","user_email":"filmoffice@sitges.cat","user_url":"","user_registered":"2024-12-19 17:38:57","id":41}],"nombrees":"Plaza Vidal Quadres","nombreen":"Vidal Quadres Square","localidad":"Sitges","provincia":"Barcelona","coordenadas_maps":"41.23545973928646, 1.8129559817211096","latitud":"41.235459739287","longitud":"1.812955981721","direcciones":"","direccionen":"","cod_postal":[],"telefono":"","fax":"","mail":"","web":"","descripciones":"Al final de la calle Fonollar en Sitges se abre el Baluarte Vidal-Quadras, construido a las expensas de los Vidal Quadras en beneficio de la ciudad, y desde donde se puede disfrutar de una vista fant\u00e1stica sobre la playa de San Sebasti\u00e1n. En la plaza del Baluarte se encuentra la escultura \u201cPostal de Sitges\u201d de Joan Iriarte.","descripcionen":"At the end of Fonollar street in Sitges is the Vidal-Quadras Baluarte, built at the expense of the Vidal Quadras for the benefit of the city, and from where you can enjoy a fantastic view over San Sebasti\u00e1n beach. In the Plaza del Baluarte there is the sculpture \u201cPostal de Sitges\u201d by Joan Iriarte.","galeria":[{"ID":"26809","post_author":"2","post_date":"2025-03-08 12:02:08","post_date_gmt":"2025-03-08 11:02:08","post_content":"","post_title":"foto-1221_9950","post_excerpt":"","post_status":"inherit","comment_status":"closed","ping_status":"closed","post_password":"","post_name":"foto-1221_9950","to_ping":"","pinged":"","post_modified":"2025-04-21 13:44:21","post_modified_gmt":"2025-04-21 11:44:21","post_content_filtered":"","post_parent":"12242","guid":"https:\/\/spainfilmcommission.com\/wp-content\/uploads\/2025\/03\/foto-1221_9950.jpg","menu_order":"0","post_type":"attachment","post_mime_type":"image\/jpeg","comment_count":"0","pod_item_id":"26809"},{"ID":"26811","post_author":"2","post_date":"2025-03-08 12:02:10","post_date_gmt":"2025-03-08 11:02:10","post_content":"","post_title":"foto-1221_9951","post_excerpt":"","post_status":"inherit","comment_status":"closed","ping_status":"closed","post_password":"","post_name":"foto-1221_9951","to_ping":"","pinged":"","post_modified":"2025-04-21 13:44:21","post_modified_gmt":"2025-04-21 11:44:21","post_content_filtered":"","post_parent":"12242","guid":"https:\/\/spainfilmcommission.com\/wp-content\/uploads\/2025\/03\/foto-1221_9951.jpeg","menu_order":"0","post_type":"attachment","post_mime_type":"image\/jpeg","comment_count":"0","pod_item_id":"26811"},{"ID":"26813","post_author":"2","post_date":"2025-03-08 12:02:12","post_date_gmt":"2025-03-08 11:02:12","post_content":"","post_title":"foto-1221_9952","post_excerpt":"","post_status":"inherit","comment_status":"closed","ping_status":"closed","post_password":"","post_name":"foto-1221_9952","to_ping":"","pinged":"","post_modified":"2025-04-21 13:44:21","post_modified_gmt":"2025-04-21 11:44:21","post_content_filtered":"","post_parent":"12242","guid":"https:\/\/spainfilmcommission.com\/wp-content\/uploads\/2025\/03\/foto-1221_9952.jpeg","menu_order":"0","post_type":"attachment","post_mime_type":"image\/jpeg","comment_count":"0","pod_item_id":"26813"},{"ID":"26815","post_author":"2","post_date":"2025-03-08 12:02:14","post_date_gmt":"2025-03-08 11:02:14","post_content":"","post_title":"foto-1221_9953","post_excerpt":"","post_status":"inherit","comment_status":"closed","ping_status":"closed","post_password":"","post_name":"foto-1221_9953","to_ping":"","pinged":"","post_modified":"2025-04-21 13:44:21","post_modified_gmt":"2025-04-21 11:44:21","post_content_filtered":"","post_parent":"12242","guid":"https:\/\/spainfilmcommission.com\/wp-content\/uploads\/2025\/03\/foto-1221_9953.jpeg","menu_order":"0","post_type":"attachment","post_mime_type":"image\/jpeg","comment_count":"0","pod_item_id":"26815"},{"ID":"26817","post_author":"2","post_date":"2025-03-08 12:02:16","post_date_gmt":"2025-03-08 11:02:16","post_content":"","post_title":"foto-1221_9954","post_excerpt":"","post_status":"inherit","comment_status":"closed","ping_status":"closed","post_password":"","post_name":"foto-1221_9954","to_ping":"","pinged":"","post_modified":"2025-04-21 13:44:21","post_modified_gmt":"2025-04-21 11:44:21","post_content_filtered":"","post_parent":"12242","guid":"https:\/\/spainfilmcommission.com\/wp-content\/uploads\/2025\/03\/foto-1221_9954.jpeg","menu_order":"0","post_type":"attachment","post_mime_type":"image\/jpeg","comment_count":"0","pod_item_id":"26817"}],"nombrepaginaes":"plaza-vidal-quadres","nombrepaginaen":"vidal-quadres-square","latitud_gps":"","longitud_gps":"","adicionaleses":"Proximidad con Barcelona (36km). Posibilidad de rodar todos los d\u00edas de la semana, de d\u00eda y de noche. Disponibilidad todo el a\u00f1o.","adicionalesen":"Proximity to Barcelona (36km). Possibility of filming every day of the week, day and night. Availability all year.","videoes":"","videoen":"","video2es":"","video2en":"","_links":{"self":[{"href":"https:\/\/spainfilmcommission.com\/en\/wp-json\/wp\/v2\/localizaciones\/localizacion\/12242","targetHints":{"allow":["GET"]}}],"collection":[{"href":"https:\/\/spainfilmcommission.com\/en\/wp-json\/wp\/v2\/localizaciones\/localizacion"}],"about":[{"href":"https:\/\/spainfilmcommission.com\/en\/wp-json\/wp\/v2\/types\/localizacion"}],"author":[{"embeddable":true,"href":"https:\/\/spainfilmcommission.com\/en\/wp-json\/wp\/v2\/users\/2"}],"wp:attachment":[{"href":"https:\/\/spainfilmcommission.com\/en\/wp-json\/wp\/v2\/media?parent=12242"}],"curies":[{"name":"wp","href":"https:\/\/api.w.org\/{rel}","templated":true}]}}

<!-- This site is optimized with the Yoast SEO plugin v28.3 - https://yoast.com/product/yoast-seo-wordpress/ -->
<title>Rodar en Plaza Vidal Quadres - Spain Film Commission</title>
<meta name="description" content="En esta página encontrarás una pequeña descripción, mágenes e información relevante para que te hagas una idea de cómo es rodar en Plaza Vidal Quadres" />
<meta name="robots" content="index, follow, max-snippet:-1, max-image-preview:large, max-video-preview:-1" />
<link rel="canonical" href="https://spainfilmcommission.com/en/ai-locations/plaza-vidal-quadres/" />
<meta property="og:locale" content="en_US" />
<meta property="og:type" content="article" />
<meta property="og:title" content="Rodar en Plaza Vidal Quadres - Spain Film Commission" />
<meta property="og:description" content="En esta página encontrarás una pequeña descripción, mágenes e información relevante para que te hagas una idea de cómo es rodar en Plaza Vidal Quadres" />
<meta property="og:url" content="https://spainfilmcommission.com/en/ai-locations/plaza-vidal-quadres/" />
<meta property="og:site_name" content="Spain Film Commission" />
<meta property="article:modified_time" content="2025-04-21T11:44:21+00:00" />
<meta name="twitter:card" content="summary_large_image" />
<script type="application/ld+json" class="yoast-schema-graph">{"@context":"https:\/\/schema.org","@graph":[{"@type":"WebPage","@id":"https:\/\/spainfilmcommission.com\/en\/ai-locations\/plaza-vidal-quadres\/","url":"https:\/\/spainfilmcommission.com\/en\/ai-locations\/plaza-vidal-quadres\/","name":"Rodar en Plaza Vidal Quadres - Spain Film Commission","isPartOf":{"@id":"https:\/\/spainfilmcommission.com\/en\/#website"},"datePublished":"2025-02-27T18:51:46+00:00","dateModified":"2025-04-21T11:44:21+00:00","description":"En esta página encontrarás una pequeña descripción, mágenes e información relevante para que te hagas una idea de cómo es rodar en Plaza Vidal Quadres","breadcrumb":{"@id":"https:\/\/spainfilmcommission.com\/en\/ai-locations\/plaza-vidal-quadres\/#breadcrumb"},"inLanguage":"en-US","potentialAction":[{"@type":"ReadAction","target":["https:\/\/spainfilmcommission.com\/en\/ai-locations\/plaza-vidal-quadres\/"]}]},{"@type":"BreadcrumbList","@id":"https:\/\/spainfilmcommission.com\/en\/ai-locations\/plaza-vidal-quadres\/#breadcrumb","itemListElement":[{"@type":"ListItem","position":1,"name":"Portada","item":"https:\/\/spainfilmcommission.com\/en\/"},{"@type":"ListItem","position":2,"name":"Plaza Vidal Quadres"}]},{"@type":"WebSite","@id":"https:\/\/spainfilmcommission.com\/en\/#website","url":"https:\/\/spainfilmcommission.com\/en\/","name":"Spain Film Commission","description":"","publisher":{"@id":"https:\/\/spainfilmcommission.com\/en\/#organization"},"potentialAction":[{"@type":"SearchAction","target":{"@type":"EntryPoint","urlTemplate":"https:\/\/spainfilmcommission.com\/en\/?s={search_term_string}"},"query-input":{"@type":"PropertyValueSpecification","valueRequired":true,"valueName":"search_term_string"}}],"inLanguage":"en-US"},{"@type":"Organization","@id":"https:\/\/spainfilmcommission.com\/en\/#organization","name":"Spain Film Commission","url":"https:\/\/spainfilmcommission.com\/en\/","logo":{"@type":"ImageObject","inLanguage":"en-US","@id":"https:\/\/spainfilmcommission.com\/en\/#\/schema\/logo\/image\/","url":"https:\/\/spainfilmcommission.com\/wp-content\/uploads\/2024\/07\/SPC_COLOR.png","contentUrl":"https:\/\/spainfilmcommission.com\/wp-content\/uploads\/2024\/07\/SPC_COLOR.png","width":1665,"height":1665,"caption":"Spain Film Commission"},"image":{"@id":"https:\/\/spainfilmcommission.com\/en\/#\/schema\/logo\/image\/"}}]}</script>
<!-- / Yoast SEO plugin. -->

En esta página encontrarás una pequeña descripción, mágenes e información relevante para que te hagas una idea de cómo es rodar en Plaza Vidal Quadres

Al final de la calle Fonollar en Sitges se abre el Baluarte Vidal-Quadras, construido a las expensas de los Vidal Quadras en beneficio de la ciudad, y desde donde se puede disfrutar de una vista fantástica sobre la playa de San Sebastián. En la plaza del Baluarte se encuentra la escultura “Postal de Sitges” de Joan Iriarte.

At the end of Fonollar street in Sitges is the Vidal-Quadras Baluarte, built at the expense of the Vidal Quadras for the benefit of the city, and from where you can enjoy a fantastic view over San Sebastián beach. In the Plaza del Baluarte there is the sculpture “Postal de Sitges” by Joan Iriarte.

Proximidad con Barcelona (36km). Posibilidad de rodar todos los días de la semana, de día y de noche. Disponibilidad todo el año.
