{"id":12124,"date":"2025-02-27T19:51:46","date_gmt":"2025-02-27T18:51:46","guid":{"rendered":"https:\/\/spainfilmcommission.com\/?post_type=localizacion&#038;p=12124"},"modified":"2025-04-21T20:29:54","modified_gmt":"2025-04-21T18:29:54","slug":"centro-sociocultural-gilitos","status":"publish","type":"localizacion","link":"https:\/\/spainfilmcommission.com\/en\/ai-locations\/centro-sociocultural-gilitos\/","title":{"rendered":"Centro sociocultural Gilitos"},"content":{"rendered":"","protected":false},"author":2,"template":"","meta":[],"class_list":["post-12124","localizacion","type-localizacion","status-publish","hentry"],"yoast_head":"<!-- This site is optimized with the Yoast SEO plugin v28.3 - https:\/\/yoast.com\/product\/yoast-seo-wordpress\/ -->\n<title>Rodar en Centro sociocultural Gilitos - Spain Film Commission<\/title>\n<meta name=\"description\" content=\"En esta p\u00e1gina encontrar\u00e1s una peque\u00f1a descripci\u00f3n, m\u00e1genes e informaci\u00f3n relevante para que te hagas una idea de c\u00f3mo es rodar en Centro sociocultural Gilitos\" \/>\n<meta name=\"robots\" content=\"index, follow, max-snippet:-1, max-image-preview:large, max-video-preview:-1\" \/>\n<link rel=\"canonical\" href=\"https:\/\/spainfilmcommission.com\/en\/ai-locations\/centro-sociocultural-gilitos\/\" \/>\n<meta property=\"og:locale\" content=\"en_US\" \/>\n<meta property=\"og:type\" content=\"article\" \/>\n<meta property=\"og:title\" content=\"Rodar en Centro sociocultural Gilitos - Spain Film Commission\" \/>\n<meta property=\"og:description\" content=\"En esta p\u00e1gina encontrar\u00e1s una peque\u00f1a descripci\u00f3n, m\u00e1genes e informaci\u00f3n relevante para que te hagas una idea de c\u00f3mo es rodar en Centro sociocultural Gilitos\" \/>\n<meta property=\"og:url\" content=\"https:\/\/spainfilmcommission.com\/en\/ai-locations\/centro-sociocultural-gilitos\/\" \/>\n<meta property=\"og:site_name\" content=\"Spain Film Commission\" \/>\n<meta property=\"article:modified_time\" content=\"2025-04-21T18:29:54+00:00\" \/>\n<meta name=\"twitter:card\" content=\"summary_large_image\" \/>\n<script type=\"application\/ld+json\" class=\"yoast-schema-graph\">{\"@context\":\"https:\\\/\\\/schema.org\",\"@graph\":[{\"@type\":\"WebPage\",\"@id\":\"https:\\\/\\\/spainfilmcommission.com\\\/en\\\/ai-locations\\\/centro-sociocultural-gilitos\\\/\",\"url\":\"https:\\\/\\\/spainfilmcommission.com\\\/en\\\/ai-locations\\\/centro-sociocultural-gilitos\\\/\",\"name\":\"Rodar en Centro sociocultural Gilitos - Spain Film Commission\",\"isPartOf\":{\"@id\":\"https:\\\/\\\/spainfilmcommission.com\\\/en\\\/#website\"},\"datePublished\":\"2025-02-27T18:51:46+00:00\",\"dateModified\":\"2025-04-21T18:29:54+00:00\",\"description\":\"En esta p\u00e1gina encontrar\u00e1s una peque\u00f1a descripci\u00f3n, m\u00e1genes e informaci\u00f3n relevante para que te hagas una idea de c\u00f3mo es rodar en Centro sociocultural Gilitos\",\"breadcrumb\":{\"@id\":\"https:\\\/\\\/spainfilmcommission.com\\\/en\\\/ai-locations\\\/centro-sociocultural-gilitos\\\/#breadcrumb\"},\"inLanguage\":\"en-US\",\"potentialAction\":[{\"@type\":\"ReadAction\",\"target\":[\"https:\\\/\\\/spainfilmcommission.com\\\/en\\\/ai-locations\\\/centro-sociocultural-gilitos\\\/\"]}]},{\"@type\":\"BreadcrumbList\",\"@id\":\"https:\\\/\\\/spainfilmcommission.com\\\/en\\\/ai-locations\\\/centro-sociocultural-gilitos\\\/#breadcrumb\",\"itemListElement\":[{\"@type\":\"ListItem\",\"position\":1,\"name\":\"Portada\",\"item\":\"https:\\\/\\\/spainfilmcommission.com\\\/en\\\/\"},{\"@type\":\"ListItem\",\"position\":2,\"name\":\"Centro sociocultural Gilitos\"}]},{\"@type\":\"WebSite\",\"@id\":\"https:\\\/\\\/spainfilmcommission.com\\\/en\\\/#website\",\"url\":\"https:\\\/\\\/spainfilmcommission.com\\\/en\\\/\",\"name\":\"Spain Film Commission\",\"description\":\"\",\"publisher\":{\"@id\":\"https:\\\/\\\/spainfilmcommission.com\\\/en\\\/#organization\"},\"potentialAction\":[{\"@type\":\"SearchAction\",\"target\":{\"@type\":\"EntryPoint\",\"urlTemplate\":\"https:\\\/\\\/spainfilmcommission.com\\\/en\\\/?s={search_term_string}\"},\"query-input\":{\"@type\":\"PropertyValueSpecification\",\"valueRequired\":true,\"valueName\":\"search_term_string\"}}],\"inLanguage\":\"en-US\"},{\"@type\":\"Organization\",\"@id\":\"https:\\\/\\\/spainfilmcommission.com\\\/en\\\/#organization\",\"name\":\"Spain Film Commission\",\"url\":\"https:\\\/\\\/spainfilmcommission.com\\\/en\\\/\",\"logo\":{\"@type\":\"ImageObject\",\"inLanguage\":\"en-US\",\"@id\":\"https:\\\/\\\/spainfilmcommission.com\\\/en\\\/#\\\/schema\\\/logo\\\/image\\\/\",\"url\":\"https:\\\/\\\/spainfilmcommission.com\\\/wp-content\\\/uploads\\\/2024\\\/07\\\/SPC_COLOR.png\",\"contentUrl\":\"https:\\\/\\\/spainfilmcommission.com\\\/wp-content\\\/uploads\\\/2024\\\/07\\\/SPC_COLOR.png\",\"width\":1665,\"height\":1665,\"caption\":\"Spain Film Commission\"},\"image\":{\"@id\":\"https:\\\/\\\/spainfilmcommission.com\\\/en\\\/#\\\/schema\\\/logo\\\/image\\\/\"}}]}<\/script>\n<!-- \/ Yoast SEO plugin. -->","yoast_head_json":{"title":"Rodar en Centro sociocultural Gilitos - Spain Film Commission","description":"En esta p\u00e1gina encontrar\u00e1s una peque\u00f1a descripci\u00f3n, m\u00e1genes e informaci\u00f3n relevante para que te hagas una idea de c\u00f3mo es rodar en Centro sociocultural Gilitos","robots":{"index":"index","follow":"follow","max-snippet":"max-snippet:-1","max-image-preview":"max-image-preview:large","max-video-preview":"max-video-preview:-1"},"canonical":"https:\/\/spainfilmcommission.com\/en\/ai-locations\/centro-sociocultural-gilitos\/","og_locale":"en_US","og_type":"article","og_title":"Rodar en Centro sociocultural Gilitos - Spain Film Commission","og_description":"En esta p\u00e1gina encontrar\u00e1s una peque\u00f1a descripci\u00f3n, m\u00e1genes e informaci\u00f3n relevante para que te hagas una idea de c\u00f3mo es rodar en Centro sociocultural Gilitos","og_url":"https:\/\/spainfilmcommission.com\/en\/ai-locations\/centro-sociocultural-gilitos\/","og_site_name":"Spain Film Commission","article_modified_time":"2025-04-21T18:29:54+00:00","twitter_card":"summary_large_image","schema":{"@context":"https:\/\/schema.org","@graph":[{"@type":"WebPage","@id":"https:\/\/spainfilmcommission.com\/en\/ai-locations\/centro-sociocultural-gilitos\/","url":"https:\/\/spainfilmcommission.com\/en\/ai-locations\/centro-sociocultural-gilitos\/","name":"Rodar en Centro sociocultural Gilitos - Spain Film Commission","isPartOf":{"@id":"https:\/\/spainfilmcommission.com\/en\/#website"},"datePublished":"2025-02-27T18:51:46+00:00","dateModified":"2025-04-21T18:29:54+00:00","description":"En esta p\u00e1gina encontrar\u00e1s una peque\u00f1a descripci\u00f3n, m\u00e1genes e informaci\u00f3n relevante para que te hagas una idea de c\u00f3mo es rodar en Centro sociocultural Gilitos","breadcrumb":{"@id":"https:\/\/spainfilmcommission.com\/en\/ai-locations\/centro-sociocultural-gilitos\/#breadcrumb"},"inLanguage":"en-US","potentialAction":[{"@type":"ReadAction","target":["https:\/\/spainfilmcommission.com\/en\/ai-locations\/centro-sociocultural-gilitos\/"]}]},{"@type":"BreadcrumbList","@id":"https:\/\/spainfilmcommission.com\/en\/ai-locations\/centro-sociocultural-gilitos\/#breadcrumb","itemListElement":[{"@type":"ListItem","position":1,"name":"Portada","item":"https:\/\/spainfilmcommission.com\/en\/"},{"@type":"ListItem","position":2,"name":"Centro sociocultural Gilitos"}]},{"@type":"WebSite","@id":"https:\/\/spainfilmcommission.com\/en\/#website","url":"https:\/\/spainfilmcommission.com\/en\/","name":"Spain Film Commission","description":"","publisher":{"@id":"https:\/\/spainfilmcommission.com\/en\/#organization"},"potentialAction":[{"@type":"SearchAction","target":{"@type":"EntryPoint","urlTemplate":"https:\/\/spainfilmcommission.com\/en\/?s={search_term_string}"},"query-input":{"@type":"PropertyValueSpecification","valueRequired":true,"valueName":"search_term_string"}}],"inLanguage":"en-US"},{"@type":"Organization","@id":"https:\/\/spainfilmcommission.com\/en\/#organization","name":"Spain Film Commission","url":"https:\/\/spainfilmcommission.com\/en\/","logo":{"@type":"ImageObject","inLanguage":"en-US","@id":"https:\/\/spainfilmcommission.com\/en\/#\/schema\/logo\/image\/","url":"https:\/\/spainfilmcommission.com\/wp-content\/uploads\/2024\/07\/SPC_COLOR.png","contentUrl":"https:\/\/spainfilmcommission.com\/wp-content\/uploads\/2024\/07\/SPC_COLOR.png","width":1665,"height":1665,"caption":"Spain Film Commission"},"image":{"@id":"https:\/\/spainfilmcommission.com\/en\/#\/schema\/logo\/image\/"}}]}},"socio":[{"ID":"23","user_login":"film-madrid","user_nicename":"film-madrid","display_name":"film-madrid","user_pass":"****************","user_email":"filmmadrid@madrid.org","user_url":"","user_registered":"2024-12-19 15:35:18","id":23}],"nombrees":"Centro sociocultural Gilitos","nombreen":"Gilitos Cultural Center","localidad":"Alcal\u00e1 de Henares","provincia":"Madrid","coordenadas_maps":"40.492424094397556, -3.366729232661839","latitud":"40.492424094398","longitud":"-3.366729232662","direcciones":"","direccionen":"","cod_postal":[],"telefono":"","fax":"","mail":"","web":"","descripciones":"Lo que hoy se conoce como Centro Sociocultural Gilitos, fue en origen un convento construido en una zona alta que dominaba el llano de las terrazas del r\u00edo Henares. Al comienzo de los a\u00f1os 80 del pasado siglo XX, el exconvento se encontraba en estado de abandono, momento en el que pas\u00f3 a ser propiedad municipal e incluido en el Cat\u00e1logo de bienes protegidos. Durante los a\u00f1os 90 se llev\u00f3 a cabo la rehabilitaci\u00f3n del antiguo convento a\u00f1adiendo un edificio de nueva planta al Este, unido con una pasarela acristalada al primero, para desarrollar un programa funcional como centro cultural con actividades variadas: grupos de teatro, musicales, sala de exposiciones, sala de lectura y talleres de formaci\u00f3n en cer\u00e1mica, encuadernaci\u00f3n y restauraci\u00f3n de pintura y escultura antigua. El conjunto cuenta con una biblioteca y distintos espacios formativos de aulas, ensayos o exposiciones. El edificio conventual data del a\u00f1o 1625, es de dos plantas y rodea el claustro porticado. La iglesia de nave tiene planta de sal\u00f3n cubierta por b\u00f3veda de ca\u00f1\u00f3n.","descripcionen":"What is now known as the Gilitos Social and Cultural Centre was originally a convent built on a high area overlooking the plain of the terraces of the Henares River. At the beginning of the 1980s, the ex-convent was in a state of abandonment, at which point it became municipal property and was included in the Catalogue of Protected Assets. During the 1990s, the former convent was renovated by adding a new building to the east, connected by a glass walkway to the first, to develop a functional programme as a cultural centre with a variety of activities: theatre and music groups, an exhibition hall, a reading room and training workshops in ceramics, bookbinding and the restoration of old paintings and sculptures. The complex has a library and different training spaces for classrooms, rehearsals and exhibitions. The convent building dates from 1625, has two floors and surrounds the porticoed cloister. The nave church has a hall plan covered by a barrel vault.","galeria":[{"ID":"25563","post_author":"2","post_date":"2025-03-08 04:19:00","post_date_gmt":"2025-03-08 03:19:00","post_content":"","post_title":"foto-1100_9287","post_excerpt":"","post_status":"inherit","comment_status":"closed","ping_status":"closed","post_password":"","post_name":"foto-1100_9287","to_ping":"","pinged":"","post_modified":"2025-04-21 20:29:54","post_modified_gmt":"2025-04-21 18:29:54","post_content_filtered":"","post_parent":"12124","guid":"https:\/\/spainfilmcommission.com\/wp-content\/uploads\/2025\/03\/foto-1100_9287.jpg","menu_order":"0","post_type":"attachment","post_mime_type":"image\/jpeg","comment_count":"0","pod_item_id":"25563"}],"nombrepaginaes":"centro-sociocultural-gilitos","nombrepaginaen":"gilitos-cultural-center","latitud_gps":"40\u00b029'32.8","longitud_gps":"3\u00b022'00.2","adicionaleses":"","adicionalesen":"","videoes":"","videoen":"","video2es":"","video2en":"","_links":{"self":[{"href":"https:\/\/spainfilmcommission.com\/en\/wp-json\/wp\/v2\/localizaciones\/localizacion\/12124","targetHints":{"allow":["GET"]}}],"collection":[{"href":"https:\/\/spainfilmcommission.com\/en\/wp-json\/wp\/v2\/localizaciones\/localizacion"}],"about":[{"href":"https:\/\/spainfilmcommission.com\/en\/wp-json\/wp\/v2\/types\/localizacion"}],"author":[{"embeddable":true,"href":"https:\/\/spainfilmcommission.com\/en\/wp-json\/wp\/v2\/users\/2"}],"wp:attachment":[{"href":"https:\/\/spainfilmcommission.com\/en\/wp-json\/wp\/v2\/media?parent=12124"}],"curies":[{"name":"wp","href":"https:\/\/api.w.org\/{rel}","templated":true}]}}

<!-- This site is optimized with the Yoast SEO plugin v28.3 - https://yoast.com/product/yoast-seo-wordpress/ -->
<title>Rodar en Centro sociocultural Gilitos - Spain Film Commission</title>
<meta name="description" content="En esta página encontrarás una pequeña descripción, mágenes e información relevante para que te hagas una idea de cómo es rodar en Centro sociocultural Gilitos" />
<meta name="robots" content="index, follow, max-snippet:-1, max-image-preview:large, max-video-preview:-1" />
<link rel="canonical" href="https://spainfilmcommission.com/en/ai-locations/centro-sociocultural-gilitos/" />
<meta property="og:locale" content="en_US" />
<meta property="og:type" content="article" />
<meta property="og:title" content="Rodar en Centro sociocultural Gilitos - Spain Film Commission" />
<meta property="og:description" content="En esta página encontrarás una pequeña descripción, mágenes e información relevante para que te hagas una idea de cómo es rodar en Centro sociocultural Gilitos" />
<meta property="og:url" content="https://spainfilmcommission.com/en/ai-locations/centro-sociocultural-gilitos/" />
<meta property="og:site_name" content="Spain Film Commission" />
<meta property="article:modified_time" content="2025-04-21T18:29:54+00:00" />
<meta name="twitter:card" content="summary_large_image" />
<script type="application/ld+json" class="yoast-schema-graph">{"@context":"https:\/\/schema.org","@graph":[{"@type":"WebPage","@id":"https:\/\/spainfilmcommission.com\/en\/ai-locations\/centro-sociocultural-gilitos\/","url":"https:\/\/spainfilmcommission.com\/en\/ai-locations\/centro-sociocultural-gilitos\/","name":"Rodar en Centro sociocultural Gilitos - Spain Film Commission","isPartOf":{"@id":"https:\/\/spainfilmcommission.com\/en\/#website"},"datePublished":"2025-02-27T18:51:46+00:00","dateModified":"2025-04-21T18:29:54+00:00","description":"En esta página encontrarás una pequeña descripción, mágenes e información relevante para que te hagas una idea de cómo es rodar en Centro sociocultural Gilitos","breadcrumb":{"@id":"https:\/\/spainfilmcommission.com\/en\/ai-locations\/centro-sociocultural-gilitos\/#breadcrumb"},"inLanguage":"en-US","potentialAction":[{"@type":"ReadAction","target":["https:\/\/spainfilmcommission.com\/en\/ai-locations\/centro-sociocultural-gilitos\/"]}]},{"@type":"BreadcrumbList","@id":"https:\/\/spainfilmcommission.com\/en\/ai-locations\/centro-sociocultural-gilitos\/#breadcrumb","itemListElement":[{"@type":"ListItem","position":1,"name":"Portada","item":"https:\/\/spainfilmcommission.com\/en\/"},{"@type":"ListItem","position":2,"name":"Centro sociocultural Gilitos"}]},{"@type":"WebSite","@id":"https:\/\/spainfilmcommission.com\/en\/#website","url":"https:\/\/spainfilmcommission.com\/en\/","name":"Spain Film Commission","description":"","publisher":{"@id":"https:\/\/spainfilmcommission.com\/en\/#organization"},"potentialAction":[{"@type":"SearchAction","target":{"@type":"EntryPoint","urlTemplate":"https:\/\/spainfilmcommission.com\/en\/?s={search_term_string}"},"query-input":{"@type":"PropertyValueSpecification","valueRequired":true,"valueName":"search_term_string"}}],"inLanguage":"en-US"},{"@type":"Organization","@id":"https:\/\/spainfilmcommission.com\/en\/#organization","name":"Spain Film Commission","url":"https:\/\/spainfilmcommission.com\/en\/","logo":{"@type":"ImageObject","inLanguage":"en-US","@id":"https:\/\/spainfilmcommission.com\/en\/#\/schema\/logo\/image\/","url":"https:\/\/spainfilmcommission.com\/wp-content\/uploads\/2024\/07\/SPC_COLOR.png","contentUrl":"https:\/\/spainfilmcommission.com\/wp-content\/uploads\/2024\/07\/SPC_COLOR.png","width":1665,"height":1665,"caption":"Spain Film Commission"},"image":{"@id":"https:\/\/spainfilmcommission.com\/en\/#\/schema\/logo\/image\/"}}]}</script>
<!-- / Yoast SEO plugin. -->

En esta página encontrarás una pequeña descripción, mágenes e información relevante para que te hagas una idea de cómo es rodar en Centro sociocultural Gilitos

Alcalá de Henares

Lo que hoy se conoce como Centro Sociocultural Gilitos, fue en origen un convento construido en una zona alta que dominaba el llano de las terrazas del río Henares. Al comienzo de los años 80 del pasado siglo XX, el exconvento se encontraba en estado de abandono, momento en el que pasó a ser propiedad municipal e incluido en el Catálogo de bienes protegidos. Durante los años 90 se llevó a cabo la rehabilitación del antiguo convento añadiendo un edificio de nueva planta al Este, unido con una pasarela acristalada al primero, para desarrollar un programa funcional como centro cultural con actividades variadas: grupos de teatro, musicales, sala de exposiciones, sala de lectura y talleres de formación en cerámica, encuadernación y restauración de pintura y escultura antigua. El conjunto cuenta con una biblioteca y distintos espacios formativos de aulas, ensayos o exposiciones. El edificio conventual data del año 1625, es de dos plantas y rodea el claustro porticado. La iglesia de nave tiene planta de salón cubierta por bóveda de cañón.
