{"id":11883,"date":"2025-02-27T19:47:41","date_gmt":"2025-02-27T18:47:41","guid":{"rendered":"https:\/\/spainfilmcommission.com\/?post_type=localizacion&#038;p=11883"},"modified":"2025-04-21T18:47:09","modified_gmt":"2025-04-21T16:47:09","slug":"carcel-vieja-archivo-historico-provincial","status":"publish","type":"localizacion","link":"https:\/\/spainfilmcommission.com\/en\/ai-locations\/carcel-vieja-archivo-historico-provincial\/","title":{"rendered":"C\u00e1rcel Vieja &#8211; Archivo Hist\u00f3rico Provincial"},"content":{"rendered":"","protected":false},"author":2,"template":"","meta":[],"class_list":["post-11883","localizacion","type-localizacion","status-publish","hentry"],"yoast_head":"<!-- This site is optimized with the Yoast SEO plugin v28.3 - https:\/\/yoast.com\/product\/yoast-seo-wordpress\/ -->\n<title>Rodar en C\u00e1rcel Vieja - Archivo Hist\u00f3rico Provincial - Spain Film Commission<\/title>\n<meta name=\"description\" content=\"En esta p\u00e1gina encontrar\u00e1s una peque\u00f1a descripci\u00f3n, m\u00e1genes e informaci\u00f3n relevante para que te hagas una idea de c\u00f3mo es rodar en C\u00e1rcel Vieja - Archivo Hist\u00f3rico Provincial\" \/>\n<meta name=\"robots\" content=\"index, follow, max-snippet:-1, max-image-preview:large, max-video-preview:-1\" \/>\n<link rel=\"canonical\" href=\"https:\/\/spainfilmcommission.com\/en\/ai-locations\/carcel-vieja-archivo-historico-provincial\/\" \/>\n<meta property=\"og:locale\" content=\"en_US\" \/>\n<meta property=\"og:type\" content=\"article\" \/>\n<meta property=\"og:title\" content=\"Rodar en C\u00e1rcel Vieja - Archivo Hist\u00f3rico Provincial - Spain Film Commission\" \/>\n<meta property=\"og:description\" content=\"En esta p\u00e1gina encontrar\u00e1s una peque\u00f1a descripci\u00f3n, m\u00e1genes e informaci\u00f3n relevante para que te hagas una idea de c\u00f3mo es rodar en C\u00e1rcel Vieja - Archivo Hist\u00f3rico Provincial\" \/>\n<meta property=\"og:url\" content=\"https:\/\/spainfilmcommission.com\/en\/ai-locations\/carcel-vieja-archivo-historico-provincial\/\" \/>\n<meta property=\"og:site_name\" content=\"Spain Film Commission\" \/>\n<meta property=\"article:modified_time\" content=\"2025-04-21T16:47:09+00:00\" \/>\n<meta name=\"twitter:card\" content=\"summary_large_image\" \/>\n<script type=\"application\/ld+json\" class=\"yoast-schema-graph\">{\"@context\":\"https:\\\/\\\/schema.org\",\"@graph\":[{\"@type\":\"WebPage\",\"@id\":\"https:\\\/\\\/spainfilmcommission.com\\\/en\\\/ai-locations\\\/carcel-vieja-archivo-historico-provincial\\\/\",\"url\":\"https:\\\/\\\/spainfilmcommission.com\\\/en\\\/ai-locations\\\/carcel-vieja-archivo-historico-provincial\\\/\",\"name\":\"Rodar en C\u00e1rcel Vieja - Archivo Hist\u00f3rico Provincial - Spain Film Commission\",\"isPartOf\":{\"@id\":\"https:\\\/\\\/spainfilmcommission.com\\\/en\\\/#website\"},\"datePublished\":\"2025-02-27T18:47:41+00:00\",\"dateModified\":\"2025-04-21T16:47:09+00:00\",\"description\":\"En esta p\u00e1gina encontrar\u00e1s una peque\u00f1a descripci\u00f3n, m\u00e1genes e informaci\u00f3n relevante para que te hagas una idea de c\u00f3mo es rodar en C\u00e1rcel Vieja - Archivo Hist\u00f3rico Provincial\",\"breadcrumb\":{\"@id\":\"https:\\\/\\\/spainfilmcommission.com\\\/en\\\/ai-locations\\\/carcel-vieja-archivo-historico-provincial\\\/#breadcrumb\"},\"inLanguage\":\"en-US\",\"potentialAction\":[{\"@type\":\"ReadAction\",\"target\":[\"https:\\\/\\\/spainfilmcommission.com\\\/en\\\/ai-locations\\\/carcel-vieja-archivo-historico-provincial\\\/\"]}]},{\"@type\":\"BreadcrumbList\",\"@id\":\"https:\\\/\\\/spainfilmcommission.com\\\/en\\\/ai-locations\\\/carcel-vieja-archivo-historico-provincial\\\/#breadcrumb\",\"itemListElement\":[{\"@type\":\"ListItem\",\"position\":1,\"name\":\"Portada\",\"item\":\"https:\\\/\\\/spainfilmcommission.com\\\/en\\\/\"},{\"@type\":\"ListItem\",\"position\":2,\"name\":\"C\u00e1rcel Vieja &#8211; Archivo Hist\u00f3rico Provincial\"}]},{\"@type\":\"WebSite\",\"@id\":\"https:\\\/\\\/spainfilmcommission.com\\\/en\\\/#website\",\"url\":\"https:\\\/\\\/spainfilmcommission.com\\\/en\\\/\",\"name\":\"Spain Film Commission\",\"description\":\"\",\"publisher\":{\"@id\":\"https:\\\/\\\/spainfilmcommission.com\\\/en\\\/#organization\"},\"potentialAction\":[{\"@type\":\"SearchAction\",\"target\":{\"@type\":\"EntryPoint\",\"urlTemplate\":\"https:\\\/\\\/spainfilmcommission.com\\\/en\\\/?s={search_term_string}\"},\"query-input\":{\"@type\":\"PropertyValueSpecification\",\"valueRequired\":true,\"valueName\":\"search_term_string\"}}],\"inLanguage\":\"en-US\"},{\"@type\":\"Organization\",\"@id\":\"https:\\\/\\\/spainfilmcommission.com\\\/en\\\/#organization\",\"name\":\"Spain Film Commission\",\"url\":\"https:\\\/\\\/spainfilmcommission.com\\\/en\\\/\",\"logo\":{\"@type\":\"ImageObject\",\"inLanguage\":\"en-US\",\"@id\":\"https:\\\/\\\/spainfilmcommission.com\\\/en\\\/#\\\/schema\\\/logo\\\/image\\\/\",\"url\":\"https:\\\/\\\/spainfilmcommission.com\\\/wp-content\\\/uploads\\\/2024\\\/07\\\/SPC_COLOR.png\",\"contentUrl\":\"https:\\\/\\\/spainfilmcommission.com\\\/wp-content\\\/uploads\\\/2024\\\/07\\\/SPC_COLOR.png\",\"width\":1665,\"height\":1665,\"caption\":\"Spain Film Commission\"},\"image\":{\"@id\":\"https:\\\/\\\/spainfilmcommission.com\\\/en\\\/#\\\/schema\\\/logo\\\/image\\\/\"}}]}<\/script>\n<!-- \/ Yoast SEO plugin. -->","yoast_head_json":{"title":"Rodar en C\u00e1rcel Vieja - Archivo Hist\u00f3rico Provincial - Spain Film Commission","description":"En esta p\u00e1gina encontrar\u00e1s una peque\u00f1a descripci\u00f3n, m\u00e1genes e informaci\u00f3n relevante para que te hagas una idea de c\u00f3mo es rodar en C\u00e1rcel Vieja - Archivo Hist\u00f3rico Provincial","robots":{"index":"index","follow":"follow","max-snippet":"max-snippet:-1","max-image-preview":"max-image-preview:large","max-video-preview":"max-video-preview:-1"},"canonical":"https:\/\/spainfilmcommission.com\/en\/ai-locations\/carcel-vieja-archivo-historico-provincial\/","og_locale":"en_US","og_type":"article","og_title":"Rodar en C\u00e1rcel Vieja - Archivo Hist\u00f3rico Provincial - Spain Film Commission","og_description":"En esta p\u00e1gina encontrar\u00e1s una peque\u00f1a descripci\u00f3n, m\u00e1genes e informaci\u00f3n relevante para que te hagas una idea de c\u00f3mo es rodar en C\u00e1rcel Vieja - Archivo Hist\u00f3rico Provincial","og_url":"https:\/\/spainfilmcommission.com\/en\/ai-locations\/carcel-vieja-archivo-historico-provincial\/","og_site_name":"Spain Film Commission","article_modified_time":"2025-04-21T16:47:09+00:00","twitter_card":"summary_large_image","schema":{"@context":"https:\/\/schema.org","@graph":[{"@type":"WebPage","@id":"https:\/\/spainfilmcommission.com\/en\/ai-locations\/carcel-vieja-archivo-historico-provincial\/","url":"https:\/\/spainfilmcommission.com\/en\/ai-locations\/carcel-vieja-archivo-historico-provincial\/","name":"Rodar en C\u00e1rcel Vieja - Archivo Hist\u00f3rico Provincial - Spain Film Commission","isPartOf":{"@id":"https:\/\/spainfilmcommission.com\/en\/#website"},"datePublished":"2025-02-27T18:47:41+00:00","dateModified":"2025-04-21T16:47:09+00:00","description":"En esta p\u00e1gina encontrar\u00e1s una peque\u00f1a descripci\u00f3n, m\u00e1genes e informaci\u00f3n relevante para que te hagas una idea de c\u00f3mo es rodar en C\u00e1rcel Vieja - Archivo Hist\u00f3rico Provincial","breadcrumb":{"@id":"https:\/\/spainfilmcommission.com\/en\/ai-locations\/carcel-vieja-archivo-historico-provincial\/#breadcrumb"},"inLanguage":"en-US","potentialAction":[{"@type":"ReadAction","target":["https:\/\/spainfilmcommission.com\/en\/ai-locations\/carcel-vieja-archivo-historico-provincial\/"]}]},{"@type":"BreadcrumbList","@id":"https:\/\/spainfilmcommission.com\/en\/ai-locations\/carcel-vieja-archivo-historico-provincial\/#breadcrumb","itemListElement":[{"@type":"ListItem","position":1,"name":"Portada","item":"https:\/\/spainfilmcommission.com\/en\/"},{"@type":"ListItem","position":2,"name":"C\u00e1rcel Vieja &#8211; Archivo Hist\u00f3rico Provincial"}]},{"@type":"WebSite","@id":"https:\/\/spainfilmcommission.com\/en\/#website","url":"https:\/\/spainfilmcommission.com\/en\/","name":"Spain Film Commission","description":"","publisher":{"@id":"https:\/\/spainfilmcommission.com\/en\/#organization"},"potentialAction":[{"@type":"SearchAction","target":{"@type":"EntryPoint","urlTemplate":"https:\/\/spainfilmcommission.com\/en\/?s={search_term_string}"},"query-input":{"@type":"PropertyValueSpecification","valueRequired":true,"valueName":"search_term_string"}}],"inLanguage":"en-US"},{"@type":"Organization","@id":"https:\/\/spainfilmcommission.com\/en\/#organization","name":"Spain Film Commission","url":"https:\/\/spainfilmcommission.com\/en\/","logo":{"@type":"ImageObject","inLanguage":"en-US","@id":"https:\/\/spainfilmcommission.com\/en\/#\/schema\/logo\/image\/","url":"https:\/\/spainfilmcommission.com\/wp-content\/uploads\/2024\/07\/SPC_COLOR.png","contentUrl":"https:\/\/spainfilmcommission.com\/wp-content\/uploads\/2024\/07\/SPC_COLOR.png","width":1665,"height":1665,"caption":"Spain Film Commission"},"image":{"@id":"https:\/\/spainfilmcommission.com\/en\/#\/schema\/logo\/image\/"}}]}},"socio":[{"ID":"28","user_login":"castilla-y-leon-film-commission","user_nicename":"castilla-y-leon-film-commission","display_name":"castilla-y-leon-film-commission","user_pass":"****************","user_email":"kristine.guzman@jcyl.es","user_url":"","user_registered":"2024-12-19 15:53:09","id":28}],"nombrees":"C\u00e1rcel Vieja - Archivo Hist\u00f3rico Provincial","nombreen":"Old Prison - Provincial Historical Archive","localidad":"Le\u00f3n","provincia":"Le\u00f3n","coordenadas_maps":"42.602337, -5.570207","latitud":"42.602337000000","longitud":"-5.570207000000","direcciones":"","direccionen":"","cod_postal":[],"telefono":"","fax":"","mail":"","web":"","descripciones":"Es una construcci\u00f3n singular con dos edificios adosados, que mantiene la apariencia de fortaleza y prisi\u00f3n: rejas en las ventanas, patios aislados de la v\u00eda p\u00fablica por murallas de 7 metros de altura y una imponente escalinata de piedra que intenta disimular la pobreza de los materiales empleados en la construcci\u00f3n adosada a la c\u00e1rcel medieval durante el siglo XIX. En la zona Este se encuentra la Torre del Conde. En el siglo XIX se construy\u00f3 un cuerpo cuadrado adosado a la muralla, de tres plantas, rematado con un reloj de Canseco.","descripcionen":"","galeria":[{"ID":"22381","post_author":"2","post_date":"2025-03-08 03:18:39","post_date_gmt":"2025-03-08 02:18:39","post_content":"","post_title":"foto-854_7340","post_excerpt":"","post_status":"inherit","comment_status":"closed","ping_status":"closed","post_password":"","post_name":"foto-854_7340","to_ping":"","pinged":"","post_modified":"2025-04-21 18:47:09","post_modified_gmt":"2025-04-21 16:47:09","post_content_filtered":"","post_parent":"11883","guid":"https:\/\/spainfilmcommission.com\/wp-content\/uploads\/2025\/03\/foto-854_7340.jpg","menu_order":"0","post_type":"attachment","post_mime_type":"image\/jpeg","comment_count":"0","pod_item_id":"22381"},{"ID":"22383","post_author":"2","post_date":"2025-03-08 03:18:41","post_date_gmt":"2025-03-08 02:18:41","post_content":"","post_title":"foto-854_7341","post_excerpt":"","post_status":"inherit","comment_status":"closed","ping_status":"closed","post_password":"","post_name":"foto-854_7341","to_ping":"","pinged":"","post_modified":"2025-04-21 18:47:09","post_modified_gmt":"2025-04-21 16:47:09","post_content_filtered":"","post_parent":"11883","guid":"https:\/\/spainfilmcommission.com\/wp-content\/uploads\/2025\/03\/foto-854_7341.jpg","menu_order":"0","post_type":"attachment","post_mime_type":"image\/jpeg","comment_count":"0","pod_item_id":"22383"}],"nombrepaginaes":"carcel-vieja-archivo-historico-provincial","nombrepaginaen":"old-prison-provincial-historical-archive","latitud_gps":"42\u00ba36'08.4","longitud_gps":"5\u00ba34'12.8","adicionaleses":"","adicionalesen":"","videoes":"","videoen":"","video2es":"","video2en":"","_links":{"self":[{"href":"https:\/\/spainfilmcommission.com\/en\/wp-json\/wp\/v2\/localizaciones\/localizacion\/11883","targetHints":{"allow":["GET"]}}],"collection":[{"href":"https:\/\/spainfilmcommission.com\/en\/wp-json\/wp\/v2\/localizaciones\/localizacion"}],"about":[{"href":"https:\/\/spainfilmcommission.com\/en\/wp-json\/wp\/v2\/types\/localizacion"}],"author":[{"embeddable":true,"href":"https:\/\/spainfilmcommission.com\/en\/wp-json\/wp\/v2\/users\/2"}],"wp:attachment":[{"href":"https:\/\/spainfilmcommission.com\/en\/wp-json\/wp\/v2\/media?parent=11883"}],"curies":[{"name":"wp","href":"https:\/\/api.w.org\/{rel}","templated":true}]}}

Cárcel Vieja &#8211; Archivo Histórico Provincial

<!-- This site is optimized with the Yoast SEO plugin v28.3 - https://yoast.com/product/yoast-seo-wordpress/ -->
<title>Rodar en Cárcel Vieja - Archivo Histórico Provincial - Spain Film Commission</title>
<meta name="description" content="En esta página encontrarás una pequeña descripción, mágenes e información relevante para que te hagas una idea de cómo es rodar en Cárcel Vieja - Archivo Histórico Provincial" />
<meta name="robots" content="index, follow, max-snippet:-1, max-image-preview:large, max-video-preview:-1" />
<link rel="canonical" href="https://spainfilmcommission.com/en/ai-locations/carcel-vieja-archivo-historico-provincial/" />
<meta property="og:locale" content="en_US" />
<meta property="og:type" content="article" />
<meta property="og:title" content="Rodar en Cárcel Vieja - Archivo Histórico Provincial - Spain Film Commission" />
<meta property="og:description" content="En esta página encontrarás una pequeña descripción, mágenes e información relevante para que te hagas una idea de cómo es rodar en Cárcel Vieja - Archivo Histórico Provincial" />
<meta property="og:url" content="https://spainfilmcommission.com/en/ai-locations/carcel-vieja-archivo-historico-provincial/" />
<meta property="og:site_name" content="Spain Film Commission" />
<meta property="article:modified_time" content="2025-04-21T16:47:09+00:00" />
<meta name="twitter:card" content="summary_large_image" />
<script type="application/ld+json" class="yoast-schema-graph">{"@context":"https:\/\/schema.org","@graph":[{"@type":"WebPage","@id":"https:\/\/spainfilmcommission.com\/en\/ai-locations\/carcel-vieja-archivo-historico-provincial\/","url":"https:\/\/spainfilmcommission.com\/en\/ai-locations\/carcel-vieja-archivo-historico-provincial\/","name":"Rodar en Cárcel Vieja - Archivo Histórico Provincial - Spain Film Commission","isPartOf":{"@id":"https:\/\/spainfilmcommission.com\/en\/#website"},"datePublished":"2025-02-27T18:47:41+00:00","dateModified":"2025-04-21T16:47:09+00:00","description":"En esta página encontrarás una pequeña descripción, mágenes e información relevante para que te hagas una idea de cómo es rodar en Cárcel Vieja - Archivo Histórico Provincial","breadcrumb":{"@id":"https:\/\/spainfilmcommission.com\/en\/ai-locations\/carcel-vieja-archivo-historico-provincial\/#breadcrumb"},"inLanguage":"en-US","potentialAction":[{"@type":"ReadAction","target":["https:\/\/spainfilmcommission.com\/en\/ai-locations\/carcel-vieja-archivo-historico-provincial\/"]}]},{"@type":"BreadcrumbList","@id":"https:\/\/spainfilmcommission.com\/en\/ai-locations\/carcel-vieja-archivo-historico-provincial\/#breadcrumb","itemListElement":[{"@type":"ListItem","position":1,"name":"Portada","item":"https:\/\/spainfilmcommission.com\/en\/"},{"@type":"ListItem","position":2,"name":"Cárcel Vieja &#8211; Archivo Histórico Provincial"}]},{"@type":"WebSite","@id":"https:\/\/spainfilmcommission.com\/en\/#website","url":"https:\/\/spainfilmcommission.com\/en\/","name":"Spain Film Commission","description":"","publisher":{"@id":"https:\/\/spainfilmcommission.com\/en\/#organization"},"potentialAction":[{"@type":"SearchAction","target":{"@type":"EntryPoint","urlTemplate":"https:\/\/spainfilmcommission.com\/en\/?s={search_term_string}"},"query-input":{"@type":"PropertyValueSpecification","valueRequired":true,"valueName":"search_term_string"}}],"inLanguage":"en-US"},{"@type":"Organization","@id":"https:\/\/spainfilmcommission.com\/en\/#organization","name":"Spain Film Commission","url":"https:\/\/spainfilmcommission.com\/en\/","logo":{"@type":"ImageObject","inLanguage":"en-US","@id":"https:\/\/spainfilmcommission.com\/en\/#\/schema\/logo\/image\/","url":"https:\/\/spainfilmcommission.com\/wp-content\/uploads\/2024\/07\/SPC_COLOR.png","contentUrl":"https:\/\/spainfilmcommission.com\/wp-content\/uploads\/2024\/07\/SPC_COLOR.png","width":1665,"height":1665,"caption":"Spain Film Commission"},"image":{"@id":"https:\/\/spainfilmcommission.com\/en\/#\/schema\/logo\/image\/"}}]}</script>
<!-- / Yoast SEO plugin. -->

Rodar en Cárcel Vieja - Archivo Histórico Provincial - Spain Film Commission

En esta página encontrarás una pequeña descripción, mágenes e información relevante para que te hagas una idea de cómo es rodar en Cárcel Vieja - Archivo Histórico Provincial

Cárcel Vieja - Archivo Histórico Provincial

León

Es una construcción singular con dos edificios adosados, que mantiene la apariencia de fortaleza y prisión: rejas en las ventanas, patios aislados de la vía pública por murallas de 7 metros de altura y una imponente escalinata de piedra que intenta disimular la pobreza de los materiales empleados en la construcción adosada a la cárcel medieval durante el siglo XIX. En la zona Este se encuentra la Torre del Conde. En el siglo XIX se construyó un cuerpo cuadrado adosado a la muralla, de tres plantas, rematado con un reloj de Canseco.

42º36'08.4

5º34'12.8
