{"id":11746,"date":"2025-02-27T19:46:30","date_gmt":"2025-02-27T18:46:30","guid":{"rendered":"https:\/\/spainfilmcommission.com\/?post_type=localizacion&#038;p=11746"},"modified":"2025-04-22T08:36:28","modified_gmt":"2025-04-22T06:36:28","slug":"cuevas-del-drach","status":"publish","type":"localizacion","link":"https:\/\/spainfilmcommission.com\/en\/ai-locations\/cuevas-del-drach\/","title":{"rendered":"Cuevas del Drach"},"content":{"rendered":"","protected":false},"author":2,"template":"","meta":[],"class_list":["post-11746","localizacion","type-localizacion","status-publish","hentry"],"yoast_head":"<!-- This site is optimized with the Yoast SEO plugin v28.3 - https:\/\/yoast.com\/product\/yoast-seo-wordpress\/ -->\n<title>Rodar en Cuevas del Drach - Spain Film Commission<\/title>\n<meta name=\"description\" content=\"En esta p\u00e1gina encontrar\u00e1s una peque\u00f1a descripci\u00f3n, m\u00e1genes e informaci\u00f3n relevante para que te hagas una idea de c\u00f3mo es rodar en Cuevas del Drach\" \/>\n<meta name=\"robots\" content=\"index, follow, max-snippet:-1, max-image-preview:large, max-video-preview:-1\" \/>\n<link rel=\"canonical\" href=\"https:\/\/spainfilmcommission.com\/en\/ai-locations\/cuevas-del-drach\/\" \/>\n<meta property=\"og:locale\" content=\"en_US\" \/>\n<meta property=\"og:type\" content=\"article\" \/>\n<meta property=\"og:title\" content=\"Rodar en Cuevas del Drach - Spain Film Commission\" \/>\n<meta property=\"og:description\" content=\"En esta p\u00e1gina encontrar\u00e1s una peque\u00f1a descripci\u00f3n, m\u00e1genes e informaci\u00f3n relevante para que te hagas una idea de c\u00f3mo es rodar en Cuevas del Drach\" \/>\n<meta property=\"og:url\" content=\"https:\/\/spainfilmcommission.com\/en\/ai-locations\/cuevas-del-drach\/\" \/>\n<meta property=\"og:site_name\" content=\"Spain Film Commission\" \/>\n<meta property=\"article:modified_time\" content=\"2025-04-22T06:36:28+00:00\" \/>\n<meta name=\"twitter:card\" content=\"summary_large_image\" \/>\n<script type=\"application\/ld+json\" class=\"yoast-schema-graph\">{\"@context\":\"https:\\\/\\\/schema.org\",\"@graph\":[{\"@type\":\"WebPage\",\"@id\":\"https:\\\/\\\/spainfilmcommission.com\\\/en\\\/ai-locations\\\/cuevas-del-drach\\\/\",\"url\":\"https:\\\/\\\/spainfilmcommission.com\\\/en\\\/ai-locations\\\/cuevas-del-drach\\\/\",\"name\":\"Rodar en Cuevas del Drach - Spain Film Commission\",\"isPartOf\":{\"@id\":\"https:\\\/\\\/spainfilmcommission.com\\\/en\\\/#website\"},\"datePublished\":\"2025-02-27T18:46:30+00:00\",\"dateModified\":\"2025-04-22T06:36:28+00:00\",\"description\":\"En esta p\u00e1gina encontrar\u00e1s una peque\u00f1a descripci\u00f3n, m\u00e1genes e informaci\u00f3n relevante para que te hagas una idea de c\u00f3mo es rodar en Cuevas del Drach\",\"breadcrumb\":{\"@id\":\"https:\\\/\\\/spainfilmcommission.com\\\/en\\\/ai-locations\\\/cuevas-del-drach\\\/#breadcrumb\"},\"inLanguage\":\"en-US\",\"potentialAction\":[{\"@type\":\"ReadAction\",\"target\":[\"https:\\\/\\\/spainfilmcommission.com\\\/en\\\/ai-locations\\\/cuevas-del-drach\\\/\"]}]},{\"@type\":\"BreadcrumbList\",\"@id\":\"https:\\\/\\\/spainfilmcommission.com\\\/en\\\/ai-locations\\\/cuevas-del-drach\\\/#breadcrumb\",\"itemListElement\":[{\"@type\":\"ListItem\",\"position\":1,\"name\":\"Portada\",\"item\":\"https:\\\/\\\/spainfilmcommission.com\\\/en\\\/\"},{\"@type\":\"ListItem\",\"position\":2,\"name\":\"Cuevas del Drach\"}]},{\"@type\":\"WebSite\",\"@id\":\"https:\\\/\\\/spainfilmcommission.com\\\/en\\\/#website\",\"url\":\"https:\\\/\\\/spainfilmcommission.com\\\/en\\\/\",\"name\":\"Spain Film Commission\",\"description\":\"\",\"publisher\":{\"@id\":\"https:\\\/\\\/spainfilmcommission.com\\\/en\\\/#organization\"},\"potentialAction\":[{\"@type\":\"SearchAction\",\"target\":{\"@type\":\"EntryPoint\",\"urlTemplate\":\"https:\\\/\\\/spainfilmcommission.com\\\/en\\\/?s={search_term_string}\"},\"query-input\":{\"@type\":\"PropertyValueSpecification\",\"valueRequired\":true,\"valueName\":\"search_term_string\"}}],\"inLanguage\":\"en-US\"},{\"@type\":\"Organization\",\"@id\":\"https:\\\/\\\/spainfilmcommission.com\\\/en\\\/#organization\",\"name\":\"Spain Film Commission\",\"url\":\"https:\\\/\\\/spainfilmcommission.com\\\/en\\\/\",\"logo\":{\"@type\":\"ImageObject\",\"inLanguage\":\"en-US\",\"@id\":\"https:\\\/\\\/spainfilmcommission.com\\\/en\\\/#\\\/schema\\\/logo\\\/image\\\/\",\"url\":\"https:\\\/\\\/spainfilmcommission.com\\\/wp-content\\\/uploads\\\/2024\\\/07\\\/SPC_COLOR.png\",\"contentUrl\":\"https:\\\/\\\/spainfilmcommission.com\\\/wp-content\\\/uploads\\\/2024\\\/07\\\/SPC_COLOR.png\",\"width\":1665,\"height\":1665,\"caption\":\"Spain Film Commission\"},\"image\":{\"@id\":\"https:\\\/\\\/spainfilmcommission.com\\\/en\\\/#\\\/schema\\\/logo\\\/image\\\/\"}}]}<\/script>\n<!-- \/ Yoast SEO plugin. -->","yoast_head_json":{"title":"Rodar en Cuevas del Drach - Spain Film Commission","description":"En esta p\u00e1gina encontrar\u00e1s una peque\u00f1a descripci\u00f3n, m\u00e1genes e informaci\u00f3n relevante para que te hagas una idea de c\u00f3mo es rodar en Cuevas del Drach","robots":{"index":"index","follow":"follow","max-snippet":"max-snippet:-1","max-image-preview":"max-image-preview:large","max-video-preview":"max-video-preview:-1"},"canonical":"https:\/\/spainfilmcommission.com\/en\/ai-locations\/cuevas-del-drach\/","og_locale":"en_US","og_type":"article","og_title":"Rodar en Cuevas del Drach - Spain Film Commission","og_description":"En esta p\u00e1gina encontrar\u00e1s una peque\u00f1a descripci\u00f3n, m\u00e1genes e informaci\u00f3n relevante para que te hagas una idea de c\u00f3mo es rodar en Cuevas del Drach","og_url":"https:\/\/spainfilmcommission.com\/en\/ai-locations\/cuevas-del-drach\/","og_site_name":"Spain Film Commission","article_modified_time":"2025-04-22T06:36:28+00:00","twitter_card":"summary_large_image","schema":{"@context":"https:\/\/schema.org","@graph":[{"@type":"WebPage","@id":"https:\/\/spainfilmcommission.com\/en\/ai-locations\/cuevas-del-drach\/","url":"https:\/\/spainfilmcommission.com\/en\/ai-locations\/cuevas-del-drach\/","name":"Rodar en Cuevas del Drach - Spain Film Commission","isPartOf":{"@id":"https:\/\/spainfilmcommission.com\/en\/#website"},"datePublished":"2025-02-27T18:46:30+00:00","dateModified":"2025-04-22T06:36:28+00:00","description":"En esta p\u00e1gina encontrar\u00e1s una peque\u00f1a descripci\u00f3n, m\u00e1genes e informaci\u00f3n relevante para que te hagas una idea de c\u00f3mo es rodar en Cuevas del Drach","breadcrumb":{"@id":"https:\/\/spainfilmcommission.com\/en\/ai-locations\/cuevas-del-drach\/#breadcrumb"},"inLanguage":"en-US","potentialAction":[{"@type":"ReadAction","target":["https:\/\/spainfilmcommission.com\/en\/ai-locations\/cuevas-del-drach\/"]}]},{"@type":"BreadcrumbList","@id":"https:\/\/spainfilmcommission.com\/en\/ai-locations\/cuevas-del-drach\/#breadcrumb","itemListElement":[{"@type":"ListItem","position":1,"name":"Portada","item":"https:\/\/spainfilmcommission.com\/en\/"},{"@type":"ListItem","position":2,"name":"Cuevas del Drach"}]},{"@type":"WebSite","@id":"https:\/\/spainfilmcommission.com\/en\/#website","url":"https:\/\/spainfilmcommission.com\/en\/","name":"Spain Film Commission","description":"","publisher":{"@id":"https:\/\/spainfilmcommission.com\/en\/#organization"},"potentialAction":[{"@type":"SearchAction","target":{"@type":"EntryPoint","urlTemplate":"https:\/\/spainfilmcommission.com\/en\/?s={search_term_string}"},"query-input":{"@type":"PropertyValueSpecification","valueRequired":true,"valueName":"search_term_string"}}],"inLanguage":"en-US"},{"@type":"Organization","@id":"https:\/\/spainfilmcommission.com\/en\/#organization","name":"Spain Film Commission","url":"https:\/\/spainfilmcommission.com\/en\/","logo":{"@type":"ImageObject","inLanguage":"en-US","@id":"https:\/\/spainfilmcommission.com\/en\/#\/schema\/logo\/image\/","url":"https:\/\/spainfilmcommission.com\/wp-content\/uploads\/2024\/07\/SPC_COLOR.png","contentUrl":"https:\/\/spainfilmcommission.com\/wp-content\/uploads\/2024\/07\/SPC_COLOR.png","width":1665,"height":1665,"caption":"Spain Film Commission"},"image":{"@id":"https:\/\/spainfilmcommission.com\/en\/#\/schema\/logo\/image\/"}}]}},"socio":[{"ID":"51","user_login":"mallorca-film-commission","user_nicename":"mallorca-film-commission","display_name":"mallorca-film-commission","user_pass":"****************","user_email":"psegui@conselldemallorca.net","user_url":"","user_registered":"2024-12-19 18:41:58","id":51}],"nombrees":"Cuevas del Drach","nombreen":"Drach Caves","localidad":"PortoCristo (Manacor)","provincia":"Islas Baleares","coordenadas_maps":",","latitud":[],"longitud":[],"direcciones":"","direccionen":"","cod_postal":[],"telefono":"","fax":"","mail":"","web":"http:\/\/www.cuevasdeldrach.com\/","descripciones":"Situadas en la costa oriental de Mallorca, concretamente en el pueblo de Porto Cristo, estas cuevas constituyen uno de los principales atractivos tur\u00edsticos, y son, sin duda alguna, unas de las m\u00e1s destacables de la isla, ya que presentan un desarrollo horizontal cercano a los 1.200 metros de longitud y una profundidad, en su cota m\u00e1xima de 25 m. bajo la superficie. Las cuevas esconden en su interior un gran lago subterr\u00e1neo, el Lago Martel, considerado uno de los mayores lagos subterr\u00e1neos del mundo.","descripcionen":"Located on the east coast of Majorca, specifically in the town of Porto Cristo, these caves are one of the island\u2019s main tourist attractions, and are, without doubt, some of the most remarkable ones on the island, as they have a horizontal extension of about 1,200 metres and a maximum depth of 25 m. below ground level, The caves contain a large underground lake, Lake Martel, 25 m. bajo la superficie. Las cuevas esconden en su interior un gran lago subterr\u00e1neo, el Lago Martel, considered one of the largest underground lakes in the world.","galeria":[{"ID":"19863","post_author":"2","post_date":"2025-03-08 02:32:40","post_date_gmt":"2025-03-08 01:32:40","post_content":"","post_title":"foto-716_6000","post_excerpt":"","post_status":"inherit","comment_status":"closed","ping_status":"closed","post_password":"","post_name":"foto-716_6000","to_ping":"","pinged":"","post_modified":"2025-04-22 08:36:29","post_modified_gmt":"2025-04-22 06:36:29","post_content_filtered":"","post_parent":"11746","guid":"https:\/\/spainfilmcommission.com\/wp-content\/uploads\/2025\/03\/foto-716_6000.jpg","menu_order":"0","post_type":"attachment","post_mime_type":"image\/jpeg","comment_count":"0","pod_item_id":"19863"},{"ID":"19865","post_author":"2","post_date":"2025-03-08 02:32:42","post_date_gmt":"2025-03-08 01:32:42","post_content":"","post_title":"foto-716_6001","post_excerpt":"","post_status":"inherit","comment_status":"closed","ping_status":"closed","post_password":"","post_name":"foto-716_6001","to_ping":"","pinged":"","post_modified":"2025-04-22 08:36:29","post_modified_gmt":"2025-04-22 06:36:29","post_content_filtered":"","post_parent":"11746","guid":"https:\/\/spainfilmcommission.com\/wp-content\/uploads\/2025\/03\/foto-716_6001.jpg","menu_order":"0","post_type":"attachment","post_mime_type":"image\/jpeg","comment_count":"0","pod_item_id":"19865"},{"ID":"19867","post_author":"2","post_date":"2025-03-08 02:32:46","post_date_gmt":"2025-03-08 01:32:46","post_content":"","post_title":"foto-716_6002","post_excerpt":"","post_status":"inherit","comment_status":"closed","ping_status":"closed","post_password":"","post_name":"foto-716_6002","to_ping":"","pinged":"","post_modified":"2025-04-22 08:36:29","post_modified_gmt":"2025-04-22 06:36:29","post_content_filtered":"","post_parent":"11746","guid":"https:\/\/spainfilmcommission.com\/wp-content\/uploads\/2025\/03\/foto-716_6002.jpg","menu_order":"0","post_type":"attachment","post_mime_type":"image\/jpeg","comment_count":"0","pod_item_id":"19867"},{"ID":"19869","post_author":"2","post_date":"2025-03-08 02:32:48","post_date_gmt":"2025-03-08 01:32:48","post_content":"","post_title":"foto-716_6003","post_excerpt":"","post_status":"inherit","comment_status":"closed","ping_status":"closed","post_password":"","post_name":"foto-716_6003","to_ping":"","pinged":"","post_modified":"2025-04-22 08:36:29","post_modified_gmt":"2025-04-22 06:36:29","post_content_filtered":"","post_parent":"11746","guid":"https:\/\/spainfilmcommission.com\/wp-content\/uploads\/2025\/03\/foto-716_6003.jpg","menu_order":"0","post_type":"attachment","post_mime_type":"image\/jpeg","comment_count":"0","pod_item_id":"19869"}],"nombrepaginaes":"cuevas-del-drach","nombrepaginaen":"drach-caves","latitud_gps":"","longitud_gps":"","adicionaleses":"","adicionalesen":"","videoes":"","videoen":"","video2es":"","video2en":"","_links":{"self":[{"href":"https:\/\/spainfilmcommission.com\/en\/wp-json\/wp\/v2\/localizaciones\/localizacion\/11746","targetHints":{"allow":["GET"]}}],"collection":[{"href":"https:\/\/spainfilmcommission.com\/en\/wp-json\/wp\/v2\/localizaciones\/localizacion"}],"about":[{"href":"https:\/\/spainfilmcommission.com\/en\/wp-json\/wp\/v2\/types\/localizacion"}],"author":[{"embeddable":true,"href":"https:\/\/spainfilmcommission.com\/en\/wp-json\/wp\/v2\/users\/2"}],"wp:attachment":[{"href":"https:\/\/spainfilmcommission.com\/en\/wp-json\/wp\/v2\/media?parent=11746"}],"curies":[{"name":"wp","href":"https:\/\/api.w.org\/{rel}","templated":true}]}}

<!-- This site is optimized with the Yoast SEO plugin v28.3 - https://yoast.com/product/yoast-seo-wordpress/ -->
<title>Rodar en Cuevas del Drach - Spain Film Commission</title>
<meta name="description" content="En esta página encontrarás una pequeña descripción, mágenes e información relevante para que te hagas una idea de cómo es rodar en Cuevas del Drach" />
<meta name="robots" content="index, follow, max-snippet:-1, max-image-preview:large, max-video-preview:-1" />
<link rel="canonical" href="https://spainfilmcommission.com/en/ai-locations/cuevas-del-drach/" />
<meta property="og:locale" content="en_US" />
<meta property="og:type" content="article" />
<meta property="og:title" content="Rodar en Cuevas del Drach - Spain Film Commission" />
<meta property="og:description" content="En esta página encontrarás una pequeña descripción, mágenes e información relevante para que te hagas una idea de cómo es rodar en Cuevas del Drach" />
<meta property="og:url" content="https://spainfilmcommission.com/en/ai-locations/cuevas-del-drach/" />
<meta property="og:site_name" content="Spain Film Commission" />
<meta property="article:modified_time" content="2025-04-22T06:36:28+00:00" />
<meta name="twitter:card" content="summary_large_image" />
<script type="application/ld+json" class="yoast-schema-graph">{"@context":"https:\/\/schema.org","@graph":[{"@type":"WebPage","@id":"https:\/\/spainfilmcommission.com\/en\/ai-locations\/cuevas-del-drach\/","url":"https:\/\/spainfilmcommission.com\/en\/ai-locations\/cuevas-del-drach\/","name":"Rodar en Cuevas del Drach - Spain Film Commission","isPartOf":{"@id":"https:\/\/spainfilmcommission.com\/en\/#website"},"datePublished":"2025-02-27T18:46:30+00:00","dateModified":"2025-04-22T06:36:28+00:00","description":"En esta página encontrarás una pequeña descripción, mágenes e información relevante para que te hagas una idea de cómo es rodar en Cuevas del Drach","breadcrumb":{"@id":"https:\/\/spainfilmcommission.com\/en\/ai-locations\/cuevas-del-drach\/#breadcrumb"},"inLanguage":"en-US","potentialAction":[{"@type":"ReadAction","target":["https:\/\/spainfilmcommission.com\/en\/ai-locations\/cuevas-del-drach\/"]}]},{"@type":"BreadcrumbList","@id":"https:\/\/spainfilmcommission.com\/en\/ai-locations\/cuevas-del-drach\/#breadcrumb","itemListElement":[{"@type":"ListItem","position":1,"name":"Portada","item":"https:\/\/spainfilmcommission.com\/en\/"},{"@type":"ListItem","position":2,"name":"Cuevas del Drach"}]},{"@type":"WebSite","@id":"https:\/\/spainfilmcommission.com\/en\/#website","url":"https:\/\/spainfilmcommission.com\/en\/","name":"Spain Film Commission","description":"","publisher":{"@id":"https:\/\/spainfilmcommission.com\/en\/#organization"},"potentialAction":[{"@type":"SearchAction","target":{"@type":"EntryPoint","urlTemplate":"https:\/\/spainfilmcommission.com\/en\/?s={search_term_string}"},"query-input":{"@type":"PropertyValueSpecification","valueRequired":true,"valueName":"search_term_string"}}],"inLanguage":"en-US"},{"@type":"Organization","@id":"https:\/\/spainfilmcommission.com\/en\/#organization","name":"Spain Film Commission","url":"https:\/\/spainfilmcommission.com\/en\/","logo":{"@type":"ImageObject","inLanguage":"en-US","@id":"https:\/\/spainfilmcommission.com\/en\/#\/schema\/logo\/image\/","url":"https:\/\/spainfilmcommission.com\/wp-content\/uploads\/2024\/07\/SPC_COLOR.png","contentUrl":"https:\/\/spainfilmcommission.com\/wp-content\/uploads\/2024\/07\/SPC_COLOR.png","width":1665,"height":1665,"caption":"Spain Film Commission"},"image":{"@id":"https:\/\/spainfilmcommission.com\/en\/#\/schema\/logo\/image\/"}}]}</script>
<!-- / Yoast SEO plugin. -->

En esta página encontrarás una pequeña descripción, mágenes e información relevante para que te hagas una idea de cómo es rodar en Cuevas del Drach

Situadas en la costa oriental de Mallorca, concretamente en el pueblo de Porto Cristo, estas cuevas constituyen uno de los principales atractivos turísticos, y son, sin duda alguna, unas de las más destacables de la isla, ya que presentan un desarrollo horizontal cercano a los 1.200 metros de longitud y una profundidad, en su cota máxima de 25 m. bajo la superficie. Las cuevas esconden en su interior un gran lago subterráneo, el Lago Martel, considerado uno de los mayores lagos subterráneos del mundo.

Located on the east coast of Majorca, specifically in the town of Porto Cristo, these caves are one of the island’s main tourist attractions, and are, without doubt, some of the most remarkable ones on the island, as they have a horizontal extension of about 1,200 metres and a maximum depth of 25 m. below ground level, The caves contain a large underground lake, Lake Martel, 25 m. bajo la superficie. Las cuevas esconden en su interior un gran lago subterráneo, el Lago Martel, considered one of the largest underground lakes in the world.
