{"id":11645,"date":"2025-02-27T19:46:30","date_gmt":"2025-02-27T18:46:30","guid":{"rendered":"https:\/\/spainfilmcommission.com\/?post_type=localizacion&#038;p=11645"},"modified":"2025-04-21T13:21:48","modified_gmt":"2025-04-21T11:21:48","slug":"brana-de-la-pornacal","status":"publish","type":"localizacion","link":"https:\/\/spainfilmcommission.com\/en\/ai-locations\/brana-de-la-pornacal\/","title":{"rendered":"Bra\u00f1a de la Pornacal"},"content":{"rendered":"","protected":false},"author":2,"template":"","meta":[],"class_list":["post-11645","localizacion","type-localizacion","status-publish","hentry"],"yoast_head":"<!-- This site is optimized with the Yoast SEO plugin v28.3 - https:\/\/yoast.com\/product\/yoast-seo-wordpress\/ -->\n<title>Rodar en Bra\u00f1a de la Pornacal - Spain Film Commission<\/title>\n<meta name=\"description\" content=\"En esta p\u00e1gina encontrar\u00e1s una peque\u00f1a descripci\u00f3n, m\u00e1genes e informaci\u00f3n relevante para que te hagas una idea de c\u00f3mo es rodar en Bra\u00f1a de la Pornacal\" \/>\n<meta name=\"robots\" content=\"index, follow, max-snippet:-1, max-image-preview:large, max-video-preview:-1\" \/>\n<link rel=\"canonical\" href=\"https:\/\/spainfilmcommission.com\/en\/ai-locations\/brana-de-la-pornacal\/\" \/>\n<meta property=\"og:locale\" content=\"en_US\" \/>\n<meta property=\"og:type\" content=\"article\" \/>\n<meta property=\"og:title\" content=\"Rodar en Bra\u00f1a de la Pornacal - Spain Film Commission\" \/>\n<meta property=\"og:description\" content=\"En esta p\u00e1gina encontrar\u00e1s una peque\u00f1a descripci\u00f3n, m\u00e1genes e informaci\u00f3n relevante para que te hagas una idea de c\u00f3mo es rodar en Bra\u00f1a de la Pornacal\" \/>\n<meta property=\"og:url\" content=\"https:\/\/spainfilmcommission.com\/en\/ai-locations\/brana-de-la-pornacal\/\" \/>\n<meta property=\"og:site_name\" content=\"Spain Film Commission\" \/>\n<meta property=\"article:modified_time\" content=\"2025-04-21T11:21:48+00:00\" \/>\n<meta name=\"twitter:card\" content=\"summary_large_image\" \/>\n<script type=\"application\/ld+json\" class=\"yoast-schema-graph\">{\"@context\":\"https:\\\/\\\/schema.org\",\"@graph\":[{\"@type\":\"WebPage\",\"@id\":\"https:\\\/\\\/spainfilmcommission.com\\\/en\\\/ai-locations\\\/brana-de-la-pornacal\\\/\",\"url\":\"https:\\\/\\\/spainfilmcommission.com\\\/en\\\/ai-locations\\\/brana-de-la-pornacal\\\/\",\"name\":\"Rodar en Bra\u00f1a de la Pornacal - Spain Film Commission\",\"isPartOf\":{\"@id\":\"https:\\\/\\\/spainfilmcommission.com\\\/en\\\/#website\"},\"datePublished\":\"2025-02-27T18:46:30+00:00\",\"dateModified\":\"2025-04-21T11:21:48+00:00\",\"description\":\"En esta p\u00e1gina encontrar\u00e1s una peque\u00f1a descripci\u00f3n, m\u00e1genes e informaci\u00f3n relevante para que te hagas una idea de c\u00f3mo es rodar en Bra\u00f1a de la Pornacal\",\"breadcrumb\":{\"@id\":\"https:\\\/\\\/spainfilmcommission.com\\\/en\\\/ai-locations\\\/brana-de-la-pornacal\\\/#breadcrumb\"},\"inLanguage\":\"en-US\",\"potentialAction\":[{\"@type\":\"ReadAction\",\"target\":[\"https:\\\/\\\/spainfilmcommission.com\\\/en\\\/ai-locations\\\/brana-de-la-pornacal\\\/\"]}]},{\"@type\":\"BreadcrumbList\",\"@id\":\"https:\\\/\\\/spainfilmcommission.com\\\/en\\\/ai-locations\\\/brana-de-la-pornacal\\\/#breadcrumb\",\"itemListElement\":[{\"@type\":\"ListItem\",\"position\":1,\"name\":\"Portada\",\"item\":\"https:\\\/\\\/spainfilmcommission.com\\\/en\\\/\"},{\"@type\":\"ListItem\",\"position\":2,\"name\":\"Bra\u00f1a de la Pornacal\"}]},{\"@type\":\"WebSite\",\"@id\":\"https:\\\/\\\/spainfilmcommission.com\\\/en\\\/#website\",\"url\":\"https:\\\/\\\/spainfilmcommission.com\\\/en\\\/\",\"name\":\"Spain Film Commission\",\"description\":\"\",\"publisher\":{\"@id\":\"https:\\\/\\\/spainfilmcommission.com\\\/en\\\/#organization\"},\"potentialAction\":[{\"@type\":\"SearchAction\",\"target\":{\"@type\":\"EntryPoint\",\"urlTemplate\":\"https:\\\/\\\/spainfilmcommission.com\\\/en\\\/?s={search_term_string}\"},\"query-input\":{\"@type\":\"PropertyValueSpecification\",\"valueRequired\":true,\"valueName\":\"search_term_string\"}}],\"inLanguage\":\"en-US\"},{\"@type\":\"Organization\",\"@id\":\"https:\\\/\\\/spainfilmcommission.com\\\/en\\\/#organization\",\"name\":\"Spain Film Commission\",\"url\":\"https:\\\/\\\/spainfilmcommission.com\\\/en\\\/\",\"logo\":{\"@type\":\"ImageObject\",\"inLanguage\":\"en-US\",\"@id\":\"https:\\\/\\\/spainfilmcommission.com\\\/en\\\/#\\\/schema\\\/logo\\\/image\\\/\",\"url\":\"https:\\\/\\\/spainfilmcommission.com\\\/wp-content\\\/uploads\\\/2024\\\/07\\\/SPC_COLOR.png\",\"contentUrl\":\"https:\\\/\\\/spainfilmcommission.com\\\/wp-content\\\/uploads\\\/2024\\\/07\\\/SPC_COLOR.png\",\"width\":1665,\"height\":1665,\"caption\":\"Spain Film Commission\"},\"image\":{\"@id\":\"https:\\\/\\\/spainfilmcommission.com\\\/en\\\/#\\\/schema\\\/logo\\\/image\\\/\"}}]}<\/script>\n<!-- \/ Yoast SEO plugin. -->","yoast_head_json":{"title":"Rodar en Bra\u00f1a de la Pornacal - Spain Film Commission","description":"En esta p\u00e1gina encontrar\u00e1s una peque\u00f1a descripci\u00f3n, m\u00e1genes e informaci\u00f3n relevante para que te hagas una idea de c\u00f3mo es rodar en Bra\u00f1a de la Pornacal","robots":{"index":"index","follow":"follow","max-snippet":"max-snippet:-1","max-image-preview":"max-image-preview:large","max-video-preview":"max-video-preview:-1"},"canonical":"https:\/\/spainfilmcommission.com\/en\/ai-locations\/brana-de-la-pornacal\/","og_locale":"en_US","og_type":"article","og_title":"Rodar en Bra\u00f1a de la Pornacal - Spain Film Commission","og_description":"En esta p\u00e1gina encontrar\u00e1s una peque\u00f1a descripci\u00f3n, m\u00e1genes e informaci\u00f3n relevante para que te hagas una idea de c\u00f3mo es rodar en Bra\u00f1a de la Pornacal","og_url":"https:\/\/spainfilmcommission.com\/en\/ai-locations\/brana-de-la-pornacal\/","og_site_name":"Spain Film Commission","article_modified_time":"2025-04-21T11:21:48+00:00","twitter_card":"summary_large_image","schema":{"@context":"https:\/\/schema.org","@graph":[{"@type":"WebPage","@id":"https:\/\/spainfilmcommission.com\/en\/ai-locations\/brana-de-la-pornacal\/","url":"https:\/\/spainfilmcommission.com\/en\/ai-locations\/brana-de-la-pornacal\/","name":"Rodar en Bra\u00f1a de la Pornacal - Spain Film Commission","isPartOf":{"@id":"https:\/\/spainfilmcommission.com\/en\/#website"},"datePublished":"2025-02-27T18:46:30+00:00","dateModified":"2025-04-21T11:21:48+00:00","description":"En esta p\u00e1gina encontrar\u00e1s una peque\u00f1a descripci\u00f3n, m\u00e1genes e informaci\u00f3n relevante para que te hagas una idea de c\u00f3mo es rodar en Bra\u00f1a de la Pornacal","breadcrumb":{"@id":"https:\/\/spainfilmcommission.com\/en\/ai-locations\/brana-de-la-pornacal\/#breadcrumb"},"inLanguage":"en-US","potentialAction":[{"@type":"ReadAction","target":["https:\/\/spainfilmcommission.com\/en\/ai-locations\/brana-de-la-pornacal\/"]}]},{"@type":"BreadcrumbList","@id":"https:\/\/spainfilmcommission.com\/en\/ai-locations\/brana-de-la-pornacal\/#breadcrumb","itemListElement":[{"@type":"ListItem","position":1,"name":"Portada","item":"https:\/\/spainfilmcommission.com\/en\/"},{"@type":"ListItem","position":2,"name":"Bra\u00f1a de la Pornacal"}]},{"@type":"WebSite","@id":"https:\/\/spainfilmcommission.com\/en\/#website","url":"https:\/\/spainfilmcommission.com\/en\/","name":"Spain Film Commission","description":"","publisher":{"@id":"https:\/\/spainfilmcommission.com\/en\/#organization"},"potentialAction":[{"@type":"SearchAction","target":{"@type":"EntryPoint","urlTemplate":"https:\/\/spainfilmcommission.com\/en\/?s={search_term_string}"},"query-input":{"@type":"PropertyValueSpecification","valueRequired":true,"valueName":"search_term_string"}}],"inLanguage":"en-US"},{"@type":"Organization","@id":"https:\/\/spainfilmcommission.com\/en\/#organization","name":"Spain Film Commission","url":"https:\/\/spainfilmcommission.com\/en\/","logo":{"@type":"ImageObject","inLanguage":"en-US","@id":"https:\/\/spainfilmcommission.com\/en\/#\/schema\/logo\/image\/","url":"https:\/\/spainfilmcommission.com\/wp-content\/uploads\/2024\/07\/SPC_COLOR.png","contentUrl":"https:\/\/spainfilmcommission.com\/wp-content\/uploads\/2024\/07\/SPC_COLOR.png","width":1665,"height":1665,"caption":"Spain Film Commission"},"image":{"@id":"https:\/\/spainfilmcommission.com\/en\/#\/schema\/logo\/image\/"}}]}},"socio":[{"ID":"16","user_login":"asturias-paraiso-natural-film-commission","user_nicename":"asturias-paraiso-natural-film-commission","display_name":"asturias-paraiso-natural-film-commission","user_pass":"****************","user_email":"filmcommission@turismoycultura.asturias.es","user_url":"","user_registered":"2024-12-19 13:43:43","id":16}],"nombrees":"Bra\u00f1a de la Pornacal","nombreen":"Bra\u00f1a de la Pornacal","localidad":"Somiedo","provincia":"Asturias","coordenadas_maps":"43.0899971, -6.336300400000027","latitud":"43.089997100000","longitud":"-6.336300400000","direcciones":"","direccionen":"","cod_postal":[],"telefono":"","fax":"","mail":"","web":"http:\/\/www.visitsomiedo.com\/branas-de-somiedo.php","descripciones":"La bra\u00f1a de La Pornacal es la mayor y mejor conservada de las bra\u00f1as de Somiedo, donde perviven las antiguas tradiciones de los vaqueiros de alzada en un marco de incomparable belleza. Formada por 32 teitos o caba\u00f1as, est\u00e1 situada a 1170 m de altitud. Los teitos tienen a\u00f1adido una cuadra de piedra de planta rectangular, cubierta a dos aguas con tejas curvas y muros de piedra vista. Como es caracter\u00edstico, el teito tiene su tejado cubierto de ramas secas de escobas; su interior est\u00e1 dividido entre el habit\u00e1culo para el hombre y los animales, en un peque\u00f1o llar u hogar para el hombre y un establo y tenada para los animales.","descripcionen":"The 'bra\u00f1a de La Pornacal' is the largest and best conserved 'bra\u00f1a' (place where the cattle use to graze in summer) in\u00a0Somiedo, where the ancient traditions of the 'vaqueiros de alzada' survive in a setting of incomparable beauty. Formed by 32 teitos or cabins, it is located at 1170 m altitude. The teitos have a rectangular stone block added, covered by a gabled roof with curved tiles and exposed stone walls. As it is characteristic, the 'teito' has its roof covered with dry branches of brooms; its interior is divided between the cabin for people and animals, in a small 'llar' or home for people and a barn and tented for animals.","galeria":[{"ID":"18045","post_author":"2","post_date":"2025-03-08 00:19:50","post_date_gmt":"2025-03-07 23:19:50","post_content":"","post_title":"foto-612_4892","post_excerpt":"","post_status":"inherit","comment_status":"closed","ping_status":"closed","post_password":"","post_name":"foto-612_4892","to_ping":"","pinged":"","post_modified":"2025-04-21 13:21:48","post_modified_gmt":"2025-04-21 11:21:48","post_content_filtered":"","post_parent":"11645","guid":"https:\/\/spainfilmcommission.com\/wp-content\/uploads\/2025\/03\/foto-612_4892.jpg","menu_order":"0","post_type":"attachment","post_mime_type":"image\/jpeg","comment_count":"0","pod_item_id":"18045"},{"ID":"18047","post_author":"2","post_date":"2025-03-08 00:19:54","post_date_gmt":"2025-03-07 23:19:54","post_content":"","post_title":"foto-612_4893","post_excerpt":"","post_status":"inherit","comment_status":"closed","ping_status":"closed","post_password":"","post_name":"foto-612_4893","to_ping":"","pinged":"","post_modified":"2025-04-21 13:21:48","post_modified_gmt":"2025-04-21 11:21:48","post_content_filtered":"","post_parent":"11645","guid":"https:\/\/spainfilmcommission.com\/wp-content\/uploads\/2025\/03\/foto-612_4893.jpg","menu_order":"0","post_type":"attachment","post_mime_type":"image\/jpeg","comment_count":"0","pod_item_id":"18047"},{"ID":"18049","post_author":"2","post_date":"2025-03-08 00:19:57","post_date_gmt":"2025-03-07 23:19:57","post_content":"","post_title":"foto-612_4894","post_excerpt":"","post_status":"inherit","comment_status":"closed","ping_status":"closed","post_password":"","post_name":"foto-612_4894","to_ping":"","pinged":"","post_modified":"2025-04-21 13:21:48","post_modified_gmt":"2025-04-21 11:21:48","post_content_filtered":"","post_parent":"11645","guid":"https:\/\/spainfilmcommission.com\/wp-content\/uploads\/2025\/03\/foto-612_4894.jpg","menu_order":"0","post_type":"attachment","post_mime_type":"image\/jpeg","comment_count":"0","pod_item_id":"18049"},{"ID":"18051","post_author":"2","post_date":"2025-03-08 00:20:02","post_date_gmt":"2025-03-07 23:20:02","post_content":"","post_title":"foto-612_4895","post_excerpt":"","post_status":"inherit","comment_status":"closed","ping_status":"closed","post_password":"","post_name":"foto-612_4895","to_ping":"","pinged":"","post_modified":"2025-04-21 13:21:48","post_modified_gmt":"2025-04-21 11:21:48","post_content_filtered":"","post_parent":"11645","guid":"https:\/\/spainfilmcommission.com\/wp-content\/uploads\/2025\/03\/foto-612_4895.jpg","menu_order":"0","post_type":"attachment","post_mime_type":"image\/jpeg","comment_count":"0","pod_item_id":"18051"}],"nombrepaginaes":"brana-de-la-pornacal","nombrepaginaen":"brana-de-la-pornacal","latitud_gps":"430.899.971","longitud_gps":"-6.336.300.400.000.020","adicionaleses":"","adicionalesen":"","videoes":"https:\/\/www.youtube.com\/watch?v=vwZulP1NLrs","videoen":"https:\/\/www.youtube.com\/watch?v=vwZulP1NLrs","video2es":"","video2en":"","_links":{"self":[{"href":"https:\/\/spainfilmcommission.com\/en\/wp-json\/wp\/v2\/localizaciones\/localizacion\/11645","targetHints":{"allow":["GET"]}}],"collection":[{"href":"https:\/\/spainfilmcommission.com\/en\/wp-json\/wp\/v2\/localizaciones\/localizacion"}],"about":[{"href":"https:\/\/spainfilmcommission.com\/en\/wp-json\/wp\/v2\/types\/localizacion"}],"author":[{"embeddable":true,"href":"https:\/\/spainfilmcommission.com\/en\/wp-json\/wp\/v2\/users\/2"}],"wp:attachment":[{"href":"https:\/\/spainfilmcommission.com\/en\/wp-json\/wp\/v2\/media?parent=11645"}],"curies":[{"name":"wp","href":"https:\/\/api.w.org\/{rel}","templated":true}]}}

Braña de la Pornacal

<!-- This site is optimized with the Yoast SEO plugin v28.3 - https://yoast.com/product/yoast-seo-wordpress/ -->
<title>Rodar en Braña de la Pornacal - Spain Film Commission</title>
<meta name="description" content="En esta página encontrarás una pequeña descripción, mágenes e información relevante para que te hagas una idea de cómo es rodar en Braña de la Pornacal" />
<meta name="robots" content="index, follow, max-snippet:-1, max-image-preview:large, max-video-preview:-1" />
<link rel="canonical" href="https://spainfilmcommission.com/en/ai-locations/brana-de-la-pornacal/" />
<meta property="og:locale" content="en_US" />
<meta property="og:type" content="article" />
<meta property="og:title" content="Rodar en Braña de la Pornacal - Spain Film Commission" />
<meta property="og:description" content="En esta página encontrarás una pequeña descripción, mágenes e información relevante para que te hagas una idea de cómo es rodar en Braña de la Pornacal" />
<meta property="og:url" content="https://spainfilmcommission.com/en/ai-locations/brana-de-la-pornacal/" />
<meta property="og:site_name" content="Spain Film Commission" />
<meta property="article:modified_time" content="2025-04-21T11:21:48+00:00" />
<meta name="twitter:card" content="summary_large_image" />
<script type="application/ld+json" class="yoast-schema-graph">{"@context":"https:\/\/schema.org","@graph":[{"@type":"WebPage","@id":"https:\/\/spainfilmcommission.com\/en\/ai-locations\/brana-de-la-pornacal\/","url":"https:\/\/spainfilmcommission.com\/en\/ai-locations\/brana-de-la-pornacal\/","name":"Rodar en Braña de la Pornacal - Spain Film Commission","isPartOf":{"@id":"https:\/\/spainfilmcommission.com\/en\/#website"},"datePublished":"2025-02-27T18:46:30+00:00","dateModified":"2025-04-21T11:21:48+00:00","description":"En esta página encontrarás una pequeña descripción, mágenes e información relevante para que te hagas una idea de cómo es rodar en Braña de la Pornacal","breadcrumb":{"@id":"https:\/\/spainfilmcommission.com\/en\/ai-locations\/brana-de-la-pornacal\/#breadcrumb"},"inLanguage":"en-US","potentialAction":[{"@type":"ReadAction","target":["https:\/\/spainfilmcommission.com\/en\/ai-locations\/brana-de-la-pornacal\/"]}]},{"@type":"BreadcrumbList","@id":"https:\/\/spainfilmcommission.com\/en\/ai-locations\/brana-de-la-pornacal\/#breadcrumb","itemListElement":[{"@type":"ListItem","position":1,"name":"Portada","item":"https:\/\/spainfilmcommission.com\/en\/"},{"@type":"ListItem","position":2,"name":"Braña de la Pornacal"}]},{"@type":"WebSite","@id":"https:\/\/spainfilmcommission.com\/en\/#website","url":"https:\/\/spainfilmcommission.com\/en\/","name":"Spain Film Commission","description":"","publisher":{"@id":"https:\/\/spainfilmcommission.com\/en\/#organization"},"potentialAction":[{"@type":"SearchAction","target":{"@type":"EntryPoint","urlTemplate":"https:\/\/spainfilmcommission.com\/en\/?s={search_term_string}"},"query-input":{"@type":"PropertyValueSpecification","valueRequired":true,"valueName":"search_term_string"}}],"inLanguage":"en-US"},{"@type":"Organization","@id":"https:\/\/spainfilmcommission.com\/en\/#organization","name":"Spain Film Commission","url":"https:\/\/spainfilmcommission.com\/en\/","logo":{"@type":"ImageObject","inLanguage":"en-US","@id":"https:\/\/spainfilmcommission.com\/en\/#\/schema\/logo\/image\/","url":"https:\/\/spainfilmcommission.com\/wp-content\/uploads\/2024\/07\/SPC_COLOR.png","contentUrl":"https:\/\/spainfilmcommission.com\/wp-content\/uploads\/2024\/07\/SPC_COLOR.png","width":1665,"height":1665,"caption":"Spain Film Commission"},"image":{"@id":"https:\/\/spainfilmcommission.com\/en\/#\/schema\/logo\/image\/"}}]}</script>
<!-- / Yoast SEO plugin. -->

Rodar en Braña de la Pornacal - Spain Film Commission

En esta página encontrarás una pequeña descripción, mágenes e información relevante para que te hagas una idea de cómo es rodar en Braña de la Pornacal

La braña de La Pornacal es la mayor y mejor conservada de las brañas de Somiedo, donde perviven las antiguas tradiciones de los vaqueiros de alzada en un marco de incomparable belleza. Formada por 32 teitos o cabañas, está situada a 1170 m de altitud. Los teitos tienen añadido una cuadra de piedra de planta rectangular, cubierta a dos aguas con tejas curvas y muros de piedra vista. Como es característico, el teito tiene su tejado cubierto de ramas secas de escobas; su interior está dividido entre el habitáculo para el hombre y los animales, en un pequeño llar u hogar para el hombre y un establo y tenada para los animales.

The 'braña de La Pornacal' is the largest and best conserved 'braña' (place where the cattle use to graze in summer) in Somiedo, where the ancient traditions of the 'vaqueiros de alzada' survive in a setting of incomparable beauty. Formed by 32 teitos or cabins, it is located at 1170 m altitude. The teitos have a rectangular stone block added, covered by a gabled roof with curved tiles and exposed stone walls. As it is characteristic, the 'teito' has its roof covered with dry branches of brooms; its interior is divided between the cabin for people and animals, in a small 'llar' or home for people and a barn and tented for animals.
