{"id":11546,"date":"2025-02-27T18:37:19","date_gmt":"2025-02-27T17:37:19","guid":{"rendered":"https:\/\/spainfilmcommission.com\/?post_type=localizacion&#038;p=11546"},"modified":"2025-04-21T12:49:21","modified_gmt":"2025-04-21T10:49:21","slug":"senda-del-rio-jucar","status":"publish","type":"localizacion","link":"https:\/\/spainfilmcommission.com\/en\/ai-locations\/senda-del-rio-jucar\/","title":{"rendered":"Senda del R\u00edo J\u00facar"},"content":{"rendered":"","protected":false},"author":2,"template":"","meta":[],"class_list":["post-11546","localizacion","type-localizacion","status-publish","hentry"],"yoast_head":"<!-- This site is optimized with the Yoast SEO plugin v28.3 - https:\/\/yoast.com\/product\/yoast-seo-wordpress\/ -->\n<title>Rodar en Senda del R\u00edo J\u00facar - Spain Film Commission<\/title>\n<meta name=\"description\" content=\"En esta p\u00e1gina encontrar\u00e1s una peque\u00f1a descripci\u00f3n, m\u00e1genes e informaci\u00f3n relevante para que te hagas una idea de c\u00f3mo es rodar en Senda del R\u00edo J\u00facar\" \/>\n<meta name=\"robots\" content=\"index, follow, max-snippet:-1, max-image-preview:large, max-video-preview:-1\" \/>\n<link rel=\"canonical\" href=\"https:\/\/spainfilmcommission.com\/en\/ai-locations\/senda-del-rio-jucar\/\" \/>\n<meta property=\"og:locale\" content=\"en_US\" \/>\n<meta property=\"og:type\" content=\"article\" \/>\n<meta property=\"og:title\" content=\"Rodar en Senda del R\u00edo J\u00facar - Spain Film Commission\" \/>\n<meta property=\"og:description\" content=\"En esta p\u00e1gina encontrar\u00e1s una peque\u00f1a descripci\u00f3n, m\u00e1genes e informaci\u00f3n relevante para que te hagas una idea de c\u00f3mo es rodar en Senda del R\u00edo J\u00facar\" \/>\n<meta property=\"og:url\" content=\"https:\/\/spainfilmcommission.com\/en\/ai-locations\/senda-del-rio-jucar\/\" \/>\n<meta property=\"og:site_name\" content=\"Spain Film Commission\" \/>\n<meta property=\"article:modified_time\" content=\"2025-04-21T10:49:21+00:00\" \/>\n<meta name=\"twitter:card\" content=\"summary_large_image\" \/>\n<script type=\"application\/ld+json\" class=\"yoast-schema-graph\">{\"@context\":\"https:\\\/\\\/schema.org\",\"@graph\":[{\"@type\":\"WebPage\",\"@id\":\"https:\\\/\\\/spainfilmcommission.com\\\/en\\\/ai-locations\\\/senda-del-rio-jucar\\\/\",\"url\":\"https:\\\/\\\/spainfilmcommission.com\\\/en\\\/ai-locations\\\/senda-del-rio-jucar\\\/\",\"name\":\"Rodar en Senda del R\u00edo J\u00facar - Spain Film Commission\",\"isPartOf\":{\"@id\":\"https:\\\/\\\/spainfilmcommission.com\\\/en\\\/#website\"},\"datePublished\":\"2025-02-27T17:37:19+00:00\",\"dateModified\":\"2025-04-21T10:49:21+00:00\",\"description\":\"En esta p\u00e1gina encontrar\u00e1s una peque\u00f1a descripci\u00f3n, m\u00e1genes e informaci\u00f3n relevante para que te hagas una idea de c\u00f3mo es rodar en Senda del R\u00edo J\u00facar\",\"breadcrumb\":{\"@id\":\"https:\\\/\\\/spainfilmcommission.com\\\/en\\\/ai-locations\\\/senda-del-rio-jucar\\\/#breadcrumb\"},\"inLanguage\":\"en-US\",\"potentialAction\":[{\"@type\":\"ReadAction\",\"target\":[\"https:\\\/\\\/spainfilmcommission.com\\\/en\\\/ai-locations\\\/senda-del-rio-jucar\\\/\"]}]},{\"@type\":\"BreadcrumbList\",\"@id\":\"https:\\\/\\\/spainfilmcommission.com\\\/en\\\/ai-locations\\\/senda-del-rio-jucar\\\/#breadcrumb\",\"itemListElement\":[{\"@type\":\"ListItem\",\"position\":1,\"name\":\"Portada\",\"item\":\"https:\\\/\\\/spainfilmcommission.com\\\/en\\\/\"},{\"@type\":\"ListItem\",\"position\":2,\"name\":\"Senda del R\u00edo J\u00facar\"}]},{\"@type\":\"WebSite\",\"@id\":\"https:\\\/\\\/spainfilmcommission.com\\\/en\\\/#website\",\"url\":\"https:\\\/\\\/spainfilmcommission.com\\\/en\\\/\",\"name\":\"Spain Film Commission\",\"description\":\"\",\"publisher\":{\"@id\":\"https:\\\/\\\/spainfilmcommission.com\\\/en\\\/#organization\"},\"potentialAction\":[{\"@type\":\"SearchAction\",\"target\":{\"@type\":\"EntryPoint\",\"urlTemplate\":\"https:\\\/\\\/spainfilmcommission.com\\\/en\\\/?s={search_term_string}\"},\"query-input\":{\"@type\":\"PropertyValueSpecification\",\"valueRequired\":true,\"valueName\":\"search_term_string\"}}],\"inLanguage\":\"en-US\"},{\"@type\":\"Organization\",\"@id\":\"https:\\\/\\\/spainfilmcommission.com\\\/en\\\/#organization\",\"name\":\"Spain Film Commission\",\"url\":\"https:\\\/\\\/spainfilmcommission.com\\\/en\\\/\",\"logo\":{\"@type\":\"ImageObject\",\"inLanguage\":\"en-US\",\"@id\":\"https:\\\/\\\/spainfilmcommission.com\\\/en\\\/#\\\/schema\\\/logo\\\/image\\\/\",\"url\":\"https:\\\/\\\/spainfilmcommission.com\\\/wp-content\\\/uploads\\\/2024\\\/07\\\/SPC_COLOR.png\",\"contentUrl\":\"https:\\\/\\\/spainfilmcommission.com\\\/wp-content\\\/uploads\\\/2024\\\/07\\\/SPC_COLOR.png\",\"width\":1665,\"height\":1665,\"caption\":\"Spain Film Commission\"},\"image\":{\"@id\":\"https:\\\/\\\/spainfilmcommission.com\\\/en\\\/#\\\/schema\\\/logo\\\/image\\\/\"}}]}<\/script>\n<!-- \/ Yoast SEO plugin. -->","yoast_head_json":{"title":"Rodar en Senda del R\u00edo J\u00facar - Spain Film Commission","description":"En esta p\u00e1gina encontrar\u00e1s una peque\u00f1a descripci\u00f3n, m\u00e1genes e informaci\u00f3n relevante para que te hagas una idea de c\u00f3mo es rodar en Senda del R\u00edo J\u00facar","robots":{"index":"index","follow":"follow","max-snippet":"max-snippet:-1","max-image-preview":"max-image-preview:large","max-video-preview":"max-video-preview:-1"},"canonical":"https:\/\/spainfilmcommission.com\/en\/ai-locations\/senda-del-rio-jucar\/","og_locale":"en_US","og_type":"article","og_title":"Rodar en Senda del R\u00edo J\u00facar - Spain Film Commission","og_description":"En esta p\u00e1gina encontrar\u00e1s una peque\u00f1a descripci\u00f3n, m\u00e1genes e informaci\u00f3n relevante para que te hagas una idea de c\u00f3mo es rodar en Senda del R\u00edo J\u00facar","og_url":"https:\/\/spainfilmcommission.com\/en\/ai-locations\/senda-del-rio-jucar\/","og_site_name":"Spain Film Commission","article_modified_time":"2025-04-21T10:49:21+00:00","twitter_card":"summary_large_image","schema":{"@context":"https:\/\/schema.org","@graph":[{"@type":"WebPage","@id":"https:\/\/spainfilmcommission.com\/en\/ai-locations\/senda-del-rio-jucar\/","url":"https:\/\/spainfilmcommission.com\/en\/ai-locations\/senda-del-rio-jucar\/","name":"Rodar en Senda del R\u00edo J\u00facar - Spain Film Commission","isPartOf":{"@id":"https:\/\/spainfilmcommission.com\/en\/#website"},"datePublished":"2025-02-27T17:37:19+00:00","dateModified":"2025-04-21T10:49:21+00:00","description":"En esta p\u00e1gina encontrar\u00e1s una peque\u00f1a descripci\u00f3n, m\u00e1genes e informaci\u00f3n relevante para que te hagas una idea de c\u00f3mo es rodar en Senda del R\u00edo J\u00facar","breadcrumb":{"@id":"https:\/\/spainfilmcommission.com\/en\/ai-locations\/senda-del-rio-jucar\/#breadcrumb"},"inLanguage":"en-US","potentialAction":[{"@type":"ReadAction","target":["https:\/\/spainfilmcommission.com\/en\/ai-locations\/senda-del-rio-jucar\/"]}]},{"@type":"BreadcrumbList","@id":"https:\/\/spainfilmcommission.com\/en\/ai-locations\/senda-del-rio-jucar\/#breadcrumb","itemListElement":[{"@type":"ListItem","position":1,"name":"Portada","item":"https:\/\/spainfilmcommission.com\/en\/"},{"@type":"ListItem","position":2,"name":"Senda del R\u00edo J\u00facar"}]},{"@type":"WebSite","@id":"https:\/\/spainfilmcommission.com\/en\/#website","url":"https:\/\/spainfilmcommission.com\/en\/","name":"Spain Film Commission","description":"","publisher":{"@id":"https:\/\/spainfilmcommission.com\/en\/#organization"},"potentialAction":[{"@type":"SearchAction","target":{"@type":"EntryPoint","urlTemplate":"https:\/\/spainfilmcommission.com\/en\/?s={search_term_string}"},"query-input":{"@type":"PropertyValueSpecification","valueRequired":true,"valueName":"search_term_string"}}],"inLanguage":"en-US"},{"@type":"Organization","@id":"https:\/\/spainfilmcommission.com\/en\/#organization","name":"Spain Film Commission","url":"https:\/\/spainfilmcommission.com\/en\/","logo":{"@type":"ImageObject","inLanguage":"en-US","@id":"https:\/\/spainfilmcommission.com\/en\/#\/schema\/logo\/image\/","url":"https:\/\/spainfilmcommission.com\/wp-content\/uploads\/2024\/07\/SPC_COLOR.png","contentUrl":"https:\/\/spainfilmcommission.com\/wp-content\/uploads\/2024\/07\/SPC_COLOR.png","width":1665,"height":1665,"caption":"Spain Film Commission"},"image":{"@id":"https:\/\/spainfilmcommission.com\/en\/#\/schema\/logo\/image\/"}}]}},"socio":[{"ID":"54","user_login":"castilla-la-mancha-film-commission","user_nicename":"castilla-la-mancha-film-commission","display_name":"castilla-la-mancha-film-commission","user_pass":"****************","user_email":"info@castillalamanchafilm.com","user_url":"","user_registered":"2024-12-19 18:53:18","id":54}],"nombrees":"Senda del R\u00edo J\u00facar","nombreen":"Senda del R\u00edo J\u00facar","localidad":"Cuenca","provincia":"Cuenca","coordenadas_maps":"40.078271, -2.132164","latitud":"40.078271000000","longitud":"-2.132164000000","direcciones":"","direccionen":"","cod_postal":[],"telefono":"","fax":"","mail":"","web":"http:\/\/www.castillalamanchafilm.com\/menu\/localizaciones\/id43-senda-del-rio-jucar.html","descripciones":"Un paseo a la orilla del r\u00edo J\u00facar ofrece vistas preciosas de la ciudad y, sobre todo, la oportunidad de disfrutar del especial patrimonio que la naturaleza ha dejado en la ciudad, tanto o m\u00e1s importante que el que ha dejado el hombre. A lo largo del paseo, el paisaje y las vistas ir\u00e1n cambiando: la ciudad, la hoz a vista de p\u00e1jaro, el verdor del r\u00edo\u2026 Una vegetaci\u00f3n muy variada en la que destacan los \u00e1lamos, olmos y sauces. Y, seguramente, pescadores, pirag\u00fcistas y escaladores.","descripcionen":"A walk along the river J\u00facar offers beautiful views of the city and, above all, the opportunity to enjoy the special heritage that nature has left in the city, as much or more important than that left by man. Along the walk, the landscape and the views will change: the city, the bird's eye sickle, the green of the river ... A very varied vegetation in which the poplars, elms and willows stand out. And, surely, fishermen, canoeists and climbers.","galeria":[{"ID":"16277","post_author":"2","post_date":"2025-03-07 23:47:57","post_date_gmt":"2025-03-07 22:47:57","post_content":"","post_title":"foto-506_3635","post_excerpt":"","post_status":"inherit","comment_status":"closed","ping_status":"closed","post_password":"","post_name":"foto-506_3635","to_ping":"","pinged":"","post_modified":"2025-04-21 12:49:21","post_modified_gmt":"2025-04-21 10:49:21","post_content_filtered":"","post_parent":"11546","guid":"https:\/\/spainfilmcommission.com\/wp-content\/uploads\/2025\/03\/foto-506_3635.jpg","menu_order":"0","post_type":"attachment","post_mime_type":"image\/jpeg","comment_count":"0","pod_item_id":"16277"},{"ID":"16279","post_author":"2","post_date":"2025-03-07 23:47:58","post_date_gmt":"2025-03-07 22:47:58","post_content":"","post_title":"foto-506_3636","post_excerpt":"","post_status":"inherit","comment_status":"closed","ping_status":"closed","post_password":"","post_name":"foto-506_3636","to_ping":"","pinged":"","post_modified":"2025-04-21 12:49:21","post_modified_gmt":"2025-04-21 10:49:21","post_content_filtered":"","post_parent":"11546","guid":"https:\/\/spainfilmcommission.com\/wp-content\/uploads\/2025\/03\/foto-506_3636.jpg","menu_order":"0","post_type":"attachment","post_mime_type":"image\/jpeg","comment_count":"0","pod_item_id":"16279"},{"ID":"16281","post_author":"2","post_date":"2025-03-07 23:48:01","post_date_gmt":"2025-03-07 22:48:01","post_content":"","post_title":"foto-506_3637","post_excerpt":"","post_status":"inherit","comment_status":"closed","ping_status":"closed","post_password":"","post_name":"foto-506_3637","to_ping":"","pinged":"","post_modified":"2025-04-21 12:49:21","post_modified_gmt":"2025-04-21 10:49:21","post_content_filtered":"","post_parent":"11546","guid":"https:\/\/spainfilmcommission.com\/wp-content\/uploads\/2025\/03\/foto-506_3637.jpg","menu_order":"0","post_type":"attachment","post_mime_type":"image\/jpeg","comment_count":"0","pod_item_id":"16281"},{"ID":"16283","post_author":"2","post_date":"2025-03-07 23:48:03","post_date_gmt":"2025-03-07 22:48:03","post_content":"","post_title":"foto-506_3638","post_excerpt":"","post_status":"inherit","comment_status":"closed","ping_status":"closed","post_password":"","post_name":"foto-506_3638","to_ping":"","pinged":"","post_modified":"2025-04-21 12:49:21","post_modified_gmt":"2025-04-21 10:49:21","post_content_filtered":"","post_parent":"11546","guid":"https:\/\/spainfilmcommission.com\/wp-content\/uploads\/2025\/03\/foto-506_3638.jpg","menu_order":"0","post_type":"attachment","post_mime_type":"image\/jpeg","comment_count":"0","pod_item_id":"16283"},{"ID":"16285","post_author":"2","post_date":"2025-03-07 23:48:05","post_date_gmt":"2025-03-07 22:48:05","post_content":"","post_title":"foto-506_3639","post_excerpt":"","post_status":"inherit","comment_status":"closed","ping_status":"closed","post_password":"","post_name":"foto-506_3639","to_ping":"","pinged":"","post_modified":"2025-04-21 12:49:21","post_modified_gmt":"2025-04-21 10:49:21","post_content_filtered":"","post_parent":"11546","guid":"https:\/\/spainfilmcommission.com\/wp-content\/uploads\/2025\/03\/foto-506_3639.jpg","menu_order":"0","post_type":"attachment","post_mime_type":"image\/jpeg","comment_count":"0","pod_item_id":"16285"},{"ID":"16287","post_author":"2","post_date":"2025-03-07 23:48:07","post_date_gmt":"2025-03-07 22:48:07","post_content":"","post_title":"foto-506_3640","post_excerpt":"","post_status":"inherit","comment_status":"closed","ping_status":"closed","post_password":"","post_name":"foto-506_3640","to_ping":"","pinged":"","post_modified":"2025-04-21 12:49:21","post_modified_gmt":"2025-04-21 10:49:21","post_content_filtered":"","post_parent":"11546","guid":"https:\/\/spainfilmcommission.com\/wp-content\/uploads\/2025\/03\/foto-506_3640.jpg","menu_order":"0","post_type":"attachment","post_mime_type":"image\/jpeg","comment_count":"0","pod_item_id":"16287"}],"nombrepaginaes":"senda-del-rio-jucar","nombrepaginaen":"senda-del-rio-jucar","latitud_gps":"","longitud_gps":"","adicionaleses":"","adicionalesen":"","videoes":"","videoen":"","video2es":"","video2en":"","_links":{"self":[{"href":"https:\/\/spainfilmcommission.com\/en\/wp-json\/wp\/v2\/localizaciones\/localizacion\/11546","targetHints":{"allow":["GET"]}}],"collection":[{"href":"https:\/\/spainfilmcommission.com\/en\/wp-json\/wp\/v2\/localizaciones\/localizacion"}],"about":[{"href":"https:\/\/spainfilmcommission.com\/en\/wp-json\/wp\/v2\/types\/localizacion"}],"author":[{"embeddable":true,"href":"https:\/\/spainfilmcommission.com\/en\/wp-json\/wp\/v2\/users\/2"}],"wp:attachment":[{"href":"https:\/\/spainfilmcommission.com\/en\/wp-json\/wp\/v2\/media?parent=11546"}],"curies":[{"name":"wp","href":"https:\/\/api.w.org\/{rel}","templated":true}]}}

Senda del Río Júcar

<!-- This site is optimized with the Yoast SEO plugin v28.3 - https://yoast.com/product/yoast-seo-wordpress/ -->
<title>Rodar en Senda del Río Júcar - Spain Film Commission</title>
<meta name="description" content="En esta página encontrarás una pequeña descripción, mágenes e información relevante para que te hagas una idea de cómo es rodar en Senda del Río Júcar" />
<meta name="robots" content="index, follow, max-snippet:-1, max-image-preview:large, max-video-preview:-1" />
<link rel="canonical" href="https://spainfilmcommission.com/en/ai-locations/senda-del-rio-jucar/" />
<meta property="og:locale" content="en_US" />
<meta property="og:type" content="article" />
<meta property="og:title" content="Rodar en Senda del Río Júcar - Spain Film Commission" />
<meta property="og:description" content="En esta página encontrarás una pequeña descripción, mágenes e información relevante para que te hagas una idea de cómo es rodar en Senda del Río Júcar" />
<meta property="og:url" content="https://spainfilmcommission.com/en/ai-locations/senda-del-rio-jucar/" />
<meta property="og:site_name" content="Spain Film Commission" />
<meta property="article:modified_time" content="2025-04-21T10:49:21+00:00" />
<meta name="twitter:card" content="summary_large_image" />
<script type="application/ld+json" class="yoast-schema-graph">{"@context":"https:\/\/schema.org","@graph":[{"@type":"WebPage","@id":"https:\/\/spainfilmcommission.com\/en\/ai-locations\/senda-del-rio-jucar\/","url":"https:\/\/spainfilmcommission.com\/en\/ai-locations\/senda-del-rio-jucar\/","name":"Rodar en Senda del Río Júcar - Spain Film Commission","isPartOf":{"@id":"https:\/\/spainfilmcommission.com\/en\/#website"},"datePublished":"2025-02-27T17:37:19+00:00","dateModified":"2025-04-21T10:49:21+00:00","description":"En esta página encontrarás una pequeña descripción, mágenes e información relevante para que te hagas una idea de cómo es rodar en Senda del Río Júcar","breadcrumb":{"@id":"https:\/\/spainfilmcommission.com\/en\/ai-locations\/senda-del-rio-jucar\/#breadcrumb"},"inLanguage":"en-US","potentialAction":[{"@type":"ReadAction","target":["https:\/\/spainfilmcommission.com\/en\/ai-locations\/senda-del-rio-jucar\/"]}]},{"@type":"BreadcrumbList","@id":"https:\/\/spainfilmcommission.com\/en\/ai-locations\/senda-del-rio-jucar\/#breadcrumb","itemListElement":[{"@type":"ListItem","position":1,"name":"Portada","item":"https:\/\/spainfilmcommission.com\/en\/"},{"@type":"ListItem","position":2,"name":"Senda del Río Júcar"}]},{"@type":"WebSite","@id":"https:\/\/spainfilmcommission.com\/en\/#website","url":"https:\/\/spainfilmcommission.com\/en\/","name":"Spain Film Commission","description":"","publisher":{"@id":"https:\/\/spainfilmcommission.com\/en\/#organization"},"potentialAction":[{"@type":"SearchAction","target":{"@type":"EntryPoint","urlTemplate":"https:\/\/spainfilmcommission.com\/en\/?s={search_term_string}"},"query-input":{"@type":"PropertyValueSpecification","valueRequired":true,"valueName":"search_term_string"}}],"inLanguage":"en-US"},{"@type":"Organization","@id":"https:\/\/spainfilmcommission.com\/en\/#organization","name":"Spain Film Commission","url":"https:\/\/spainfilmcommission.com\/en\/","logo":{"@type":"ImageObject","inLanguage":"en-US","@id":"https:\/\/spainfilmcommission.com\/en\/#\/schema\/logo\/image\/","url":"https:\/\/spainfilmcommission.com\/wp-content\/uploads\/2024\/07\/SPC_COLOR.png","contentUrl":"https:\/\/spainfilmcommission.com\/wp-content\/uploads\/2024\/07\/SPC_COLOR.png","width":1665,"height":1665,"caption":"Spain Film Commission"},"image":{"@id":"https:\/\/spainfilmcommission.com\/en\/#\/schema\/logo\/image\/"}}]}</script>
<!-- / Yoast SEO plugin. -->

Rodar en Senda del Río Júcar - Spain Film Commission

En esta página encontrarás una pequeña descripción, mágenes e información relevante para que te hagas una idea de cómo es rodar en Senda del Río Júcar

Un paseo a la orilla del río Júcar ofrece vistas preciosas de la ciudad y, sobre todo, la oportunidad de disfrutar del especial patrimonio que la naturaleza ha dejado en la ciudad, tanto o más importante que el que ha dejado el hombre. A lo largo del paseo, el paisaje y las vistas irán cambiando: la ciudad, la hoz a vista de pájaro, el verdor del río… Una vegetación muy variada en la que destacan los álamos, olmos y sauces. Y, seguramente, pescadores, piragüistas y escaladores.

A walk along the river Júcar offers beautiful views of the city and, above all, the opportunity to enjoy the special heritage that nature has left in the city, as much or more important than that left by man. Along the walk, the landscape and the views will change: the city, the bird's eye sickle, the green of the river ... A very varied vegetation in which the poplars, elms and willows stand out. And, surely, fishermen, canoeists and climbers.
