{"id":11453,"date":"2025-02-27T18:30:33","date_gmt":"2025-02-27T17:30:33","guid":{"rendered":"https:\/\/spainfilmcommission.com\/?post_type=localizacion&#038;p=11453"},"modified":"2025-04-22T09:52:11","modified_gmt":"2025-04-22T07:52:11","slug":"fortaleza-de-sant-carles","status":"publish","type":"localizacion","link":"https:\/\/spainfilmcommission.com\/en\/ai-locations\/fortaleza-de-sant-carles\/","title":{"rendered":"Fortaleza de Sant Carles"},"content":{"rendered":"","protected":false},"author":2,"template":"","meta":[],"class_list":["post-11453","localizacion","type-localizacion","status-publish","hentry"],"yoast_head":"<!-- This site is optimized with the Yoast SEO plugin v28.3 - https:\/\/yoast.com\/product\/yoast-seo-wordpress\/ -->\n<title>Rodar en Fortaleza de Sant Carles - Spain Film Commission<\/title>\n<meta name=\"description\" content=\"En esta p\u00e1gina encontrar\u00e1s una peque\u00f1a descripci\u00f3n, m\u00e1genes e informaci\u00f3n relevante para que te hagas una idea de c\u00f3mo es rodar en Fortaleza de Sant Carles\" \/>\n<meta name=\"robots\" content=\"index, follow, max-snippet:-1, max-image-preview:large, max-video-preview:-1\" \/>\n<link rel=\"canonical\" href=\"https:\/\/spainfilmcommission.com\/en\/ai-locations\/fortaleza-de-sant-carles\/\" \/>\n<meta property=\"og:locale\" content=\"en_US\" \/>\n<meta property=\"og:type\" content=\"article\" \/>\n<meta property=\"og:title\" content=\"Rodar en Fortaleza de Sant Carles - Spain Film Commission\" \/>\n<meta property=\"og:description\" content=\"En esta p\u00e1gina encontrar\u00e1s una peque\u00f1a descripci\u00f3n, m\u00e1genes e informaci\u00f3n relevante para que te hagas una idea de c\u00f3mo es rodar en Fortaleza de Sant Carles\" \/>\n<meta property=\"og:url\" content=\"https:\/\/spainfilmcommission.com\/en\/ai-locations\/fortaleza-de-sant-carles\/\" \/>\n<meta property=\"og:site_name\" content=\"Spain Film Commission\" \/>\n<meta property=\"article:modified_time\" content=\"2025-04-22T07:52:11+00:00\" \/>\n<meta name=\"twitter:card\" content=\"summary_large_image\" \/>\n<script type=\"application\/ld+json\" class=\"yoast-schema-graph\">{\"@context\":\"https:\\\/\\\/schema.org\",\"@graph\":[{\"@type\":\"WebPage\",\"@id\":\"https:\\\/\\\/spainfilmcommission.com\\\/en\\\/ai-locations\\\/fortaleza-de-sant-carles\\\/\",\"url\":\"https:\\\/\\\/spainfilmcommission.com\\\/en\\\/ai-locations\\\/fortaleza-de-sant-carles\\\/\",\"name\":\"Rodar en Fortaleza de Sant Carles - Spain Film Commission\",\"isPartOf\":{\"@id\":\"https:\\\/\\\/spainfilmcommission.com\\\/en\\\/#website\"},\"datePublished\":\"2025-02-27T17:30:33+00:00\",\"dateModified\":\"2025-04-22T07:52:11+00:00\",\"description\":\"En esta p\u00e1gina encontrar\u00e1s una peque\u00f1a descripci\u00f3n, m\u00e1genes e informaci\u00f3n relevante para que te hagas una idea de c\u00f3mo es rodar en Fortaleza de Sant Carles\",\"breadcrumb\":{\"@id\":\"https:\\\/\\\/spainfilmcommission.com\\\/en\\\/ai-locations\\\/fortaleza-de-sant-carles\\\/#breadcrumb\"},\"inLanguage\":\"en-US\",\"potentialAction\":[{\"@type\":\"ReadAction\",\"target\":[\"https:\\\/\\\/spainfilmcommission.com\\\/en\\\/ai-locations\\\/fortaleza-de-sant-carles\\\/\"]}]},{\"@type\":\"BreadcrumbList\",\"@id\":\"https:\\\/\\\/spainfilmcommission.com\\\/en\\\/ai-locations\\\/fortaleza-de-sant-carles\\\/#breadcrumb\",\"itemListElement\":[{\"@type\":\"ListItem\",\"position\":1,\"name\":\"Portada\",\"item\":\"https:\\\/\\\/spainfilmcommission.com\\\/en\\\/\"},{\"@type\":\"ListItem\",\"position\":2,\"name\":\"Fortaleza de Sant Carles\"}]},{\"@type\":\"WebSite\",\"@id\":\"https:\\\/\\\/spainfilmcommission.com\\\/en\\\/#website\",\"url\":\"https:\\\/\\\/spainfilmcommission.com\\\/en\\\/\",\"name\":\"Spain Film Commission\",\"description\":\"\",\"publisher\":{\"@id\":\"https:\\\/\\\/spainfilmcommission.com\\\/en\\\/#organization\"},\"potentialAction\":[{\"@type\":\"SearchAction\",\"target\":{\"@type\":\"EntryPoint\",\"urlTemplate\":\"https:\\\/\\\/spainfilmcommission.com\\\/en\\\/?s={search_term_string}\"},\"query-input\":{\"@type\":\"PropertyValueSpecification\",\"valueRequired\":true,\"valueName\":\"search_term_string\"}}],\"inLanguage\":\"en-US\"},{\"@type\":\"Organization\",\"@id\":\"https:\\\/\\\/spainfilmcommission.com\\\/en\\\/#organization\",\"name\":\"Spain Film Commission\",\"url\":\"https:\\\/\\\/spainfilmcommission.com\\\/en\\\/\",\"logo\":{\"@type\":\"ImageObject\",\"inLanguage\":\"en-US\",\"@id\":\"https:\\\/\\\/spainfilmcommission.com\\\/en\\\/#\\\/schema\\\/logo\\\/image\\\/\",\"url\":\"https:\\\/\\\/spainfilmcommission.com\\\/wp-content\\\/uploads\\\/2024\\\/07\\\/SPC_COLOR.png\",\"contentUrl\":\"https:\\\/\\\/spainfilmcommission.com\\\/wp-content\\\/uploads\\\/2024\\\/07\\\/SPC_COLOR.png\",\"width\":1665,\"height\":1665,\"caption\":\"Spain Film Commission\"},\"image\":{\"@id\":\"https:\\\/\\\/spainfilmcommission.com\\\/en\\\/#\\\/schema\\\/logo\\\/image\\\/\"}}]}<\/script>\n<!-- \/ Yoast SEO plugin. -->","yoast_head_json":{"title":"Rodar en Fortaleza de Sant Carles - Spain Film Commission","description":"En esta p\u00e1gina encontrar\u00e1s una peque\u00f1a descripci\u00f3n, m\u00e1genes e informaci\u00f3n relevante para que te hagas una idea de c\u00f3mo es rodar en Fortaleza de Sant Carles","robots":{"index":"index","follow":"follow","max-snippet":"max-snippet:-1","max-image-preview":"max-image-preview:large","max-video-preview":"max-video-preview:-1"},"canonical":"https:\/\/spainfilmcommission.com\/en\/ai-locations\/fortaleza-de-sant-carles\/","og_locale":"en_US","og_type":"article","og_title":"Rodar en Fortaleza de Sant Carles - Spain Film Commission","og_description":"En esta p\u00e1gina encontrar\u00e1s una peque\u00f1a descripci\u00f3n, m\u00e1genes e informaci\u00f3n relevante para que te hagas una idea de c\u00f3mo es rodar en Fortaleza de Sant Carles","og_url":"https:\/\/spainfilmcommission.com\/en\/ai-locations\/fortaleza-de-sant-carles\/","og_site_name":"Spain Film Commission","article_modified_time":"2025-04-22T07:52:11+00:00","twitter_card":"summary_large_image","schema":{"@context":"https:\/\/schema.org","@graph":[{"@type":"WebPage","@id":"https:\/\/spainfilmcommission.com\/en\/ai-locations\/fortaleza-de-sant-carles\/","url":"https:\/\/spainfilmcommission.com\/en\/ai-locations\/fortaleza-de-sant-carles\/","name":"Rodar en Fortaleza de Sant Carles - Spain Film Commission","isPartOf":{"@id":"https:\/\/spainfilmcommission.com\/en\/#website"},"datePublished":"2025-02-27T17:30:33+00:00","dateModified":"2025-04-22T07:52:11+00:00","description":"En esta p\u00e1gina encontrar\u00e1s una peque\u00f1a descripci\u00f3n, m\u00e1genes e informaci\u00f3n relevante para que te hagas una idea de c\u00f3mo es rodar en Fortaleza de Sant Carles","breadcrumb":{"@id":"https:\/\/spainfilmcommission.com\/en\/ai-locations\/fortaleza-de-sant-carles\/#breadcrumb"},"inLanguage":"en-US","potentialAction":[{"@type":"ReadAction","target":["https:\/\/spainfilmcommission.com\/en\/ai-locations\/fortaleza-de-sant-carles\/"]}]},{"@type":"BreadcrumbList","@id":"https:\/\/spainfilmcommission.com\/en\/ai-locations\/fortaleza-de-sant-carles\/#breadcrumb","itemListElement":[{"@type":"ListItem","position":1,"name":"Portada","item":"https:\/\/spainfilmcommission.com\/en\/"},{"@type":"ListItem","position":2,"name":"Fortaleza de Sant Carles"}]},{"@type":"WebSite","@id":"https:\/\/spainfilmcommission.com\/en\/#website","url":"https:\/\/spainfilmcommission.com\/en\/","name":"Spain Film Commission","description":"","publisher":{"@id":"https:\/\/spainfilmcommission.com\/en\/#organization"},"potentialAction":[{"@type":"SearchAction","target":{"@type":"EntryPoint","urlTemplate":"https:\/\/spainfilmcommission.com\/en\/?s={search_term_string}"},"query-input":{"@type":"PropertyValueSpecification","valueRequired":true,"valueName":"search_term_string"}}],"inLanguage":"en-US"},{"@type":"Organization","@id":"https:\/\/spainfilmcommission.com\/en\/#organization","name":"Spain Film Commission","url":"https:\/\/spainfilmcommission.com\/en\/","logo":{"@type":"ImageObject","inLanguage":"en-US","@id":"https:\/\/spainfilmcommission.com\/en\/#\/schema\/logo\/image\/","url":"https:\/\/spainfilmcommission.com\/wp-content\/uploads\/2024\/07\/SPC_COLOR.png","contentUrl":"https:\/\/spainfilmcommission.com\/wp-content\/uploads\/2024\/07\/SPC_COLOR.png","width":1665,"height":1665,"caption":"Spain Film Commission"},"image":{"@id":"https:\/\/spainfilmcommission.com\/en\/#\/schema\/logo\/image\/"}}]}},"socio":[{"ID":"29","user_login":"illes-balears-film-commission","user_nicename":"illes-balears-film-commission","display_name":"illes-balears-film-commission","user_pass":"****************","user_email":"info@icib.caib.es","user_url":"","user_registered":"2024-12-19 15:55:53","id":29}],"nombrees":"Fortaleza de Sant Carles","nombreen":"Fortaleza de Sant Carles","localidad":"Palma","provincia":"Islas Baleares","coordenadas_maps":"39.5455, 2.62902","latitud":"39.545500000000","longitud":"2.629020000000","direcciones":"","direccionen":"","cod_postal":[],"telefono":"","fax":"","mail":"","web":"http:\/\/www.museomilitarsancarlos.com\/","descripciones":"El torre\u00f3n presenta forma tetragonal con un baluarte en cada una de sus esquinas. El material es de siller\u00eda de mar\u00e9s y en muchas zonas se pueden observar marcas de los canteros propias del momento. En 1662 se aborda la construcci\u00f3n de la ampliaci\u00f3n de la 2\u00aa fase; la fortaleza presenta forma trapezoidal, con cuatro grandes baluartes que le dan esa forma tan peculiar. Ya en el siglo XIX, sufre la 3\u00aa y \u00faltima gran reforma al formar una Bater\u00eda de Costa con cuatro ca\u00f1ones Ordo\u00f1ez de a 24 en su exterior.","descripcionen":"The tower presents tetragonal form with a bastion at each of its corners. The material is sandstone masonry and in many areas you can see the marks of the masons own time. In 1662 began the second fase of the construction; the fortress has a trapezoidal shape with four large bastions that give this peculiar way. In the nineteenth century, it suffered the 3rd and last major reform to form a coastal battery with four guns Ordo\u00f1ez a 24 on the outside.","galeria":[{"ID":"14759","post_author":"2","post_date":"2025-03-07 23:20:24","post_date_gmt":"2025-03-07 22:20:24","post_content":"","post_title":"fortaleza-de-sant-carles_410_1","post_excerpt":"","post_status":"inherit","comment_status":"closed","ping_status":"closed","post_password":"","post_name":"fortaleza-de-sant-carles_410_1","to_ping":"","pinged":"","post_modified":"2025-04-22 09:52:12","post_modified_gmt":"2025-04-22 07:52:12","post_content_filtered":"","post_parent":"11453","guid":"https:\/\/spainfilmcommission.com\/wp-content\/uploads\/2025\/03\/fortaleza-de-sant-carles_410_1.jpg","menu_order":"0","post_type":"attachment","post_mime_type":"image\/jpeg","comment_count":"0","pod_item_id":"14759"},{"ID":"14761","post_author":"2","post_date":"2025-03-07 23:20:26","post_date_gmt":"2025-03-07 22:20:26","post_content":"","post_title":"fortaleza-de-sant-carles_410_2","post_excerpt":"","post_status":"inherit","comment_status":"closed","ping_status":"closed","post_password":"","post_name":"fortaleza-de-sant-carles_410_2","to_ping":"","pinged":"","post_modified":"2025-04-22 09:52:12","post_modified_gmt":"2025-04-22 07:52:12","post_content_filtered":"","post_parent":"11453","guid":"https:\/\/spainfilmcommission.com\/wp-content\/uploads\/2025\/03\/fortaleza-de-sant-carles_410_2.jpg","menu_order":"0","post_type":"attachment","post_mime_type":"image\/jpeg","comment_count":"0","pod_item_id":"14761"},{"ID":"14763","post_author":"2","post_date":"2025-03-07 23:20:28","post_date_gmt":"2025-03-07 22:20:28","post_content":"","post_title":"fortaleza-de-sant-carles_410_3","post_excerpt":"","post_status":"inherit","comment_status":"closed","ping_status":"closed","post_password":"","post_name":"fortaleza-de-sant-carles_410_3","to_ping":"","pinged":"","post_modified":"2025-04-22 09:52:12","post_modified_gmt":"2025-04-22 07:52:12","post_content_filtered":"","post_parent":"11453","guid":"https:\/\/spainfilmcommission.com\/wp-content\/uploads\/2025\/03\/fortaleza-de-sant-carles_410_3.jpg","menu_order":"0","post_type":"attachment","post_mime_type":"image\/jpeg","comment_count":"0","pod_item_id":"14763"}],"nombrepaginaes":"fortaleza-de-sant-carles","nombrepaginaen":"fortaleza-de-sant-carles","latitud_gps":"9\u00b032'47'N","longitud_gps":"2\u00b037'23'E","adicionaleses":"","adicionalesen":"","videoes":"","videoen":"","video2es":"","video2en":"","_links":{"self":[{"href":"https:\/\/spainfilmcommission.com\/en\/wp-json\/wp\/v2\/localizaciones\/localizacion\/11453","targetHints":{"allow":["GET"]}}],"collection":[{"href":"https:\/\/spainfilmcommission.com\/en\/wp-json\/wp\/v2\/localizaciones\/localizacion"}],"about":[{"href":"https:\/\/spainfilmcommission.com\/en\/wp-json\/wp\/v2\/types\/localizacion"}],"author":[{"embeddable":true,"href":"https:\/\/spainfilmcommission.com\/en\/wp-json\/wp\/v2\/users\/2"}],"wp:attachment":[{"href":"https:\/\/spainfilmcommission.com\/en\/wp-json\/wp\/v2\/media?parent=11453"}],"curies":[{"name":"wp","href":"https:\/\/api.w.org\/{rel}","templated":true}]}}

<!-- This site is optimized with the Yoast SEO plugin v28.3 - https://yoast.com/product/yoast-seo-wordpress/ -->
<title>Rodar en Fortaleza de Sant Carles - Spain Film Commission</title>
<meta name="description" content="En esta página encontrarás una pequeña descripción, mágenes e información relevante para que te hagas una idea de cómo es rodar en Fortaleza de Sant Carles" />
<meta name="robots" content="index, follow, max-snippet:-1, max-image-preview:large, max-video-preview:-1" />
<link rel="canonical" href="https://spainfilmcommission.com/en/ai-locations/fortaleza-de-sant-carles/" />
<meta property="og:locale" content="en_US" />
<meta property="og:type" content="article" />
<meta property="og:title" content="Rodar en Fortaleza de Sant Carles - Spain Film Commission" />
<meta property="og:description" content="En esta página encontrarás una pequeña descripción, mágenes e información relevante para que te hagas una idea de cómo es rodar en Fortaleza de Sant Carles" />
<meta property="og:url" content="https://spainfilmcommission.com/en/ai-locations/fortaleza-de-sant-carles/" />
<meta property="og:site_name" content="Spain Film Commission" />
<meta property="article:modified_time" content="2025-04-22T07:52:11+00:00" />
<meta name="twitter:card" content="summary_large_image" />
<script type="application/ld+json" class="yoast-schema-graph">{"@context":"https:\/\/schema.org","@graph":[{"@type":"WebPage","@id":"https:\/\/spainfilmcommission.com\/en\/ai-locations\/fortaleza-de-sant-carles\/","url":"https:\/\/spainfilmcommission.com\/en\/ai-locations\/fortaleza-de-sant-carles\/","name":"Rodar en Fortaleza de Sant Carles - Spain Film Commission","isPartOf":{"@id":"https:\/\/spainfilmcommission.com\/en\/#website"},"datePublished":"2025-02-27T17:30:33+00:00","dateModified":"2025-04-22T07:52:11+00:00","description":"En esta página encontrarás una pequeña descripción, mágenes e información relevante para que te hagas una idea de cómo es rodar en Fortaleza de Sant Carles","breadcrumb":{"@id":"https:\/\/spainfilmcommission.com\/en\/ai-locations\/fortaleza-de-sant-carles\/#breadcrumb"},"inLanguage":"en-US","potentialAction":[{"@type":"ReadAction","target":["https:\/\/spainfilmcommission.com\/en\/ai-locations\/fortaleza-de-sant-carles\/"]}]},{"@type":"BreadcrumbList","@id":"https:\/\/spainfilmcommission.com\/en\/ai-locations\/fortaleza-de-sant-carles\/#breadcrumb","itemListElement":[{"@type":"ListItem","position":1,"name":"Portada","item":"https:\/\/spainfilmcommission.com\/en\/"},{"@type":"ListItem","position":2,"name":"Fortaleza de Sant Carles"}]},{"@type":"WebSite","@id":"https:\/\/spainfilmcommission.com\/en\/#website","url":"https:\/\/spainfilmcommission.com\/en\/","name":"Spain Film Commission","description":"","publisher":{"@id":"https:\/\/spainfilmcommission.com\/en\/#organization"},"potentialAction":[{"@type":"SearchAction","target":{"@type":"EntryPoint","urlTemplate":"https:\/\/spainfilmcommission.com\/en\/?s={search_term_string}"},"query-input":{"@type":"PropertyValueSpecification","valueRequired":true,"valueName":"search_term_string"}}],"inLanguage":"en-US"},{"@type":"Organization","@id":"https:\/\/spainfilmcommission.com\/en\/#organization","name":"Spain Film Commission","url":"https:\/\/spainfilmcommission.com\/en\/","logo":{"@type":"ImageObject","inLanguage":"en-US","@id":"https:\/\/spainfilmcommission.com\/en\/#\/schema\/logo\/image\/","url":"https:\/\/spainfilmcommission.com\/wp-content\/uploads\/2024\/07\/SPC_COLOR.png","contentUrl":"https:\/\/spainfilmcommission.com\/wp-content\/uploads\/2024\/07\/SPC_COLOR.png","width":1665,"height":1665,"caption":"Spain Film Commission"},"image":{"@id":"https:\/\/spainfilmcommission.com\/en\/#\/schema\/logo\/image\/"}}]}</script>
<!-- / Yoast SEO plugin. -->

En esta página encontrarás una pequeña descripción, mágenes e información relevante para que te hagas una idea de cómo es rodar en Fortaleza de Sant Carles

El torreón presenta forma tetragonal con un baluarte en cada una de sus esquinas. El material es de sillería de marés y en muchas zonas se pueden observar marcas de los canteros propias del momento. En 1662 se aborda la construcción de la ampliación de la 2ª fase; la fortaleza presenta forma trapezoidal, con cuatro grandes baluartes que le dan esa forma tan peculiar. Ya en el siglo XIX, sufre la 3ª y última gran reforma al formar una Batería de Costa con cuatro cañones Ordoñez de a 24 en su exterior.

The tower presents tetragonal form with a bastion at each of its corners. The material is sandstone masonry and in many areas you can see the marks of the masons own time. In 1662 began the second fase of the construction; the fortress has a trapezoidal shape with four large bastions that give this peculiar way. In the nineteenth century, it suffered the 3rd and last major reform to form a coastal battery with four guns Ordoñez a 24 on the outside.
