{"id":11347,"date":"2025-02-27T18:24:25","date_gmt":"2025-02-27T17:24:25","guid":{"rendered":"https:\/\/spainfilmcommission.com\/?post_type=localizacion&#038;p=11347"},"modified":"2025-04-21T20:34:28","modified_gmt":"2025-04-21T18:34:28","slug":"comarca-del-matarrana","status":"publish","type":"localizacion","link":"https:\/\/spainfilmcommission.com\/en\/ai-locations\/comarca-del-matarrana\/","title":{"rendered":"Comarca del Matarra\u00f1a"},"content":{"rendered":"","protected":false},"author":2,"template":"","meta":[],"class_list":["post-11347","localizacion","type-localizacion","status-publish","hentry"],"yoast_head":"<!-- This site is optimized with the Yoast SEO plugin v28.3 - https:\/\/yoast.com\/product\/yoast-seo-wordpress\/ -->\n<title>Rodar en Comarca del Matarra\u00f1a - Spain Film Commission<\/title>\n<meta name=\"description\" content=\"En esta p\u00e1gina encontrar\u00e1s una peque\u00f1a descripci\u00f3n, m\u00e1genes e informaci\u00f3n relevante para que te hagas una idea de c\u00f3mo es rodar en Comarca del Matarra\u00f1a\" \/>\n<meta name=\"robots\" content=\"index, follow, max-snippet:-1, max-image-preview:large, max-video-preview:-1\" \/>\n<link rel=\"canonical\" href=\"https:\/\/spainfilmcommission.com\/en\/ai-locations\/comarca-del-matarrana\/\" \/>\n<meta property=\"og:locale\" content=\"en_US\" \/>\n<meta property=\"og:type\" content=\"article\" \/>\n<meta property=\"og:title\" content=\"Rodar en Comarca del Matarra\u00f1a - Spain Film Commission\" \/>\n<meta property=\"og:description\" content=\"En esta p\u00e1gina encontrar\u00e1s una peque\u00f1a descripci\u00f3n, m\u00e1genes e informaci\u00f3n relevante para que te hagas una idea de c\u00f3mo es rodar en Comarca del Matarra\u00f1a\" \/>\n<meta property=\"og:url\" content=\"https:\/\/spainfilmcommission.com\/en\/ai-locations\/comarca-del-matarrana\/\" \/>\n<meta property=\"og:site_name\" content=\"Spain Film Commission\" \/>\n<meta property=\"article:modified_time\" content=\"2025-04-21T18:34:28+00:00\" \/>\n<meta name=\"twitter:card\" content=\"summary_large_image\" \/>\n<script type=\"application\/ld+json\" class=\"yoast-schema-graph\">{\"@context\":\"https:\\\/\\\/schema.org\",\"@graph\":[{\"@type\":\"WebPage\",\"@id\":\"https:\\\/\\\/spainfilmcommission.com\\\/en\\\/ai-locations\\\/comarca-del-matarrana\\\/\",\"url\":\"https:\\\/\\\/spainfilmcommission.com\\\/en\\\/ai-locations\\\/comarca-del-matarrana\\\/\",\"name\":\"Rodar en Comarca del Matarra\u00f1a - Spain Film Commission\",\"isPartOf\":{\"@id\":\"https:\\\/\\\/spainfilmcommission.com\\\/en\\\/#website\"},\"datePublished\":\"2025-02-27T17:24:25+00:00\",\"dateModified\":\"2025-04-21T18:34:28+00:00\",\"description\":\"En esta p\u00e1gina encontrar\u00e1s una peque\u00f1a descripci\u00f3n, m\u00e1genes e informaci\u00f3n relevante para que te hagas una idea de c\u00f3mo es rodar en Comarca del Matarra\u00f1a\",\"breadcrumb\":{\"@id\":\"https:\\\/\\\/spainfilmcommission.com\\\/en\\\/ai-locations\\\/comarca-del-matarrana\\\/#breadcrumb\"},\"inLanguage\":\"en-US\",\"potentialAction\":[{\"@type\":\"ReadAction\",\"target\":[\"https:\\\/\\\/spainfilmcommission.com\\\/en\\\/ai-locations\\\/comarca-del-matarrana\\\/\"]}]},{\"@type\":\"BreadcrumbList\",\"@id\":\"https:\\\/\\\/spainfilmcommission.com\\\/en\\\/ai-locations\\\/comarca-del-matarrana\\\/#breadcrumb\",\"itemListElement\":[{\"@type\":\"ListItem\",\"position\":1,\"name\":\"Portada\",\"item\":\"https:\\\/\\\/spainfilmcommission.com\\\/en\\\/\"},{\"@type\":\"ListItem\",\"position\":2,\"name\":\"Comarca del Matarra\u00f1a\"}]},{\"@type\":\"WebSite\",\"@id\":\"https:\\\/\\\/spainfilmcommission.com\\\/en\\\/#website\",\"url\":\"https:\\\/\\\/spainfilmcommission.com\\\/en\\\/\",\"name\":\"Spain Film Commission\",\"description\":\"\",\"publisher\":{\"@id\":\"https:\\\/\\\/spainfilmcommission.com\\\/en\\\/#organization\"},\"potentialAction\":[{\"@type\":\"SearchAction\",\"target\":{\"@type\":\"EntryPoint\",\"urlTemplate\":\"https:\\\/\\\/spainfilmcommission.com\\\/en\\\/?s={search_term_string}\"},\"query-input\":{\"@type\":\"PropertyValueSpecification\",\"valueRequired\":true,\"valueName\":\"search_term_string\"}}],\"inLanguage\":\"en-US\"},{\"@type\":\"Organization\",\"@id\":\"https:\\\/\\\/spainfilmcommission.com\\\/en\\\/#organization\",\"name\":\"Spain Film Commission\",\"url\":\"https:\\\/\\\/spainfilmcommission.com\\\/en\\\/\",\"logo\":{\"@type\":\"ImageObject\",\"inLanguage\":\"en-US\",\"@id\":\"https:\\\/\\\/spainfilmcommission.com\\\/en\\\/#\\\/schema\\\/logo\\\/image\\\/\",\"url\":\"https:\\\/\\\/spainfilmcommission.com\\\/wp-content\\\/uploads\\\/2024\\\/07\\\/SPC_COLOR.png\",\"contentUrl\":\"https:\\\/\\\/spainfilmcommission.com\\\/wp-content\\\/uploads\\\/2024\\\/07\\\/SPC_COLOR.png\",\"width\":1665,\"height\":1665,\"caption\":\"Spain Film Commission\"},\"image\":{\"@id\":\"https:\\\/\\\/spainfilmcommission.com\\\/en\\\/#\\\/schema\\\/logo\\\/image\\\/\"}}]}<\/script>\n<!-- \/ Yoast SEO plugin. -->","yoast_head_json":{"title":"Rodar en Comarca del Matarra\u00f1a - Spain Film Commission","description":"En esta p\u00e1gina encontrar\u00e1s una peque\u00f1a descripci\u00f3n, m\u00e1genes e informaci\u00f3n relevante para que te hagas una idea de c\u00f3mo es rodar en Comarca del Matarra\u00f1a","robots":{"index":"index","follow":"follow","max-snippet":"max-snippet:-1","max-image-preview":"max-image-preview:large","max-video-preview":"max-video-preview:-1"},"canonical":"https:\/\/spainfilmcommission.com\/en\/ai-locations\/comarca-del-matarrana\/","og_locale":"en_US","og_type":"article","og_title":"Rodar en Comarca del Matarra\u00f1a - Spain Film Commission","og_description":"En esta p\u00e1gina encontrar\u00e1s una peque\u00f1a descripci\u00f3n, m\u00e1genes e informaci\u00f3n relevante para que te hagas una idea de c\u00f3mo es rodar en Comarca del Matarra\u00f1a","og_url":"https:\/\/spainfilmcommission.com\/en\/ai-locations\/comarca-del-matarrana\/","og_site_name":"Spain Film Commission","article_modified_time":"2025-04-21T18:34:28+00:00","twitter_card":"summary_large_image","schema":{"@context":"https:\/\/schema.org","@graph":[{"@type":"WebPage","@id":"https:\/\/spainfilmcommission.com\/en\/ai-locations\/comarca-del-matarrana\/","url":"https:\/\/spainfilmcommission.com\/en\/ai-locations\/comarca-del-matarrana\/","name":"Rodar en Comarca del Matarra\u00f1a - Spain Film Commission","isPartOf":{"@id":"https:\/\/spainfilmcommission.com\/en\/#website"},"datePublished":"2025-02-27T17:24:25+00:00","dateModified":"2025-04-21T18:34:28+00:00","description":"En esta p\u00e1gina encontrar\u00e1s una peque\u00f1a descripci\u00f3n, m\u00e1genes e informaci\u00f3n relevante para que te hagas una idea de c\u00f3mo es rodar en Comarca del Matarra\u00f1a","breadcrumb":{"@id":"https:\/\/spainfilmcommission.com\/en\/ai-locations\/comarca-del-matarrana\/#breadcrumb"},"inLanguage":"en-US","potentialAction":[{"@type":"ReadAction","target":["https:\/\/spainfilmcommission.com\/en\/ai-locations\/comarca-del-matarrana\/"]}]},{"@type":"BreadcrumbList","@id":"https:\/\/spainfilmcommission.com\/en\/ai-locations\/comarca-del-matarrana\/#breadcrumb","itemListElement":[{"@type":"ListItem","position":1,"name":"Portada","item":"https:\/\/spainfilmcommission.com\/en\/"},{"@type":"ListItem","position":2,"name":"Comarca del Matarra\u00f1a"}]},{"@type":"WebSite","@id":"https:\/\/spainfilmcommission.com\/en\/#website","url":"https:\/\/spainfilmcommission.com\/en\/","name":"Spain Film Commission","description":"","publisher":{"@id":"https:\/\/spainfilmcommission.com\/en\/#organization"},"potentialAction":[{"@type":"SearchAction","target":{"@type":"EntryPoint","urlTemplate":"https:\/\/spainfilmcommission.com\/en\/?s={search_term_string}"},"query-input":{"@type":"PropertyValueSpecification","valueRequired":true,"valueName":"search_term_string"}}],"inLanguage":"en-US"},{"@type":"Organization","@id":"https:\/\/spainfilmcommission.com\/en\/#organization","name":"Spain Film Commission","url":"https:\/\/spainfilmcommission.com\/en\/","logo":{"@type":"ImageObject","inLanguage":"en-US","@id":"https:\/\/spainfilmcommission.com\/en\/#\/schema\/logo\/image\/","url":"https:\/\/spainfilmcommission.com\/wp-content\/uploads\/2024\/07\/SPC_COLOR.png","contentUrl":"https:\/\/spainfilmcommission.com\/wp-content\/uploads\/2024\/07\/SPC_COLOR.png","width":1665,"height":1665,"caption":"Spain Film Commission"},"image":{"@id":"https:\/\/spainfilmcommission.com\/en\/#\/schema\/logo\/image\/"}}]}},"socio":[{"ID":"15","user_login":"aragon-film-commission","user_nicename":"aragon-film-commission","display_name":"aragon-film-commission","user_pass":"****************","user_email":"dlozano@aragonfilmcommission.es","user_url":"","user_registered":"2024-12-19 13:39:02","id":15}],"nombrees":"Comarca del Matarra\u00f1a","nombreen":"Comarca del Matarra\u00f1a","localidad":"18 municipios (18 municipalities)","provincia":"Teruel","coordenadas_maps":"40.8731, 0.156414","latitud":"40.873100000000","longitud":"0.156414000000","direcciones":"Comarca del Matarra\u00f1a","direccionen":"Comarca del Matarra\u00f1a","cod_postal":[],"telefono":"(+34) 95 ","fax":"","mail":"promotion@spainfilmcommission.org","web":"http:\/\/www.matarranyaturismo.es\/","descripciones":"Adem\u00e1s de los valores naturales y paisaj\u00edsticos, existe un importante patrimonio cultural, que hace de la Comarca del Matarra\u00f1a (Teruel, Arag\u00f3n) un destino tur\u00edstico de calidad, pues, de los dieciocho n\u00facleos de poblaci\u00f3n de la Comarca, cinco de ellos han sido declarados conjunto de inter\u00e9s cultural (Calaceite, Beceite, La Fresneda, R\u00e1fales y Valderrobres). Adem\u00e1s de \u00e9stos, los cascos urbanos de Monroyo, Pe\u00f1arroya de Tastavins o Torre del Compte tienen gran inter\u00e9s. La existencia de recintos amurallados, puertas y vistas panor\u00e1micas, hacen de estos pueblos bellezas monumentales. Una menci\u00f3n especial merecen las mas\u00edas.","descripcionen":"In addition to natural and scenic values??, it has an important cultural heritage, making the region of Matarrana (Teruel, Aragon) a quality tourist destination. Out of the eighteen towns in the region, five of have been declared sites of cultural interest (Calaceit, Beceite, La Fresneda, Rafales and Valderrobres). Besides these, the urban centers of Monroyo, Penyarroya de Tastavins or Torre del Compte or are of keen interest. The existence of walled enclosures, doors and panoramic views make these towns monumental beauties. The mas\u00edas (farm estates) are noteworthy.","galeria":[{"ID":"13955","post_author":"2","post_date":"2025-03-07 22:54:57","post_date_gmt":"2025-03-07 21:54:57","post_content":"","post_title":"comarca-del-matarra\u00f1a_289_1","post_excerpt":"","post_status":"inherit","comment_status":"closed","ping_status":"closed","post_password":"","post_name":"comarca-del-matarrana_289_1","to_ping":"","pinged":"","post_modified":"2025-04-21 20:34:28","post_modified_gmt":"2025-04-21 18:34:28","post_content_filtered":"","post_parent":"11347","guid":"https:\/\/spainfilmcommission.com\/wp-content\/uploads\/2025\/03\/comarca-del-matarrana_289_1.jpg","menu_order":"0","post_type":"attachment","post_mime_type":"image\/jpeg","comment_count":"0","pod_item_id":"13955"},{"ID":"13957","post_author":"2","post_date":"2025-03-07 22:54:59","post_date_gmt":"2025-03-07 21:54:59","post_content":"","post_title":"comarca-del-matarra\u00f1a_289_4","post_excerpt":"","post_status":"inherit","comment_status":"closed","ping_status":"closed","post_password":"","post_name":"comarca-del-matarrana_289_4","to_ping":"","pinged":"","post_modified":"2025-04-21 20:34:28","post_modified_gmt":"2025-04-21 18:34:28","post_content_filtered":"","post_parent":"11347","guid":"https:\/\/spainfilmcommission.com\/wp-content\/uploads\/2025\/03\/comarca-del-matarrana_289_4.jpg","menu_order":"0","post_type":"attachment","post_mime_type":"image\/jpeg","comment_count":"0","pod_item_id":"13957"},{"ID":"13959","post_author":"2","post_date":"2025-03-07 22:55:02","post_date_gmt":"2025-03-07 21:55:02","post_content":"","post_title":"comarca-del-matarra\u00f1a_289_5","post_excerpt":"","post_status":"inherit","comment_status":"closed","ping_status":"closed","post_password":"","post_name":"comarca-del-matarrana_289_5","to_ping":"","pinged":"","post_modified":"2025-04-21 20:34:28","post_modified_gmt":"2025-04-21 18:34:28","post_content_filtered":"","post_parent":"11347","guid":"https:\/\/spainfilmcommission.com\/wp-content\/uploads\/2025\/03\/comarca-del-matarrana_289_5.jpg","menu_order":"0","post_type":"attachment","post_mime_type":"image\/jpeg","comment_count":"0","pod_item_id":"13959"}],"nombrepaginaes":"comarca-del-matarrana","nombrepaginaen":"comarca-del-matarrana","latitud_gps":"","longitud_gps":"","adicionaleses":"","adicionalesen":"","videoes":"","videoen":"","video2es":"","video2en":"","_links":{"self":[{"href":"https:\/\/spainfilmcommission.com\/en\/wp-json\/wp\/v2\/localizaciones\/localizacion\/11347","targetHints":{"allow":["GET"]}}],"collection":[{"href":"https:\/\/spainfilmcommission.com\/en\/wp-json\/wp\/v2\/localizaciones\/localizacion"}],"about":[{"href":"https:\/\/spainfilmcommission.com\/en\/wp-json\/wp\/v2\/types\/localizacion"}],"author":[{"embeddable":true,"href":"https:\/\/spainfilmcommission.com\/en\/wp-json\/wp\/v2\/users\/2"}],"wp:attachment":[{"href":"https:\/\/spainfilmcommission.com\/en\/wp-json\/wp\/v2\/media?parent=11347"}],"curies":[{"name":"wp","href":"https:\/\/api.w.org\/{rel}","templated":true}]}}

Comarca del Matarraña

<!-- This site is optimized with the Yoast SEO plugin v28.3 - https://yoast.com/product/yoast-seo-wordpress/ -->
<title>Rodar en Comarca del Matarraña - Spain Film Commission</title>
<meta name="description" content="En esta página encontrarás una pequeña descripción, mágenes e información relevante para que te hagas una idea de cómo es rodar en Comarca del Matarraña" />
<meta name="robots" content="index, follow, max-snippet:-1, max-image-preview:large, max-video-preview:-1" />
<link rel="canonical" href="https://spainfilmcommission.com/en/ai-locations/comarca-del-matarrana/" />
<meta property="og:locale" content="en_US" />
<meta property="og:type" content="article" />
<meta property="og:title" content="Rodar en Comarca del Matarraña - Spain Film Commission" />
<meta property="og:description" content="En esta página encontrarás una pequeña descripción, mágenes e información relevante para que te hagas una idea de cómo es rodar en Comarca del Matarraña" />
<meta property="og:url" content="https://spainfilmcommission.com/en/ai-locations/comarca-del-matarrana/" />
<meta property="og:site_name" content="Spain Film Commission" />
<meta property="article:modified_time" content="2025-04-21T18:34:28+00:00" />
<meta name="twitter:card" content="summary_large_image" />
<script type="application/ld+json" class="yoast-schema-graph">{"@context":"https:\/\/schema.org","@graph":[{"@type":"WebPage","@id":"https:\/\/spainfilmcommission.com\/en\/ai-locations\/comarca-del-matarrana\/","url":"https:\/\/spainfilmcommission.com\/en\/ai-locations\/comarca-del-matarrana\/","name":"Rodar en Comarca del Matarraña - Spain Film Commission","isPartOf":{"@id":"https:\/\/spainfilmcommission.com\/en\/#website"},"datePublished":"2025-02-27T17:24:25+00:00","dateModified":"2025-04-21T18:34:28+00:00","description":"En esta página encontrarás una pequeña descripción, mágenes e información relevante para que te hagas una idea de cómo es rodar en Comarca del Matarraña","breadcrumb":{"@id":"https:\/\/spainfilmcommission.com\/en\/ai-locations\/comarca-del-matarrana\/#breadcrumb"},"inLanguage":"en-US","potentialAction":[{"@type":"ReadAction","target":["https:\/\/spainfilmcommission.com\/en\/ai-locations\/comarca-del-matarrana\/"]}]},{"@type":"BreadcrumbList","@id":"https:\/\/spainfilmcommission.com\/en\/ai-locations\/comarca-del-matarrana\/#breadcrumb","itemListElement":[{"@type":"ListItem","position":1,"name":"Portada","item":"https:\/\/spainfilmcommission.com\/en\/"},{"@type":"ListItem","position":2,"name":"Comarca del Matarraña"}]},{"@type":"WebSite","@id":"https:\/\/spainfilmcommission.com\/en\/#website","url":"https:\/\/spainfilmcommission.com\/en\/","name":"Spain Film Commission","description":"","publisher":{"@id":"https:\/\/spainfilmcommission.com\/en\/#organization"},"potentialAction":[{"@type":"SearchAction","target":{"@type":"EntryPoint","urlTemplate":"https:\/\/spainfilmcommission.com\/en\/?s={search_term_string}"},"query-input":{"@type":"PropertyValueSpecification","valueRequired":true,"valueName":"search_term_string"}}],"inLanguage":"en-US"},{"@type":"Organization","@id":"https:\/\/spainfilmcommission.com\/en\/#organization","name":"Spain Film Commission","url":"https:\/\/spainfilmcommission.com\/en\/","logo":{"@type":"ImageObject","inLanguage":"en-US","@id":"https:\/\/spainfilmcommission.com\/en\/#\/schema\/logo\/image\/","url":"https:\/\/spainfilmcommission.com\/wp-content\/uploads\/2024\/07\/SPC_COLOR.png","contentUrl":"https:\/\/spainfilmcommission.com\/wp-content\/uploads\/2024\/07\/SPC_COLOR.png","width":1665,"height":1665,"caption":"Spain Film Commission"},"image":{"@id":"https:\/\/spainfilmcommission.com\/en\/#\/schema\/logo\/image\/"}}]}</script>
<!-- / Yoast SEO plugin. -->

Rodar en Comarca del Matarraña - Spain Film Commission

En esta página encontrarás una pequeña descripción, mágenes e información relevante para que te hagas una idea de cómo es rodar en Comarca del Matarraña

Además de los valores naturales y paisajísticos, existe un importante patrimonio cultural, que hace de la Comarca del Matarraña (Teruel, Aragón) un destino turístico de calidad, pues, de los dieciocho núcleos de población de la Comarca, cinco de ellos han sido declarados conjunto de interés cultural (Calaceite, Beceite, La Fresneda, Ráfales y Valderrobres). Además de éstos, los cascos urbanos de Monroyo, Peñarroya de Tastavins o Torre del Compte tienen gran interés. La existencia de recintos amurallados, puertas y vistas panorámicas, hacen de estos pueblos bellezas monumentales. Una mención especial merecen las masías.

In addition to natural and scenic values??, it has an important cultural heritage, making the region of Matarrana (Teruel, Aragon) a quality tourist destination. Out of the eighteen towns in the region, five of have been declared sites of cultural interest (Calaceit, Beceite, La Fresneda, Rafales and Valderrobres). Besides these, the urban centers of Monroyo, Penyarroya de Tastavins or Torre del Compte or are of keen interest. The existence of walled enclosures, doors and panoramic views make these towns monumental beauties. The masías (farm estates) are noteworthy.

comarca-del-matarraña_289_1

comarca-del-matarraña_289_4

comarca-del-matarraña_289_5
