{"id":11344,"date":"2025-02-27T18:24:25","date_gmt":"2025-02-27T17:24:25","guid":{"rendered":"https:\/\/spainfilmcommission.com\/?post_type=localizacion&#038;p=11344"},"modified":"2025-04-21T12:50:03","modified_gmt":"2025-04-21T10:50:03","slug":"sierra-de-albarracin","status":"publish","type":"localizacion","link":"https:\/\/spainfilmcommission.com\/en\/ai-locations\/sierra-de-albarracin\/","title":{"rendered":"Sierra de Albarrac\u00edn"},"content":{"rendered":"","protected":false},"author":2,"template":"","meta":[],"class_list":["post-11344","localizacion","type-localizacion","status-publish","hentry"],"yoast_head":"<!-- This site is optimized with the Yoast SEO plugin v28.3 - https:\/\/yoast.com\/product\/yoast-seo-wordpress\/ -->\n<title>Rodar en Sierra de Albarrac\u00edn - Spain Film Commission<\/title>\n<meta name=\"description\" content=\"En esta p\u00e1gina encontrar\u00e1s una peque\u00f1a descripci\u00f3n, m\u00e1genes e informaci\u00f3n relevante para que te hagas una idea de c\u00f3mo es rodar en Sierra de Albarrac\u00edn\" \/>\n<meta name=\"robots\" content=\"index, follow, max-snippet:-1, max-image-preview:large, max-video-preview:-1\" \/>\n<link rel=\"canonical\" href=\"https:\/\/spainfilmcommission.com\/en\/ai-locations\/sierra-de-albarracin\/\" \/>\n<meta property=\"og:locale\" content=\"en_US\" \/>\n<meta property=\"og:type\" content=\"article\" \/>\n<meta property=\"og:title\" content=\"Rodar en Sierra de Albarrac\u00edn - Spain Film Commission\" \/>\n<meta property=\"og:description\" content=\"En esta p\u00e1gina encontrar\u00e1s una peque\u00f1a descripci\u00f3n, m\u00e1genes e informaci\u00f3n relevante para que te hagas una idea de c\u00f3mo es rodar en Sierra de Albarrac\u00edn\" \/>\n<meta property=\"og:url\" content=\"https:\/\/spainfilmcommission.com\/en\/ai-locations\/sierra-de-albarracin\/\" \/>\n<meta property=\"og:site_name\" content=\"Spain Film Commission\" \/>\n<meta property=\"article:modified_time\" content=\"2025-04-21T10:50:03+00:00\" \/>\n<meta name=\"twitter:card\" content=\"summary_large_image\" \/>\n<script type=\"application\/ld+json\" class=\"yoast-schema-graph\">{\"@context\":\"https:\\\/\\\/schema.org\",\"@graph\":[{\"@type\":\"WebPage\",\"@id\":\"https:\\\/\\\/spainfilmcommission.com\\\/en\\\/ai-locations\\\/sierra-de-albarracin\\\/\",\"url\":\"https:\\\/\\\/spainfilmcommission.com\\\/en\\\/ai-locations\\\/sierra-de-albarracin\\\/\",\"name\":\"Rodar en Sierra de Albarrac\u00edn - Spain Film Commission\",\"isPartOf\":{\"@id\":\"https:\\\/\\\/spainfilmcommission.com\\\/en\\\/#website\"},\"datePublished\":\"2025-02-27T17:24:25+00:00\",\"dateModified\":\"2025-04-21T10:50:03+00:00\",\"description\":\"En esta p\u00e1gina encontrar\u00e1s una peque\u00f1a descripci\u00f3n, m\u00e1genes e informaci\u00f3n relevante para que te hagas una idea de c\u00f3mo es rodar en Sierra de Albarrac\u00edn\",\"breadcrumb\":{\"@id\":\"https:\\\/\\\/spainfilmcommission.com\\\/en\\\/ai-locations\\\/sierra-de-albarracin\\\/#breadcrumb\"},\"inLanguage\":\"en-US\",\"potentialAction\":[{\"@type\":\"ReadAction\",\"target\":[\"https:\\\/\\\/spainfilmcommission.com\\\/en\\\/ai-locations\\\/sierra-de-albarracin\\\/\"]}]},{\"@type\":\"BreadcrumbList\",\"@id\":\"https:\\\/\\\/spainfilmcommission.com\\\/en\\\/ai-locations\\\/sierra-de-albarracin\\\/#breadcrumb\",\"itemListElement\":[{\"@type\":\"ListItem\",\"position\":1,\"name\":\"Portada\",\"item\":\"https:\\\/\\\/spainfilmcommission.com\\\/en\\\/\"},{\"@type\":\"ListItem\",\"position\":2,\"name\":\"Sierra de Albarrac\u00edn\"}]},{\"@type\":\"WebSite\",\"@id\":\"https:\\\/\\\/spainfilmcommission.com\\\/en\\\/#website\",\"url\":\"https:\\\/\\\/spainfilmcommission.com\\\/en\\\/\",\"name\":\"Spain Film Commission\",\"description\":\"\",\"publisher\":{\"@id\":\"https:\\\/\\\/spainfilmcommission.com\\\/en\\\/#organization\"},\"potentialAction\":[{\"@type\":\"SearchAction\",\"target\":{\"@type\":\"EntryPoint\",\"urlTemplate\":\"https:\\\/\\\/spainfilmcommission.com\\\/en\\\/?s={search_term_string}\"},\"query-input\":{\"@type\":\"PropertyValueSpecification\",\"valueRequired\":true,\"valueName\":\"search_term_string\"}}],\"inLanguage\":\"en-US\"},{\"@type\":\"Organization\",\"@id\":\"https:\\\/\\\/spainfilmcommission.com\\\/en\\\/#organization\",\"name\":\"Spain Film Commission\",\"url\":\"https:\\\/\\\/spainfilmcommission.com\\\/en\\\/\",\"logo\":{\"@type\":\"ImageObject\",\"inLanguage\":\"en-US\",\"@id\":\"https:\\\/\\\/spainfilmcommission.com\\\/en\\\/#\\\/schema\\\/logo\\\/image\\\/\",\"url\":\"https:\\\/\\\/spainfilmcommission.com\\\/wp-content\\\/uploads\\\/2024\\\/07\\\/SPC_COLOR.png\",\"contentUrl\":\"https:\\\/\\\/spainfilmcommission.com\\\/wp-content\\\/uploads\\\/2024\\\/07\\\/SPC_COLOR.png\",\"width\":1665,\"height\":1665,\"caption\":\"Spain Film Commission\"},\"image\":{\"@id\":\"https:\\\/\\\/spainfilmcommission.com\\\/en\\\/#\\\/schema\\\/logo\\\/image\\\/\"}}]}<\/script>\n<!-- \/ Yoast SEO plugin. -->","yoast_head_json":{"title":"Rodar en Sierra de Albarrac\u00edn - Spain Film Commission","description":"En esta p\u00e1gina encontrar\u00e1s una peque\u00f1a descripci\u00f3n, m\u00e1genes e informaci\u00f3n relevante para que te hagas una idea de c\u00f3mo es rodar en Sierra de Albarrac\u00edn","robots":{"index":"index","follow":"follow","max-snippet":"max-snippet:-1","max-image-preview":"max-image-preview:large","max-video-preview":"max-video-preview:-1"},"canonical":"https:\/\/spainfilmcommission.com\/en\/ai-locations\/sierra-de-albarracin\/","og_locale":"en_US","og_type":"article","og_title":"Rodar en Sierra de Albarrac\u00edn - Spain Film Commission","og_description":"En esta p\u00e1gina encontrar\u00e1s una peque\u00f1a descripci\u00f3n, m\u00e1genes e informaci\u00f3n relevante para que te hagas una idea de c\u00f3mo es rodar en Sierra de Albarrac\u00edn","og_url":"https:\/\/spainfilmcommission.com\/en\/ai-locations\/sierra-de-albarracin\/","og_site_name":"Spain Film Commission","article_modified_time":"2025-04-21T10:50:03+00:00","twitter_card":"summary_large_image","schema":{"@context":"https:\/\/schema.org","@graph":[{"@type":"WebPage","@id":"https:\/\/spainfilmcommission.com\/en\/ai-locations\/sierra-de-albarracin\/","url":"https:\/\/spainfilmcommission.com\/en\/ai-locations\/sierra-de-albarracin\/","name":"Rodar en Sierra de Albarrac\u00edn - Spain Film Commission","isPartOf":{"@id":"https:\/\/spainfilmcommission.com\/en\/#website"},"datePublished":"2025-02-27T17:24:25+00:00","dateModified":"2025-04-21T10:50:03+00:00","description":"En esta p\u00e1gina encontrar\u00e1s una peque\u00f1a descripci\u00f3n, m\u00e1genes e informaci\u00f3n relevante para que te hagas una idea de c\u00f3mo es rodar en Sierra de Albarrac\u00edn","breadcrumb":{"@id":"https:\/\/spainfilmcommission.com\/en\/ai-locations\/sierra-de-albarracin\/#breadcrumb"},"inLanguage":"en-US","potentialAction":[{"@type":"ReadAction","target":["https:\/\/spainfilmcommission.com\/en\/ai-locations\/sierra-de-albarracin\/"]}]},{"@type":"BreadcrumbList","@id":"https:\/\/spainfilmcommission.com\/en\/ai-locations\/sierra-de-albarracin\/#breadcrumb","itemListElement":[{"@type":"ListItem","position":1,"name":"Portada","item":"https:\/\/spainfilmcommission.com\/en\/"},{"@type":"ListItem","position":2,"name":"Sierra de Albarrac\u00edn"}]},{"@type":"WebSite","@id":"https:\/\/spainfilmcommission.com\/en\/#website","url":"https:\/\/spainfilmcommission.com\/en\/","name":"Spain Film Commission","description":"","publisher":{"@id":"https:\/\/spainfilmcommission.com\/en\/#organization"},"potentialAction":[{"@type":"SearchAction","target":{"@type":"EntryPoint","urlTemplate":"https:\/\/spainfilmcommission.com\/en\/?s={search_term_string}"},"query-input":{"@type":"PropertyValueSpecification","valueRequired":true,"valueName":"search_term_string"}}],"inLanguage":"en-US"},{"@type":"Organization","@id":"https:\/\/spainfilmcommission.com\/en\/#organization","name":"Spain Film Commission","url":"https:\/\/spainfilmcommission.com\/en\/","logo":{"@type":"ImageObject","inLanguage":"en-US","@id":"https:\/\/spainfilmcommission.com\/en\/#\/schema\/logo\/image\/","url":"https:\/\/spainfilmcommission.com\/wp-content\/uploads\/2024\/07\/SPC_COLOR.png","contentUrl":"https:\/\/spainfilmcommission.com\/wp-content\/uploads\/2024\/07\/SPC_COLOR.png","width":1665,"height":1665,"caption":"Spain Film Commission"},"image":{"@id":"https:\/\/spainfilmcommission.com\/en\/#\/schema\/logo\/image\/"}}]}},"socio":[{"ID":"15","user_login":"aragon-film-commission","user_nicename":"aragon-film-commission","display_name":"aragon-film-commission","user_pass":"****************","user_email":"dlozano@aragonfilmcommission.es","user_url":"","user_registered":"2024-12-19 13:39:02","id":15}],"nombrees":"Sierra de Albarrac\u00edn","nombreen":"Sierra de Albarrac\u00edn","localidad":"Albarrac\u00edn","provincia":"Teruel","coordenadas_maps":"40.4218, -1.48215","latitud":"40.421800000000","longitud":"-1.482150000000","direcciones":"Albarrac\u00edn (Teruel)","direccionen":"Albarrac\u00edn (Teruel)","cod_postal":[],"telefono":"(+34) 95 ","fax":"","mail":"promotion@spainfilmcommission.org","web":"http:\/\/turismo.comarcadelasierradealbarracin.es\/","descripciones":"Espectaculares abrigos rocosos, con grandiosos arcos en roca caliza, encierra rincones sorprendentes y \u00fanicos enmarcados en una impresionante y variada orograf\u00eda, ocupando el tramo central del Sistema Ib\u00e9rico, entre los Montes Universales y los valles altos de los r\u00edos Jiloca y Turia. Este espacio natural en Teruel (Arag\u00f3n) fue la cuna de primitivas comunidades prehist\u00f3ricas, que cuyas muestras de arte rupestre, agrupadas en el conjunto de Abrigos de Arte Rupestre de estilo Levantino del Arco Mediterr\u00e1neo, ha sido declarado Patrimonio de la Humanidad.","descripcionen":"We find spectacular rocks, with great limestone arches, that contain unique spots framed by a stunning, rugged terrain. It occupyies the central section of the Iberian System, between the Universal Mounts the upper valleys of the Jiloca and Turia rivers. This natural area in Teruel (Arag\u00f3n) was the cradle of primitive prehistoric communities, whose examples of primitive art, which are part of the Abrigos de Arte Rupestre complex, of Levantine style, in the Mediterranean Basin, has been declared a World Heritage Site.","galeria":[{"ID":"31705","post_author":"2","post_date":"2025-03-08 14:04:26","post_date_gmt":"2025-03-08 13:04:26","post_content":"","post_title":"sierra-de-albarrac\u00edn_286_1","post_excerpt":"","post_status":"inherit","comment_status":"closed","ping_status":"closed","post_password":"","post_name":"sierra-de-albarracin_286_1","to_ping":"","pinged":"","post_modified":"2025-04-21 12:50:03","post_modified_gmt":"2025-04-21 10:50:03","post_content_filtered":"","post_parent":"11344","guid":"https:\/\/spainfilmcommission.com\/wp-content\/uploads\/2025\/03\/sierra-de-albarracin_286_1.jpg","menu_order":"0","post_type":"attachment","post_mime_type":"image\/jpeg","comment_count":"0","pod_item_id":"31705"},{"ID":"31707","post_author":"2","post_date":"2025-03-08 14:04:28","post_date_gmt":"2025-03-08 13:04:28","post_content":"","post_title":"sierra-de-albarrac\u00edn_286_2","post_excerpt":"","post_status":"inherit","comment_status":"closed","ping_status":"closed","post_password":"","post_name":"sierra-de-albarracin_286_2","to_ping":"","pinged":"","post_modified":"2025-04-21 12:50:03","post_modified_gmt":"2025-04-21 10:50:03","post_content_filtered":"","post_parent":"11344","guid":"https:\/\/spainfilmcommission.com\/wp-content\/uploads\/2025\/03\/sierra-de-albarracin_286_2.jpg","menu_order":"0","post_type":"attachment","post_mime_type":"image\/jpeg","comment_count":"0","pod_item_id":"31707"},{"ID":"31709","post_author":"2","post_date":"2025-03-08 14:04:31","post_date_gmt":"2025-03-08 13:04:31","post_content":"","post_title":"sierra-de-albarrac\u00edn_286_3","post_excerpt":"","post_status":"inherit","comment_status":"closed","ping_status":"closed","post_password":"","post_name":"sierra-de-albarracin_286_3","to_ping":"","pinged":"","post_modified":"2025-04-21 12:50:03","post_modified_gmt":"2025-04-21 10:50:03","post_content_filtered":"","post_parent":"11344","guid":"https:\/\/spainfilmcommission.com\/wp-content\/uploads\/2025\/03\/sierra-de-albarracin_286_3.jpg","menu_order":"0","post_type":"attachment","post_mime_type":"image\/jpeg","comment_count":"0","pod_item_id":"31709"},{"ID":"31711","post_author":"2","post_date":"2025-03-08 14:04:34","post_date_gmt":"2025-03-08 13:04:34","post_content":"","post_title":"sierra-de-albarrac\u00edn_286_4","post_excerpt":"","post_status":"inherit","comment_status":"closed","ping_status":"closed","post_password":"","post_name":"sierra-de-albarracin_286_4","to_ping":"","pinged":"","post_modified":"2025-04-21 12:50:03","post_modified_gmt":"2025-04-21 10:50:03","post_content_filtered":"","post_parent":"11344","guid":"https:\/\/spainfilmcommission.com\/wp-content\/uploads\/2025\/03\/sierra-de-albarracin_286_4.jpg","menu_order":"0","post_type":"attachment","post_mime_type":"image\/jpeg","comment_count":"0","pod_item_id":"31711"},{"ID":"31713","post_author":"2","post_date":"2025-03-08 14:04:39","post_date_gmt":"2025-03-08 13:04:39","post_content":"","post_title":"sierra-de-albarrac\u00edn_286_5","post_excerpt":"","post_status":"inherit","comment_status":"closed","ping_status":"closed","post_password":"","post_name":"sierra-de-albarracin_286_5","to_ping":"","pinged":"","post_modified":"2025-04-21 12:50:03","post_modified_gmt":"2025-04-21 10:50:03","post_content_filtered":"","post_parent":"11344","guid":"https:\/\/spainfilmcommission.com\/wp-content\/uploads\/2025\/03\/sierra-de-albarracin_286_5.jpg","menu_order":"0","post_type":"attachment","post_mime_type":"image\/jpeg","comment_count":"0","pod_item_id":"31713"}],"nombrepaginaes":"sierra-de-albarracin","nombrepaginaen":"sierra-de-albarracin","latitud_gps":"","longitud_gps":"","adicionaleses":"","adicionalesen":"","videoes":"","videoen":"","video2es":"","video2en":"","_links":{"self":[{"href":"https:\/\/spainfilmcommission.com\/en\/wp-json\/wp\/v2\/localizaciones\/localizacion\/11344","targetHints":{"allow":["GET"]}}],"collection":[{"href":"https:\/\/spainfilmcommission.com\/en\/wp-json\/wp\/v2\/localizaciones\/localizacion"}],"about":[{"href":"https:\/\/spainfilmcommission.com\/en\/wp-json\/wp\/v2\/types\/localizacion"}],"author":[{"embeddable":true,"href":"https:\/\/spainfilmcommission.com\/en\/wp-json\/wp\/v2\/users\/2"}],"wp:attachment":[{"href":"https:\/\/spainfilmcommission.com\/en\/wp-json\/wp\/v2\/media?parent=11344"}],"curies":[{"name":"wp","href":"https:\/\/api.w.org\/{rel}","templated":true}]}}

Sierra de Albarracín

<!-- This site is optimized with the Yoast SEO plugin v28.3 - https://yoast.com/product/yoast-seo-wordpress/ -->
<title>Rodar en Sierra de Albarracín - Spain Film Commission</title>
<meta name="description" content="En esta página encontrarás una pequeña descripción, mágenes e información relevante para que te hagas una idea de cómo es rodar en Sierra de Albarracín" />
<meta name="robots" content="index, follow, max-snippet:-1, max-image-preview:large, max-video-preview:-1" />
<link rel="canonical" href="https://spainfilmcommission.com/en/ai-locations/sierra-de-albarracin/" />
<meta property="og:locale" content="en_US" />
<meta property="og:type" content="article" />
<meta property="og:title" content="Rodar en Sierra de Albarracín - Spain Film Commission" />
<meta property="og:description" content="En esta página encontrarás una pequeña descripción, mágenes e información relevante para que te hagas una idea de cómo es rodar en Sierra de Albarracín" />
<meta property="og:url" content="https://spainfilmcommission.com/en/ai-locations/sierra-de-albarracin/" />
<meta property="og:site_name" content="Spain Film Commission" />
<meta property="article:modified_time" content="2025-04-21T10:50:03+00:00" />
<meta name="twitter:card" content="summary_large_image" />
<script type="application/ld+json" class="yoast-schema-graph">{"@context":"https:\/\/schema.org","@graph":[{"@type":"WebPage","@id":"https:\/\/spainfilmcommission.com\/en\/ai-locations\/sierra-de-albarracin\/","url":"https:\/\/spainfilmcommission.com\/en\/ai-locations\/sierra-de-albarracin\/","name":"Rodar en Sierra de Albarracín - Spain Film Commission","isPartOf":{"@id":"https:\/\/spainfilmcommission.com\/en\/#website"},"datePublished":"2025-02-27T17:24:25+00:00","dateModified":"2025-04-21T10:50:03+00:00","description":"En esta página encontrarás una pequeña descripción, mágenes e información relevante para que te hagas una idea de cómo es rodar en Sierra de Albarracín","breadcrumb":{"@id":"https:\/\/spainfilmcommission.com\/en\/ai-locations\/sierra-de-albarracin\/#breadcrumb"},"inLanguage":"en-US","potentialAction":[{"@type":"ReadAction","target":["https:\/\/spainfilmcommission.com\/en\/ai-locations\/sierra-de-albarracin\/"]}]},{"@type":"BreadcrumbList","@id":"https:\/\/spainfilmcommission.com\/en\/ai-locations\/sierra-de-albarracin\/#breadcrumb","itemListElement":[{"@type":"ListItem","position":1,"name":"Portada","item":"https:\/\/spainfilmcommission.com\/en\/"},{"@type":"ListItem","position":2,"name":"Sierra de Albarracín"}]},{"@type":"WebSite","@id":"https:\/\/spainfilmcommission.com\/en\/#website","url":"https:\/\/spainfilmcommission.com\/en\/","name":"Spain Film Commission","description":"","publisher":{"@id":"https:\/\/spainfilmcommission.com\/en\/#organization"},"potentialAction":[{"@type":"SearchAction","target":{"@type":"EntryPoint","urlTemplate":"https:\/\/spainfilmcommission.com\/en\/?s={search_term_string}"},"query-input":{"@type":"PropertyValueSpecification","valueRequired":true,"valueName":"search_term_string"}}],"inLanguage":"en-US"},{"@type":"Organization","@id":"https:\/\/spainfilmcommission.com\/en\/#organization","name":"Spain Film Commission","url":"https:\/\/spainfilmcommission.com\/en\/","logo":{"@type":"ImageObject","inLanguage":"en-US","@id":"https:\/\/spainfilmcommission.com\/en\/#\/schema\/logo\/image\/","url":"https:\/\/spainfilmcommission.com\/wp-content\/uploads\/2024\/07\/SPC_COLOR.png","contentUrl":"https:\/\/spainfilmcommission.com\/wp-content\/uploads\/2024\/07\/SPC_COLOR.png","width":1665,"height":1665,"caption":"Spain Film Commission"},"image":{"@id":"https:\/\/spainfilmcommission.com\/en\/#\/schema\/logo\/image\/"}}]}</script>
<!-- / Yoast SEO plugin. -->

Rodar en Sierra de Albarracín - Spain Film Commission

En esta página encontrarás una pequeña descripción, mágenes e información relevante para que te hagas una idea de cómo es rodar en Sierra de Albarracín

Albarracín

Albarracín (Teruel)

Espectaculares abrigos rocosos, con grandiosos arcos en roca caliza, encierra rincones sorprendentes y únicos enmarcados en una impresionante y variada orografía, ocupando el tramo central del Sistema Ibérico, entre los Montes Universales y los valles altos de los ríos Jiloca y Turia. Este espacio natural en Teruel (Aragón) fue la cuna de primitivas comunidades prehistóricas, que cuyas muestras de arte rupestre, agrupadas en el conjunto de Abrigos de Arte Rupestre de estilo Levantino del Arco Mediterráneo, ha sido declarado Patrimonio de la Humanidad.

We find spectacular rocks, with great limestone arches, that contain unique spots framed by a stunning, rugged terrain. It occupyies the central section of the Iberian System, between the Universal Mounts the upper valleys of the Jiloca and Turia rivers. This natural area in Teruel (Aragón) was the cradle of primitive prehistoric communities, whose examples of primitive art, which are part of the Abrigos de Arte Rupestre complex, of Levantine style, in the Mediterranean Basin, has been declared a World Heritage Site.

sierra-de-albarracín_286_1

sierra-de-albarracín_286_2

sierra-de-albarracín_286_3

sierra-de-albarracín_286_4

sierra-de-albarracín_286_5
