{"id":11329,"date":"2025-02-27T18:23:12","date_gmt":"2025-02-27T17:23:12","guid":{"rendered":"https:\/\/spainfilmcommission.com\/?post_type=localizacion&p=11329"},"modified":"-0001-11-30T00:00:00","modified_gmt":"-0001-11-29T22:00:00","slug":"o-cebreiro","status":"publish","type":"localizacion","link":"https:\/\/spainfilmcommission.com\/en\/ai-locations\/o-cebreiro\/","title":{"rendered":"O Cebreiro"},"content":{"rendered":"","protected":false},"author":2,"template":"","meta":[],"class_list":["post-11329","localizacion","type-localizacion","status-publish","hentry"],"yoast_head":"<!-- This site is optimized with the Yoast SEO plugin v28.3 - https:\/\/yoast.com\/product\/yoast-seo-wordpress\/ -->\n<title>Rodar en O Cebreiro - Spain Film Commission<\/title>\n<meta name=\"description\" content=\"En esta p\u00e1gina encontrar\u00e1s una peque\u00f1a descripci\u00f3n, m\u00e1genes e informaci\u00f3n relevante para que te hagas una idea de c\u00f3mo es rodar en O Cebreiro\" \/>\n<meta name=\"robots\" content=\"index, follow, max-snippet:-1, max-image-preview:large, max-video-preview:-1\" \/>\n<link rel=\"canonical\" href=\"https:\/\/spainfilmcommission.com\/en\/ai-locations\/o-cebreiro\/\" \/>\n<meta property=\"og:locale\" content=\"en_US\" \/>\n<meta property=\"og:type\" content=\"article\" \/>\n<meta property=\"og:title\" content=\"Rodar en O Cebreiro - Spain Film Commission\" \/>\n<meta property=\"og:description\" content=\"En esta p\u00e1gina encontrar\u00e1s una peque\u00f1a descripci\u00f3n, m\u00e1genes e informaci\u00f3n relevante para que te hagas una idea de c\u00f3mo es rodar en O Cebreiro\" \/>\n<meta property=\"og:url\" content=\"https:\/\/spainfilmcommission.com\/en\/ai-locations\/o-cebreiro\/\" \/>\n<meta property=\"og:site_name\" content=\"Spain Film Commission\" \/>\n<meta name=\"twitter:card\" content=\"summary_large_image\" \/>\n<script type=\"application\/ld+json\" class=\"yoast-schema-graph\">{\"@context\":\"https:\\\/\\\/schema.org\",\"@graph\":[{\"@type\":\"WebPage\",\"@id\":\"https:\\\/\\\/spainfilmcommission.com\\\/en\\\/ai-locations\\\/o-cebreiro\\\/\",\"url\":\"https:\\\/\\\/spainfilmcommission.com\\\/en\\\/ai-locations\\\/o-cebreiro\\\/\",\"name\":\"Rodar en O Cebreiro - Spain Film Commission\",\"isPartOf\":{\"@id\":\"https:\\\/\\\/spainfilmcommission.com\\\/en\\\/#website\"},\"datePublished\":\"2025-02-27T17:23:12+00:00\",\"description\":\"En esta p\u00e1gina encontrar\u00e1s una peque\u00f1a descripci\u00f3n, m\u00e1genes e informaci\u00f3n relevante para que te hagas una idea de c\u00f3mo es rodar en O Cebreiro\",\"breadcrumb\":{\"@id\":\"https:\\\/\\\/spainfilmcommission.com\\\/en\\\/ai-locations\\\/o-cebreiro\\\/#breadcrumb\"},\"inLanguage\":\"en-US\",\"potentialAction\":[{\"@type\":\"ReadAction\",\"target\":[\"https:\\\/\\\/spainfilmcommission.com\\\/en\\\/ai-locations\\\/o-cebreiro\\\/\"]}]},{\"@type\":\"BreadcrumbList\",\"@id\":\"https:\\\/\\\/spainfilmcommission.com\\\/en\\\/ai-locations\\\/o-cebreiro\\\/#breadcrumb\",\"itemListElement\":[{\"@type\":\"ListItem\",\"position\":1,\"name\":\"Portada\",\"item\":\"https:\\\/\\\/spainfilmcommission.com\\\/en\\\/\"},{\"@type\":\"ListItem\",\"position\":2,\"name\":\"O Cebreiro\"}]},{\"@type\":\"WebSite\",\"@id\":\"https:\\\/\\\/spainfilmcommission.com\\\/en\\\/#website\",\"url\":\"https:\\\/\\\/spainfilmcommission.com\\\/en\\\/\",\"name\":\"Spain Film Commission\",\"description\":\"\",\"publisher\":{\"@id\":\"https:\\\/\\\/spainfilmcommission.com\\\/en\\\/#organization\"},\"potentialAction\":[{\"@type\":\"SearchAction\",\"target\":{\"@type\":\"EntryPoint\",\"urlTemplate\":\"https:\\\/\\\/spainfilmcommission.com\\\/en\\\/?s={search_term_string}\"},\"query-input\":{\"@type\":\"PropertyValueSpecification\",\"valueRequired\":true,\"valueName\":\"search_term_string\"}}],\"inLanguage\":\"en-US\"},{\"@type\":\"Organization\",\"@id\":\"https:\\\/\\\/spainfilmcommission.com\\\/en\\\/#organization\",\"name\":\"Spain Film Commission\",\"url\":\"https:\\\/\\\/spainfilmcommission.com\\\/en\\\/\",\"logo\":{\"@type\":\"ImageObject\",\"inLanguage\":\"en-US\",\"@id\":\"https:\\\/\\\/spainfilmcommission.com\\\/en\\\/#\\\/schema\\\/logo\\\/image\\\/\",\"url\":\"https:\\\/\\\/spainfilmcommission.com\\\/wp-content\\\/uploads\\\/2024\\\/07\\\/SPC_COLOR.png\",\"contentUrl\":\"https:\\\/\\\/spainfilmcommission.com\\\/wp-content\\\/uploads\\\/2024\\\/07\\\/SPC_COLOR.png\",\"width\":1665,\"height\":1665,\"caption\":\"Spain Film Commission\"},\"image\":{\"@id\":\"https:\\\/\\\/spainfilmcommission.com\\\/en\\\/#\\\/schema\\\/logo\\\/image\\\/\"}}]}<\/script>\n<!-- \/ Yoast SEO plugin. -->","yoast_head_json":{"title":"Rodar en O Cebreiro - Spain Film Commission","description":"En esta p\u00e1gina encontrar\u00e1s una peque\u00f1a descripci\u00f3n, m\u00e1genes e informaci\u00f3n relevante para que te hagas una idea de c\u00f3mo es rodar en O Cebreiro","robots":{"index":"index","follow":"follow","max-snippet":"max-snippet:-1","max-image-preview":"max-image-preview:large","max-video-preview":"max-video-preview:-1"},"canonical":"https:\/\/spainfilmcommission.com\/en\/ai-locations\/o-cebreiro\/","og_locale":"en_US","og_type":"article","og_title":"Rodar en O Cebreiro - Spain Film Commission","og_description":"En esta p\u00e1gina encontrar\u00e1s una peque\u00f1a descripci\u00f3n, m\u00e1genes e informaci\u00f3n relevante para que te hagas una idea de c\u00f3mo es rodar en O Cebreiro","og_url":"https:\/\/spainfilmcommission.com\/en\/ai-locations\/o-cebreiro\/","og_site_name":"Spain Film Commission","twitter_card":"summary_large_image","schema":{"@context":"https:\/\/schema.org","@graph":[{"@type":"WebPage","@id":"https:\/\/spainfilmcommission.com\/en\/ai-locations\/o-cebreiro\/","url":"https:\/\/spainfilmcommission.com\/en\/ai-locations\/o-cebreiro\/","name":"Rodar en O Cebreiro - Spain Film Commission","isPartOf":{"@id":"https:\/\/spainfilmcommission.com\/en\/#website"},"datePublished":"2025-02-27T17:23:12+00:00","description":"En esta p\u00e1gina encontrar\u00e1s una peque\u00f1a descripci\u00f3n, m\u00e1genes e informaci\u00f3n relevante para que te hagas una idea de c\u00f3mo es rodar en O Cebreiro","breadcrumb":{"@id":"https:\/\/spainfilmcommission.com\/en\/ai-locations\/o-cebreiro\/#breadcrumb"},"inLanguage":"en-US","potentialAction":[{"@type":"ReadAction","target":["https:\/\/spainfilmcommission.com\/en\/ai-locations\/o-cebreiro\/"]}]},{"@type":"BreadcrumbList","@id":"https:\/\/spainfilmcommission.com\/en\/ai-locations\/o-cebreiro\/#breadcrumb","itemListElement":[{"@type":"ListItem","position":1,"name":"Portada","item":"https:\/\/spainfilmcommission.com\/en\/"},{"@type":"ListItem","position":2,"name":"O Cebreiro"}]},{"@type":"WebSite","@id":"https:\/\/spainfilmcommission.com\/en\/#website","url":"https:\/\/spainfilmcommission.com\/en\/","name":"Spain Film Commission","description":"","publisher":{"@id":"https:\/\/spainfilmcommission.com\/en\/#organization"},"potentialAction":[{"@type":"SearchAction","target":{"@type":"EntryPoint","urlTemplate":"https:\/\/spainfilmcommission.com\/en\/?s={search_term_string}"},"query-input":{"@type":"PropertyValueSpecification","valueRequired":true,"valueName":"search_term_string"}}],"inLanguage":"en-US"},{"@type":"Organization","@id":"https:\/\/spainfilmcommission.com\/en\/#organization","name":"Spain Film Commission","url":"https:\/\/spainfilmcommission.com\/en\/","logo":{"@type":"ImageObject","inLanguage":"en-US","@id":"https:\/\/spainfilmcommission.com\/en\/#\/schema\/logo\/image\/","url":"https:\/\/spainfilmcommission.com\/wp-content\/uploads\/2024\/07\/SPC_COLOR.png","contentUrl":"https:\/\/spainfilmcommission.com\/wp-content\/uploads\/2024\/07\/SPC_COLOR.png","width":1665,"height":1665,"caption":"Spain Film Commission"},"image":{"@id":"https:\/\/spainfilmcommission.com\/en\/#\/schema\/logo\/image\/"}}]}},"socio":false,"nombrees":"O Cebreiro","nombreen":"O Cebreiro","localidad":"Pedrafita de O Cebreiro","provincia":"Lugo","coordenadas_maps":"42.7255, -7.02151","latitud":"42.7255","longitud":"-7.02151","direcciones":"","direccionen":"","cod_postal":"","telefono":"(+34) 95 461 40 09","fax":"","mail":"coordinacion@spainfilmcommission.org","web":"www.concellodepedrafitadocebreiro.es\/","descripciones":"O Cebreiro es una parroquia del municipio de Piedrafita do Cebreiro (Lugo, Galicia). Pertenece a la Comarca de Los Ancares Lucenses. En su arquitectura destacan las pallozas, viviendas de piedra con techo de paja. Algunos lugares de inter\u00e9s son la iglesia de Santa Mar\u00eda (prerrom\u00e1nica, del siglo IX), que custodia un c\u00e1liz (rom\u00e1nico, datado en el siglo XII), y la hospeder\u00eda San Giraldo de Aurillac, la m\u00e1s frecuentada desde Roncesvalles, puesto que funciona desde el siglo IX.","descripcionen":"O Cebreiro is a parish of the municipality of Piedrafita do Cebreiro (Lugo, Galicia). In its architecture the pallozas, stone houses with thatched, stand out. Some interesting sights are the Church of Santa Mar\u00eda (Romanesque, 9th century), which houses a Romanesque chalice, from the 12th century, and the San Giraldo de Aurillac hostel, the busiest from Roncesvalles, since it has been running since the 9th century.","galeria":[{"ID":"29207","post_author":"2","post_date":"2025-03-08 12:49:38","post_date_gmt":"2025-03-08 11:49:38","post_content":"","post_title":"o-cebreiro_264_1","post_excerpt":"","post_status":"inherit","comment_status":"","ping_status":"closed","post_password":"","post_name":"o-cebreiro_264_1","to_ping":"","pinged":"","post_modified":"2025-03-08 12:49:38","post_modified_gmt":"2025-03-08 11:49:38","post_content_filtered":"","post_parent":"0","guid":"https:\/\/spainfilmcommission.com\/wp-content\/uploads\/2025\/03\/o-cebreiro_264_1.png","menu_order":"0","post_type":"attachment","post_mime_type":"image\/png","comment_count":"0","pod_item_id":"29207"},{"ID":"29209","post_author":"2","post_date":"2025-03-08 12:49:41","post_date_gmt":"2025-03-08 11:49:41","post_content":"","post_title":"o-cebreiro_264_2","post_excerpt":"","post_status":"inherit","comment_status":"","ping_status":"closed","post_password":"","post_name":"o-cebreiro_264_2","to_ping":"","pinged":"","post_modified":"2025-03-08 12:49:41","post_modified_gmt":"2025-03-08 11:49:41","post_content_filtered":"","post_parent":"0","guid":"https:\/\/spainfilmcommission.com\/wp-content\/uploads\/2025\/03\/o-cebreiro_264_2.jpg","menu_order":"0","post_type":"attachment","post_mime_type":"image\/jpeg","comment_count":"0","pod_item_id":"29209"},{"ID":"29211","post_author":"2","post_date":"2025-03-08 12:49:44","post_date_gmt":"2025-03-08 11:49:44","post_content":"","post_title":"o-cebreiro_264_3","post_excerpt":"","post_status":"inherit","comment_status":"","ping_status":"closed","post_password":"","post_name":"o-cebreiro_264_3","to_ping":"","pinged":"","post_modified":"2025-03-08 12:49:44","post_modified_gmt":"2025-03-08 11:49:44","post_content_filtered":"","post_parent":"0","guid":"https:\/\/spainfilmcommission.com\/wp-content\/uploads\/2025\/03\/o-cebreiro_264_3.jpg","menu_order":"0","post_type":"attachment","post_mime_type":"image\/jpeg","comment_count":"0","pod_item_id":"29211"},{"ID":"29213","post_author":"2","post_date":"2025-03-08 12:49:46","post_date_gmt":"2025-03-08 11:49:46","post_content":"","post_title":"o-cebreiro_264_4","post_excerpt":"","post_status":"inherit","comment_status":"","ping_status":"closed","post_password":"","post_name":"o-cebreiro_264_4","to_ping":"","pinged":"","post_modified":"2025-03-08 12:49:46","post_modified_gmt":"2025-03-08 11:49:46","post_content_filtered":"","post_parent":"0","guid":"https:\/\/spainfilmcommission.com\/wp-content\/uploads\/2025\/03\/o-cebreiro_264_4.jpg","menu_order":"0","post_type":"attachment","post_mime_type":"image\/jpeg","comment_count":"0","pod_item_id":"29213"},{"ID":"29215","post_author":"2","post_date":"2025-03-08 12:49:49","post_date_gmt":"2025-03-08 11:49:49","post_content":"","post_title":"o-cebreiro_264_5","post_excerpt":"","post_status":"inherit","comment_status":"","ping_status":"closed","post_password":"","post_name":"o-cebreiro_264_5","to_ping":"","pinged":"","post_modified":"2025-03-08 12:49:49","post_modified_gmt":"2025-03-08 11:49:49","post_content_filtered":"","post_parent":"0","guid":"https:\/\/spainfilmcommission.com\/wp-content\/uploads\/2025\/03\/o-cebreiro_264_5.jpg","menu_order":"0","post_type":"attachment","post_mime_type":"image\/jpeg","comment_count":"0","pod_item_id":"29215"},{"ID":"29217","post_author":"2","post_date":"2025-03-08 12:49:53","post_date_gmt":"2025-03-08 11:49:53","post_content":"","post_title":"o-cebreiro_264_6","post_excerpt":"","post_status":"inherit","comment_status":"","ping_status":"closed","post_password":"","post_name":"o-cebreiro_264_6","to_ping":"","pinged":"","post_modified":"2025-03-08 12:49:53","post_modified_gmt":"2025-03-08 11:49:53","post_content_filtered":"","post_parent":"0","guid":"https:\/\/spainfilmcommission.com\/wp-content\/uploads\/2025\/03\/o-cebreiro_264_6.jpg","menu_order":"0","post_type":"attachment","post_mime_type":"image\/jpeg","comment_count":"0","pod_item_id":"29217"},{"ID":"29219","post_author":"2","post_date":"2025-03-08 12:49:57","post_date_gmt":"2025-03-08 11:49:57","post_content":"","post_title":"o-cebreiro_264_7","post_excerpt":"","post_status":"inherit","comment_status":"","ping_status":"closed","post_password":"","post_name":"o-cebreiro_264_7","to_ping":"","pinged":"","post_modified":"2025-03-08 12:49:57","post_modified_gmt":"2025-03-08 11:49:57","post_content_filtered":"","post_parent":"0","guid":"https:\/\/spainfilmcommission.com\/wp-content\/uploads\/2025\/03\/o-cebreiro_264_7.jpg","menu_order":"0","post_type":"attachment","post_mime_type":"image\/jpeg","comment_count":"0","pod_item_id":"29219"}],"nombrepaginaes":"o-cebreiro","nombrepaginaen":"o-cebreiro","latitud_gps":"42.707.831","longitud_gps":"-7.043.919","adicionaleses":"","adicionalesen":"","videoes":"","videoen":"","video2es":"","video2en":"","_links":{"self":[{"href":"https:\/\/spainfilmcommission.com\/en\/wp-json\/wp\/v2\/localizaciones\/localizacion\/11329","targetHints":{"allow":["GET"]}}],"collection":[{"href":"https:\/\/spainfilmcommission.com\/en\/wp-json\/wp\/v2\/localizaciones\/localizacion"}],"about":[{"href":"https:\/\/spainfilmcommission.com\/en\/wp-json\/wp\/v2\/types\/localizacion"}],"author":[{"embeddable":true,"href":"https:\/\/spainfilmcommission.com\/en\/wp-json\/wp\/v2\/users\/2"}],"wp:attachment":[{"href":"https:\/\/spainfilmcommission.com\/en\/wp-json\/wp\/v2\/media?parent=11329"}],"curies":[{"name":"wp","href":"https:\/\/api.w.org\/{rel}","templated":true}]}}

<!-- This site is optimized with the Yoast SEO plugin v28.3 - https://yoast.com/product/yoast-seo-wordpress/ -->
<title>Rodar en O Cebreiro - Spain Film Commission</title>
<meta name="description" content="En esta página encontrarás una pequeña descripción, mágenes e información relevante para que te hagas una idea de cómo es rodar en O Cebreiro" />
<meta name="robots" content="index, follow, max-snippet:-1, max-image-preview:large, max-video-preview:-1" />
<link rel="canonical" href="https://spainfilmcommission.com/en/ai-locations/o-cebreiro/" />
<meta property="og:locale" content="en_US" />
<meta property="og:type" content="article" />
<meta property="og:title" content="Rodar en O Cebreiro - Spain Film Commission" />
<meta property="og:description" content="En esta página encontrarás una pequeña descripción, mágenes e información relevante para que te hagas una idea de cómo es rodar en O Cebreiro" />
<meta property="og:url" content="https://spainfilmcommission.com/en/ai-locations/o-cebreiro/" />
<meta property="og:site_name" content="Spain Film Commission" />
<meta name="twitter:card" content="summary_large_image" />
<script type="application/ld+json" class="yoast-schema-graph">{"@context":"https:\/\/schema.org","@graph":[{"@type":"WebPage","@id":"https:\/\/spainfilmcommission.com\/en\/ai-locations\/o-cebreiro\/","url":"https:\/\/spainfilmcommission.com\/en\/ai-locations\/o-cebreiro\/","name":"Rodar en O Cebreiro - Spain Film Commission","isPartOf":{"@id":"https:\/\/spainfilmcommission.com\/en\/#website"},"datePublished":"2025-02-27T17:23:12+00:00","description":"En esta página encontrarás una pequeña descripción, mágenes e información relevante para que te hagas una idea de cómo es rodar en O Cebreiro","breadcrumb":{"@id":"https:\/\/spainfilmcommission.com\/en\/ai-locations\/o-cebreiro\/#breadcrumb"},"inLanguage":"en-US","potentialAction":[{"@type":"ReadAction","target":["https:\/\/spainfilmcommission.com\/en\/ai-locations\/o-cebreiro\/"]}]},{"@type":"BreadcrumbList","@id":"https:\/\/spainfilmcommission.com\/en\/ai-locations\/o-cebreiro\/#breadcrumb","itemListElement":[{"@type":"ListItem","position":1,"name":"Portada","item":"https:\/\/spainfilmcommission.com\/en\/"},{"@type":"ListItem","position":2,"name":"O Cebreiro"}]},{"@type":"WebSite","@id":"https:\/\/spainfilmcommission.com\/en\/#website","url":"https:\/\/spainfilmcommission.com\/en\/","name":"Spain Film Commission","description":"","publisher":{"@id":"https:\/\/spainfilmcommission.com\/en\/#organization"},"potentialAction":[{"@type":"SearchAction","target":{"@type":"EntryPoint","urlTemplate":"https:\/\/spainfilmcommission.com\/en\/?s={search_term_string}"},"query-input":{"@type":"PropertyValueSpecification","valueRequired":true,"valueName":"search_term_string"}}],"inLanguage":"en-US"},{"@type":"Organization","@id":"https:\/\/spainfilmcommission.com\/en\/#organization","name":"Spain Film Commission","url":"https:\/\/spainfilmcommission.com\/en\/","logo":{"@type":"ImageObject","inLanguage":"en-US","@id":"https:\/\/spainfilmcommission.com\/en\/#\/schema\/logo\/image\/","url":"https:\/\/spainfilmcommission.com\/wp-content\/uploads\/2024\/07\/SPC_COLOR.png","contentUrl":"https:\/\/spainfilmcommission.com\/wp-content\/uploads\/2024\/07\/SPC_COLOR.png","width":1665,"height":1665,"caption":"Spain Film Commission"},"image":{"@id":"https:\/\/spainfilmcommission.com\/en\/#\/schema\/logo\/image\/"}}]}</script>
<!-- / Yoast SEO plugin. -->

En esta página encontrarás una pequeña descripción, mágenes e información relevante para que te hagas una idea de cómo es rodar en O Cebreiro

O Cebreiro es una parroquia del municipio de Piedrafita do Cebreiro (Lugo, Galicia). Pertenece a la Comarca de Los Ancares Lucenses. En su arquitectura destacan las pallozas, viviendas de piedra con techo de paja. Algunos lugares de interés son la iglesia de Santa María (prerrománica, del siglo IX), que custodia un cáliz (románico, datado en el siglo XII), y la hospedería San Giraldo de Aurillac, la más frecuentada desde Roncesvalles, puesto que funciona desde el siglo IX.

O Cebreiro is a parish of the municipality of Piedrafita do Cebreiro (Lugo, Galicia). In its architecture the pallozas, stone houses with thatched, stand out. Some interesting sights are the Church of Santa María (Romanesque, 9th century), which houses a Romanesque chalice, from the 12th century, and the San Giraldo de Aurillac hostel, the busiest from Roncesvalles, since it has been running since the 9th century.
