{"id":11322,"date":"2025-02-27T18:23:12","date_gmt":"2025-02-27T17:23:12","guid":{"rendered":"https:\/\/spainfilmcommission.com\/?post_type=localizacion&p=11322"},"modified":"-0001-11-30T00:00:00","modified_gmt":"-0001-11-29T22:00:00","slug":"playa-de-las-catedrales","status":"publish","type":"localizacion","link":"https:\/\/spainfilmcommission.com\/en\/ai-locations\/playa-de-las-catedrales\/","title":{"rendered":"Playa de Las Catedrales"},"content":{"rendered":"","protected":false},"author":2,"template":"","meta":[],"class_list":["post-11322","localizacion","type-localizacion","status-publish","hentry"],"yoast_head":"<!-- This site is optimized with the Yoast SEO plugin v28.3 - https:\/\/yoast.com\/product\/yoast-seo-wordpress\/ -->\n<title>Rodar en Playa de Las Catedrales - Spain Film Commission<\/title>\n<meta name=\"description\" content=\"En esta p\u00e1gina encontrar\u00e1s una peque\u00f1a descripci\u00f3n, m\u00e1genes e informaci\u00f3n relevante para que te hagas una idea de c\u00f3mo es rodar en Playa de Las Catedrales\" \/>\n<meta name=\"robots\" content=\"index, follow, max-snippet:-1, max-image-preview:large, max-video-preview:-1\" \/>\n<link rel=\"canonical\" href=\"https:\/\/spainfilmcommission.com\/en\/ai-locations\/playa-de-las-catedrales\/\" \/>\n<meta property=\"og:locale\" content=\"en_US\" \/>\n<meta property=\"og:type\" content=\"article\" \/>\n<meta property=\"og:title\" content=\"Rodar en Playa de Las Catedrales - Spain Film Commission\" \/>\n<meta property=\"og:description\" content=\"En esta p\u00e1gina encontrar\u00e1s una peque\u00f1a descripci\u00f3n, m\u00e1genes e informaci\u00f3n relevante para que te hagas una idea de c\u00f3mo es rodar en Playa de Las Catedrales\" \/>\n<meta property=\"og:url\" content=\"https:\/\/spainfilmcommission.com\/en\/ai-locations\/playa-de-las-catedrales\/\" \/>\n<meta property=\"og:site_name\" content=\"Spain Film Commission\" \/>\n<meta name=\"twitter:card\" content=\"summary_large_image\" \/>\n<script type=\"application\/ld+json\" class=\"yoast-schema-graph\">{\"@context\":\"https:\\\/\\\/schema.org\",\"@graph\":[{\"@type\":\"WebPage\",\"@id\":\"https:\\\/\\\/spainfilmcommission.com\\\/en\\\/ai-locations\\\/playa-de-las-catedrales\\\/\",\"url\":\"https:\\\/\\\/spainfilmcommission.com\\\/en\\\/ai-locations\\\/playa-de-las-catedrales\\\/\",\"name\":\"Rodar en Playa de Las Catedrales - Spain Film Commission\",\"isPartOf\":{\"@id\":\"https:\\\/\\\/spainfilmcommission.com\\\/en\\\/#website\"},\"datePublished\":\"2025-02-27T17:23:12+00:00\",\"description\":\"En esta p\u00e1gina encontrar\u00e1s una peque\u00f1a descripci\u00f3n, m\u00e1genes e informaci\u00f3n relevante para que te hagas una idea de c\u00f3mo es rodar en Playa de Las Catedrales\",\"breadcrumb\":{\"@id\":\"https:\\\/\\\/spainfilmcommission.com\\\/en\\\/ai-locations\\\/playa-de-las-catedrales\\\/#breadcrumb\"},\"inLanguage\":\"en-US\",\"potentialAction\":[{\"@type\":\"ReadAction\",\"target\":[\"https:\\\/\\\/spainfilmcommission.com\\\/en\\\/ai-locations\\\/playa-de-las-catedrales\\\/\"]}]},{\"@type\":\"BreadcrumbList\",\"@id\":\"https:\\\/\\\/spainfilmcommission.com\\\/en\\\/ai-locations\\\/playa-de-las-catedrales\\\/#breadcrumb\",\"itemListElement\":[{\"@type\":\"ListItem\",\"position\":1,\"name\":\"Portada\",\"item\":\"https:\\\/\\\/spainfilmcommission.com\\\/en\\\/\"},{\"@type\":\"ListItem\",\"position\":2,\"name\":\"Playa de Las Catedrales\"}]},{\"@type\":\"WebSite\",\"@id\":\"https:\\\/\\\/spainfilmcommission.com\\\/en\\\/#website\",\"url\":\"https:\\\/\\\/spainfilmcommission.com\\\/en\\\/\",\"name\":\"Spain Film Commission\",\"description\":\"\",\"publisher\":{\"@id\":\"https:\\\/\\\/spainfilmcommission.com\\\/en\\\/#organization\"},\"potentialAction\":[{\"@type\":\"SearchAction\",\"target\":{\"@type\":\"EntryPoint\",\"urlTemplate\":\"https:\\\/\\\/spainfilmcommission.com\\\/en\\\/?s={search_term_string}\"},\"query-input\":{\"@type\":\"PropertyValueSpecification\",\"valueRequired\":true,\"valueName\":\"search_term_string\"}}],\"inLanguage\":\"en-US\"},{\"@type\":\"Organization\",\"@id\":\"https:\\\/\\\/spainfilmcommission.com\\\/en\\\/#organization\",\"name\":\"Spain Film Commission\",\"url\":\"https:\\\/\\\/spainfilmcommission.com\\\/en\\\/\",\"logo\":{\"@type\":\"ImageObject\",\"inLanguage\":\"en-US\",\"@id\":\"https:\\\/\\\/spainfilmcommission.com\\\/en\\\/#\\\/schema\\\/logo\\\/image\\\/\",\"url\":\"https:\\\/\\\/spainfilmcommission.com\\\/wp-content\\\/uploads\\\/2024\\\/07\\\/SPC_COLOR.png\",\"contentUrl\":\"https:\\\/\\\/spainfilmcommission.com\\\/wp-content\\\/uploads\\\/2024\\\/07\\\/SPC_COLOR.png\",\"width\":1665,\"height\":1665,\"caption\":\"Spain Film Commission\"},\"image\":{\"@id\":\"https:\\\/\\\/spainfilmcommission.com\\\/en\\\/#\\\/schema\\\/logo\\\/image\\\/\"}}]}<\/script>\n<!-- \/ Yoast SEO plugin. -->","yoast_head_json":{"title":"Rodar en Playa de Las Catedrales - Spain Film Commission","description":"En esta p\u00e1gina encontrar\u00e1s una peque\u00f1a descripci\u00f3n, m\u00e1genes e informaci\u00f3n relevante para que te hagas una idea de c\u00f3mo es rodar en Playa de Las Catedrales","robots":{"index":"index","follow":"follow","max-snippet":"max-snippet:-1","max-image-preview":"max-image-preview:large","max-video-preview":"max-video-preview:-1"},"canonical":"https:\/\/spainfilmcommission.com\/en\/ai-locations\/playa-de-las-catedrales\/","og_locale":"en_US","og_type":"article","og_title":"Rodar en Playa de Las Catedrales - Spain Film Commission","og_description":"En esta p\u00e1gina encontrar\u00e1s una peque\u00f1a descripci\u00f3n, m\u00e1genes e informaci\u00f3n relevante para que te hagas una idea de c\u00f3mo es rodar en Playa de Las Catedrales","og_url":"https:\/\/spainfilmcommission.com\/en\/ai-locations\/playa-de-las-catedrales\/","og_site_name":"Spain Film Commission","twitter_card":"summary_large_image","schema":{"@context":"https:\/\/schema.org","@graph":[{"@type":"WebPage","@id":"https:\/\/spainfilmcommission.com\/en\/ai-locations\/playa-de-las-catedrales\/","url":"https:\/\/spainfilmcommission.com\/en\/ai-locations\/playa-de-las-catedrales\/","name":"Rodar en Playa de Las Catedrales - Spain Film Commission","isPartOf":{"@id":"https:\/\/spainfilmcommission.com\/en\/#website"},"datePublished":"2025-02-27T17:23:12+00:00","description":"En esta p\u00e1gina encontrar\u00e1s una peque\u00f1a descripci\u00f3n, m\u00e1genes e informaci\u00f3n relevante para que te hagas una idea de c\u00f3mo es rodar en Playa de Las Catedrales","breadcrumb":{"@id":"https:\/\/spainfilmcommission.com\/en\/ai-locations\/playa-de-las-catedrales\/#breadcrumb"},"inLanguage":"en-US","potentialAction":[{"@type":"ReadAction","target":["https:\/\/spainfilmcommission.com\/en\/ai-locations\/playa-de-las-catedrales\/"]}]},{"@type":"BreadcrumbList","@id":"https:\/\/spainfilmcommission.com\/en\/ai-locations\/playa-de-las-catedrales\/#breadcrumb","itemListElement":[{"@type":"ListItem","position":1,"name":"Portada","item":"https:\/\/spainfilmcommission.com\/en\/"},{"@type":"ListItem","position":2,"name":"Playa de Las Catedrales"}]},{"@type":"WebSite","@id":"https:\/\/spainfilmcommission.com\/en\/#website","url":"https:\/\/spainfilmcommission.com\/en\/","name":"Spain Film Commission","description":"","publisher":{"@id":"https:\/\/spainfilmcommission.com\/en\/#organization"},"potentialAction":[{"@type":"SearchAction","target":{"@type":"EntryPoint","urlTemplate":"https:\/\/spainfilmcommission.com\/en\/?s={search_term_string}"},"query-input":{"@type":"PropertyValueSpecification","valueRequired":true,"valueName":"search_term_string"}}],"inLanguage":"en-US"},{"@type":"Organization","@id":"https:\/\/spainfilmcommission.com\/en\/#organization","name":"Spain Film Commission","url":"https:\/\/spainfilmcommission.com\/en\/","logo":{"@type":"ImageObject","inLanguage":"en-US","@id":"https:\/\/spainfilmcommission.com\/en\/#\/schema\/logo\/image\/","url":"https:\/\/spainfilmcommission.com\/wp-content\/uploads\/2024\/07\/SPC_COLOR.png","contentUrl":"https:\/\/spainfilmcommission.com\/wp-content\/uploads\/2024\/07\/SPC_COLOR.png","width":1665,"height":1665,"caption":"Spain Film Commission"},"image":{"@id":"https:\/\/spainfilmcommission.com\/en\/#\/schema\/logo\/image\/"}}]}},"socio":false,"nombrees":"Playa de Las Catedrales","nombreen":"Playa de Las Catedrales","localidad":"Ribadeo","provincia":"Lugo","coordenadas_maps":"43.5554, -7.13824","latitud":"43.5554","longitud":"-7.13824","direcciones":"","direccionen":"","cod_postal":"","telefono":"(+34) 982 20 62 25","fax":"","mail":"coordinacion@spainfilmcommission.org","web":"http:\/\/www.playadecatedrales.com\/","descripciones":"La playa de las Catedrales est\u00e1 situada en la costa de la provincia de Lugo (Galicia). Se le llama as\u00ed por el conjunto de acantilados, algunos con m\u00e1s de 32 metros de altura, que esculpidos por el viento y el mar, forman unos arcos y b\u00f3vedas espectaculares dejando un paisaje maravilloso en la que est\u00e1 considerada como una de las playas m\u00e1s espectaculares del mundo.","descripcionen":"Cathedrals Beach is located on the coast of the province of Lugo (Galicia). He was so called by the set of cliffs, some over 32 meters high, carved by wind and sea, forming arches and spectacular vaults leaving a wonderful most spectacular landscape in which it is considered one of the beaches world.","galeria":[{"ID":"30709","post_author":"2","post_date":"2025-03-08 13:34:26","post_date_gmt":"2025-03-08 12:34:26","post_content":"","post_title":"playa-de-las-catedrales_256_1","post_excerpt":"","post_status":"inherit","comment_status":"","ping_status":"closed","post_password":"","post_name":"playa-de-las-catedrales_256_1","to_ping":"","pinged":"","post_modified":"2025-03-08 13:34:26","post_modified_gmt":"2025-03-08 12:34:26","post_content_filtered":"","post_parent":"0","guid":"https:\/\/spainfilmcommission.com\/wp-content\/uploads\/2025\/03\/playa-de-las-catedrales_256_1.jpg","menu_order":"0","post_type":"attachment","post_mime_type":"image\/jpeg","comment_count":"0","pod_item_id":"30709"},{"ID":"30711","post_author":"2","post_date":"2025-03-08 13:34:30","post_date_gmt":"2025-03-08 12:34:30","post_content":"","post_title":"playa-de-las-catedrales_256_2","post_excerpt":"","post_status":"inherit","comment_status":"","ping_status":"closed","post_password":"","post_name":"playa-de-las-catedrales_256_2","to_ping":"","pinged":"","post_modified":"2025-03-08 13:34:30","post_modified_gmt":"2025-03-08 12:34:30","post_content_filtered":"","post_parent":"0","guid":"https:\/\/spainfilmcommission.com\/wp-content\/uploads\/2025\/03\/playa-de-las-catedrales_256_2.jpg","menu_order":"0","post_type":"attachment","post_mime_type":"image\/jpeg","comment_count":"0","pod_item_id":"30711"},{"ID":"30713","post_author":"2","post_date":"2025-03-08 13:34:33","post_date_gmt":"2025-03-08 12:34:33","post_content":"","post_title":"playa-de-las-catedrales_256_3","post_excerpt":"","post_status":"inherit","comment_status":"","ping_status":"closed","post_password":"","post_name":"playa-de-las-catedrales_256_3","to_ping":"","pinged":"","post_modified":"2025-03-08 13:34:33","post_modified_gmt":"2025-03-08 12:34:33","post_content_filtered":"","post_parent":"0","guid":"https:\/\/spainfilmcommission.com\/wp-content\/uploads\/2025\/03\/playa-de-las-catedrales_256_3.jpg","menu_order":"0","post_type":"attachment","post_mime_type":"image\/jpeg","comment_count":"0","pod_item_id":"30713"},{"ID":"30715","post_author":"2","post_date":"2025-03-08 13:34:35","post_date_gmt":"2025-03-08 12:34:35","post_content":"","post_title":"playa-de-las-catedrales_256_4","post_excerpt":"","post_status":"inherit","comment_status":"","ping_status":"closed","post_password":"","post_name":"playa-de-las-catedrales_256_4","to_ping":"","pinged":"","post_modified":"2025-03-08 13:34:35","post_modified_gmt":"2025-03-08 12:34:35","post_content_filtered":"","post_parent":"0","guid":"https:\/\/spainfilmcommission.com\/wp-content\/uploads\/2025\/03\/playa-de-las-catedrales_256_4.jpg","menu_order":"0","post_type":"attachment","post_mime_type":"image\/jpeg","comment_count":"0","pod_item_id":"30715"},{"ID":"30717","post_author":"2","post_date":"2025-03-08 13:34:39","post_date_gmt":"2025-03-08 12:34:39","post_content":"","post_title":"playa-de-las-catedrales_256_5","post_excerpt":"","post_status":"inherit","comment_status":"","ping_status":"closed","post_password":"","post_name":"playa-de-las-catedrales_256_5","to_ping":"","pinged":"","post_modified":"2025-03-08 13:34:39","post_modified_gmt":"2025-03-08 12:34:39","post_content_filtered":"","post_parent":"0","guid":"https:\/\/spainfilmcommission.com\/wp-content\/uploads\/2025\/03\/playa-de-las-catedrales_256_5.jpg","menu_order":"0","post_type":"attachment","post_mime_type":"image\/jpeg","comment_count":"0","pod_item_id":"30717"},{"ID":"30719","post_author":"2","post_date":"2025-03-08 13:34:41","post_date_gmt":"2025-03-08 12:34:41","post_content":"","post_title":"playa-de-las-catedrales_256_6","post_excerpt":"","post_status":"inherit","comment_status":"","ping_status":"closed","post_password":"","post_name":"playa-de-las-catedrales_256_6","to_ping":"","pinged":"","post_modified":"2025-03-08 13:34:41","post_modified_gmt":"2025-03-08 12:34:41","post_content_filtered":"","post_parent":"0","guid":"https:\/\/spainfilmcommission.com\/wp-content\/uploads\/2025\/03\/playa-de-las-catedrales_256_6.jpg","menu_order":"0","post_type":"attachment","post_mime_type":"image\/jpeg","comment_count":"0","pod_item_id":"30719"},{"ID":"30721","post_author":"2","post_date":"2025-03-08 13:34:43","post_date_gmt":"2025-03-08 12:34:43","post_content":"","post_title":"playa-de-las-catedrales_256_7","post_excerpt":"","post_status":"inherit","comment_status":"","ping_status":"closed","post_password":"","post_name":"playa-de-las-catedrales_256_7","to_ping":"","pinged":"","post_modified":"2025-03-08 13:34:43","post_modified_gmt":"2025-03-08 12:34:43","post_content_filtered":"","post_parent":"0","guid":"https:\/\/spainfilmcommission.com\/wp-content\/uploads\/2025\/03\/playa-de-las-catedrales_256_7.jpg","menu_order":"0","post_type":"attachment","post_mime_type":"image\/jpeg","comment_count":"0","pod_item_id":"30721"}],"nombrepaginaes":"playa-de-las-catedrales","nombrepaginaen":"playa-de-las-catedrales","latitud_gps":"","longitud_gps":"","adicionaleses":"","adicionalesen":"","videoes":"","videoen":"","video2es":"","video2en":"","_links":{"self":[{"href":"https:\/\/spainfilmcommission.com\/en\/wp-json\/wp\/v2\/localizaciones\/localizacion\/11322","targetHints":{"allow":["GET"]}}],"collection":[{"href":"https:\/\/spainfilmcommission.com\/en\/wp-json\/wp\/v2\/localizaciones\/localizacion"}],"about":[{"href":"https:\/\/spainfilmcommission.com\/en\/wp-json\/wp\/v2\/types\/localizacion"}],"author":[{"embeddable":true,"href":"https:\/\/spainfilmcommission.com\/en\/wp-json\/wp\/v2\/users\/2"}],"wp:attachment":[{"href":"https:\/\/spainfilmcommission.com\/en\/wp-json\/wp\/v2\/media?parent=11322"}],"curies":[{"name":"wp","href":"https:\/\/api.w.org\/{rel}","templated":true}]}}

<!-- This site is optimized with the Yoast SEO plugin v28.3 - https://yoast.com/product/yoast-seo-wordpress/ -->
<title>Rodar en Playa de Las Catedrales - Spain Film Commission</title>
<meta name="description" content="En esta página encontrarás una pequeña descripción, mágenes e información relevante para que te hagas una idea de cómo es rodar en Playa de Las Catedrales" />
<meta name="robots" content="index, follow, max-snippet:-1, max-image-preview:large, max-video-preview:-1" />
<link rel="canonical" href="https://spainfilmcommission.com/en/ai-locations/playa-de-las-catedrales/" />
<meta property="og:locale" content="en_US" />
<meta property="og:type" content="article" />
<meta property="og:title" content="Rodar en Playa de Las Catedrales - Spain Film Commission" />
<meta property="og:description" content="En esta página encontrarás una pequeña descripción, mágenes e información relevante para que te hagas una idea de cómo es rodar en Playa de Las Catedrales" />
<meta property="og:url" content="https://spainfilmcommission.com/en/ai-locations/playa-de-las-catedrales/" />
<meta property="og:site_name" content="Spain Film Commission" />
<meta name="twitter:card" content="summary_large_image" />
<script type="application/ld+json" class="yoast-schema-graph">{"@context":"https:\/\/schema.org","@graph":[{"@type":"WebPage","@id":"https:\/\/spainfilmcommission.com\/en\/ai-locations\/playa-de-las-catedrales\/","url":"https:\/\/spainfilmcommission.com\/en\/ai-locations\/playa-de-las-catedrales\/","name":"Rodar en Playa de Las Catedrales - Spain Film Commission","isPartOf":{"@id":"https:\/\/spainfilmcommission.com\/en\/#website"},"datePublished":"2025-02-27T17:23:12+00:00","description":"En esta página encontrarás una pequeña descripción, mágenes e información relevante para que te hagas una idea de cómo es rodar en Playa de Las Catedrales","breadcrumb":{"@id":"https:\/\/spainfilmcommission.com\/en\/ai-locations\/playa-de-las-catedrales\/#breadcrumb"},"inLanguage":"en-US","potentialAction":[{"@type":"ReadAction","target":["https:\/\/spainfilmcommission.com\/en\/ai-locations\/playa-de-las-catedrales\/"]}]},{"@type":"BreadcrumbList","@id":"https:\/\/spainfilmcommission.com\/en\/ai-locations\/playa-de-las-catedrales\/#breadcrumb","itemListElement":[{"@type":"ListItem","position":1,"name":"Portada","item":"https:\/\/spainfilmcommission.com\/en\/"},{"@type":"ListItem","position":2,"name":"Playa de Las Catedrales"}]},{"@type":"WebSite","@id":"https:\/\/spainfilmcommission.com\/en\/#website","url":"https:\/\/spainfilmcommission.com\/en\/","name":"Spain Film Commission","description":"","publisher":{"@id":"https:\/\/spainfilmcommission.com\/en\/#organization"},"potentialAction":[{"@type":"SearchAction","target":{"@type":"EntryPoint","urlTemplate":"https:\/\/spainfilmcommission.com\/en\/?s={search_term_string}"},"query-input":{"@type":"PropertyValueSpecification","valueRequired":true,"valueName":"search_term_string"}}],"inLanguage":"en-US"},{"@type":"Organization","@id":"https:\/\/spainfilmcommission.com\/en\/#organization","name":"Spain Film Commission","url":"https:\/\/spainfilmcommission.com\/en\/","logo":{"@type":"ImageObject","inLanguage":"en-US","@id":"https:\/\/spainfilmcommission.com\/en\/#\/schema\/logo\/image\/","url":"https:\/\/spainfilmcommission.com\/wp-content\/uploads\/2024\/07\/SPC_COLOR.png","contentUrl":"https:\/\/spainfilmcommission.com\/wp-content\/uploads\/2024\/07\/SPC_COLOR.png","width":1665,"height":1665,"caption":"Spain Film Commission"},"image":{"@id":"https:\/\/spainfilmcommission.com\/en\/#\/schema\/logo\/image\/"}}]}</script>
<!-- / Yoast SEO plugin. -->

En esta página encontrarás una pequeña descripción, mágenes e información relevante para que te hagas una idea de cómo es rodar en Playa de Las Catedrales

La playa de las Catedrales está situada en la costa de la provincia de Lugo (Galicia). Se le llama así por el conjunto de acantilados, algunos con más de 32 metros de altura, que esculpidos por el viento y el mar, forman unos arcos y bóvedas espectaculares dejando un paisaje maravilloso en la que está considerada como una de las playas más espectaculares del mundo.
