{"id":11293,"date":"2025-02-27T18:21:25","date_gmt":"2025-02-27T17:21:25","guid":{"rendered":"https:\/\/spainfilmcommission.com\/?post_type=localizacion&#038;p=11293"},"modified":"2025-04-21T20:31:14","modified_gmt":"2025-04-21T18:31:14","slug":"cidade-da-cultura-de-galicia","status":"publish","type":"localizacion","link":"https:\/\/spainfilmcommission.com\/en\/ai-locations\/cidade-da-cultura-de-galicia\/","title":{"rendered":"Cidade da Cultura de Galicia"},"content":{"rendered":"","protected":false},"author":2,"template":"","meta":[],"class_list":["post-11293","localizacion","type-localizacion","status-publish","hentry"],"yoast_head":"<!-- This site is optimized with the Yoast SEO plugin v28.3 - https:\/\/yoast.com\/product\/yoast-seo-wordpress\/ -->\n<title>Rodar en Cidade da Cultura de Galicia - Spain Film Commission<\/title>\n<meta name=\"description\" content=\"En esta p\u00e1gina encontrar\u00e1s una peque\u00f1a descripci\u00f3n, m\u00e1genes e informaci\u00f3n relevante para que te hagas una idea de c\u00f3mo es rodar en Cidade da Cultura de Galicia\" \/>\n<meta name=\"robots\" content=\"index, follow, max-snippet:-1, max-image-preview:large, max-video-preview:-1\" \/>\n<link rel=\"canonical\" href=\"https:\/\/spainfilmcommission.com\/en\/ai-locations\/cidade-da-cultura-de-galicia\/\" \/>\n<meta property=\"og:locale\" content=\"en_US\" \/>\n<meta property=\"og:type\" content=\"article\" \/>\n<meta property=\"og:title\" content=\"Rodar en Cidade da Cultura de Galicia - Spain Film Commission\" \/>\n<meta property=\"og:description\" content=\"En esta p\u00e1gina encontrar\u00e1s una peque\u00f1a descripci\u00f3n, m\u00e1genes e informaci\u00f3n relevante para que te hagas una idea de c\u00f3mo es rodar en Cidade da Cultura de Galicia\" \/>\n<meta property=\"og:url\" content=\"https:\/\/spainfilmcommission.com\/en\/ai-locations\/cidade-da-cultura-de-galicia\/\" \/>\n<meta property=\"og:site_name\" content=\"Spain Film Commission\" \/>\n<meta property=\"article:modified_time\" content=\"2025-04-21T18:31:14+00:00\" \/>\n<meta name=\"twitter:card\" content=\"summary_large_image\" \/>\n<script type=\"application\/ld+json\" class=\"yoast-schema-graph\">{\"@context\":\"https:\\\/\\\/schema.org\",\"@graph\":[{\"@type\":\"WebPage\",\"@id\":\"https:\\\/\\\/spainfilmcommission.com\\\/en\\\/ai-locations\\\/cidade-da-cultura-de-galicia\\\/\",\"url\":\"https:\\\/\\\/spainfilmcommission.com\\\/en\\\/ai-locations\\\/cidade-da-cultura-de-galicia\\\/\",\"name\":\"Rodar en Cidade da Cultura de Galicia - Spain Film Commission\",\"isPartOf\":{\"@id\":\"https:\\\/\\\/spainfilmcommission.com\\\/en\\\/#website\"},\"datePublished\":\"2025-02-27T17:21:25+00:00\",\"dateModified\":\"2025-04-21T18:31:14+00:00\",\"description\":\"En esta p\u00e1gina encontrar\u00e1s una peque\u00f1a descripci\u00f3n, m\u00e1genes e informaci\u00f3n relevante para que te hagas una idea de c\u00f3mo es rodar en Cidade da Cultura de Galicia\",\"breadcrumb\":{\"@id\":\"https:\\\/\\\/spainfilmcommission.com\\\/en\\\/ai-locations\\\/cidade-da-cultura-de-galicia\\\/#breadcrumb\"},\"inLanguage\":\"en-US\",\"potentialAction\":[{\"@type\":\"ReadAction\",\"target\":[\"https:\\\/\\\/spainfilmcommission.com\\\/en\\\/ai-locations\\\/cidade-da-cultura-de-galicia\\\/\"]}]},{\"@type\":\"BreadcrumbList\",\"@id\":\"https:\\\/\\\/spainfilmcommission.com\\\/en\\\/ai-locations\\\/cidade-da-cultura-de-galicia\\\/#breadcrumb\",\"itemListElement\":[{\"@type\":\"ListItem\",\"position\":1,\"name\":\"Portada\",\"item\":\"https:\\\/\\\/spainfilmcommission.com\\\/en\\\/\"},{\"@type\":\"ListItem\",\"position\":2,\"name\":\"Cidade da Cultura de Galicia\"}]},{\"@type\":\"WebSite\",\"@id\":\"https:\\\/\\\/spainfilmcommission.com\\\/en\\\/#website\",\"url\":\"https:\\\/\\\/spainfilmcommission.com\\\/en\\\/\",\"name\":\"Spain Film Commission\",\"description\":\"\",\"publisher\":{\"@id\":\"https:\\\/\\\/spainfilmcommission.com\\\/en\\\/#organization\"},\"potentialAction\":[{\"@type\":\"SearchAction\",\"target\":{\"@type\":\"EntryPoint\",\"urlTemplate\":\"https:\\\/\\\/spainfilmcommission.com\\\/en\\\/?s={search_term_string}\"},\"query-input\":{\"@type\":\"PropertyValueSpecification\",\"valueRequired\":true,\"valueName\":\"search_term_string\"}}],\"inLanguage\":\"en-US\"},{\"@type\":\"Organization\",\"@id\":\"https:\\\/\\\/spainfilmcommission.com\\\/en\\\/#organization\",\"name\":\"Spain Film Commission\",\"url\":\"https:\\\/\\\/spainfilmcommission.com\\\/en\\\/\",\"logo\":{\"@type\":\"ImageObject\",\"inLanguage\":\"en-US\",\"@id\":\"https:\\\/\\\/spainfilmcommission.com\\\/en\\\/#\\\/schema\\\/logo\\\/image\\\/\",\"url\":\"https:\\\/\\\/spainfilmcommission.com\\\/wp-content\\\/uploads\\\/2024\\\/07\\\/SPC_COLOR.png\",\"contentUrl\":\"https:\\\/\\\/spainfilmcommission.com\\\/wp-content\\\/uploads\\\/2024\\\/07\\\/SPC_COLOR.png\",\"width\":1665,\"height\":1665,\"caption\":\"Spain Film Commission\"},\"image\":{\"@id\":\"https:\\\/\\\/spainfilmcommission.com\\\/en\\\/#\\\/schema\\\/logo\\\/image\\\/\"}}]}<\/script>\n<!-- \/ Yoast SEO plugin. -->","yoast_head_json":{"title":"Rodar en Cidade da Cultura de Galicia - Spain Film Commission","description":"En esta p\u00e1gina encontrar\u00e1s una peque\u00f1a descripci\u00f3n, m\u00e1genes e informaci\u00f3n relevante para que te hagas una idea de c\u00f3mo es rodar en Cidade da Cultura de Galicia","robots":{"index":"index","follow":"follow","max-snippet":"max-snippet:-1","max-image-preview":"max-image-preview:large","max-video-preview":"max-video-preview:-1"},"canonical":"https:\/\/spainfilmcommission.com\/en\/ai-locations\/cidade-da-cultura-de-galicia\/","og_locale":"en_US","og_type":"article","og_title":"Rodar en Cidade da Cultura de Galicia - Spain Film Commission","og_description":"En esta p\u00e1gina encontrar\u00e1s una peque\u00f1a descripci\u00f3n, m\u00e1genes e informaci\u00f3n relevante para que te hagas una idea de c\u00f3mo es rodar en Cidade da Cultura de Galicia","og_url":"https:\/\/spainfilmcommission.com\/en\/ai-locations\/cidade-da-cultura-de-galicia\/","og_site_name":"Spain Film Commission","article_modified_time":"2025-04-21T18:31:14+00:00","twitter_card":"summary_large_image","schema":{"@context":"https:\/\/schema.org","@graph":[{"@type":"WebPage","@id":"https:\/\/spainfilmcommission.com\/en\/ai-locations\/cidade-da-cultura-de-galicia\/","url":"https:\/\/spainfilmcommission.com\/en\/ai-locations\/cidade-da-cultura-de-galicia\/","name":"Rodar en Cidade da Cultura de Galicia - Spain Film Commission","isPartOf":{"@id":"https:\/\/spainfilmcommission.com\/en\/#website"},"datePublished":"2025-02-27T17:21:25+00:00","dateModified":"2025-04-21T18:31:14+00:00","description":"En esta p\u00e1gina encontrar\u00e1s una peque\u00f1a descripci\u00f3n, m\u00e1genes e informaci\u00f3n relevante para que te hagas una idea de c\u00f3mo es rodar en Cidade da Cultura de Galicia","breadcrumb":{"@id":"https:\/\/spainfilmcommission.com\/en\/ai-locations\/cidade-da-cultura-de-galicia\/#breadcrumb"},"inLanguage":"en-US","potentialAction":[{"@type":"ReadAction","target":["https:\/\/spainfilmcommission.com\/en\/ai-locations\/cidade-da-cultura-de-galicia\/"]}]},{"@type":"BreadcrumbList","@id":"https:\/\/spainfilmcommission.com\/en\/ai-locations\/cidade-da-cultura-de-galicia\/#breadcrumb","itemListElement":[{"@type":"ListItem","position":1,"name":"Portada","item":"https:\/\/spainfilmcommission.com\/en\/"},{"@type":"ListItem","position":2,"name":"Cidade da Cultura de Galicia"}]},{"@type":"WebSite","@id":"https:\/\/spainfilmcommission.com\/en\/#website","url":"https:\/\/spainfilmcommission.com\/en\/","name":"Spain Film Commission","description":"","publisher":{"@id":"https:\/\/spainfilmcommission.com\/en\/#organization"},"potentialAction":[{"@type":"SearchAction","target":{"@type":"EntryPoint","urlTemplate":"https:\/\/spainfilmcommission.com\/en\/?s={search_term_string}"},"query-input":{"@type":"PropertyValueSpecification","valueRequired":true,"valueName":"search_term_string"}}],"inLanguage":"en-US"},{"@type":"Organization","@id":"https:\/\/spainfilmcommission.com\/en\/#organization","name":"Spain Film Commission","url":"https:\/\/spainfilmcommission.com\/en\/","logo":{"@type":"ImageObject","inLanguage":"en-US","@id":"https:\/\/spainfilmcommission.com\/en\/#\/schema\/logo\/image\/","url":"https:\/\/spainfilmcommission.com\/wp-content\/uploads\/2024\/07\/SPC_COLOR.png","contentUrl":"https:\/\/spainfilmcommission.com\/wp-content\/uploads\/2024\/07\/SPC_COLOR.png","width":1665,"height":1665,"caption":"Spain Film Commission"},"image":{"@id":"https:\/\/spainfilmcommission.com\/en\/#\/schema\/logo\/image\/"}}]}},"socio":[{"ID":"26","user_login":"santiago-de-compostela-film-commission","user_nicename":"santiago-de-compostela-film-commission","display_name":"santiago-de-compostela-film-commission","user_pass":"****************","user_email":"scfc@santiagoturismo.com","user_url":"","user_registered":"2024-12-19 15:45:21","id":26}],"nombrees":"Cidade da Cultura de Galicia","nombreen":"Cidade da Cultura de Galicia","localidad":"Santiago de Compostela","provincia":"La Coru\u00f1a","coordenadas_maps":"42.8706, -8.52525","latitud":"42.870600000000","longitud":"-8.525250000000","direcciones":"Lugar de la Ciudad de la Cultura","direccionen":"Lugar de la Ciudad de la Cultura","cod_postal":"15702","telefono":"(+34) 981","fax":"","mail":"scfc@santiagoturismo.com","web":"http:\/\/www.cidadedacultura.org\/","descripciones":"Se yergue en la cima del monte Gai\u00e1s como un hito arquitect\u00f3nico del nuevo siglo originado por Peter Eisenman y dedicado al conocimiento y a la creatividad. Los singulares edificios de la Ciudad de la Cultura de Galicia, en Santiago de Compostela (La Coru\u00f1a), est\u00e1n conectados por calles y plazas y dotados de un avanzado nivel tecnol\u00f3gico. Ocupando 141.800 metros cuadrados, est\u00e1 compuesto por el Museo Centro Gai\u00e1s, la Biblioteca y Archivo de Galicia, el Centro de Emprendimiento Creativo, el Centro de Innovaci\u00f3n Cultural y la Cantina. Las Torres de John Hedjuk completan el grupo de edificios principales, que quedan rodeados por un bosque de aproximadamente 25.000 metros cuadrados.","descripcionen":"Created by Peter Eisenman, the City of Culture of Galicia in Santiago de Compostela (La Coru\u00f1a) rises on the top of mount Gai\u00e1s as a formidable architectural milestone for the new century. Its unique buildings, interconnected by streets and plazas equipped with state-of-the-art technology. Occupying 141,800 square meters, it consists fo the Gai\u00e1s Center Museum, the Library and Archive of Galicia, the Center for Creative Entrepreneurship, the Center for Cultural Innovation and Cafeteria. The John Hedjuk towers complete the group of main buildings, which are surrounded by a forest of about 25,000 square meters.","galeria":[{"ID":"13869","post_author":"2","post_date":"2025-03-07 22:53:31","post_date_gmt":"2025-03-07 21:53:31","post_content":"","post_title":"cidade-da-cultura-de-galicia_224_1","post_excerpt":"","post_status":"inherit","comment_status":"closed","ping_status":"closed","post_password":"","post_name":"cidade-da-cultura-de-galicia_224_1","to_ping":"","pinged":"","post_modified":"2025-04-21 20:31:14","post_modified_gmt":"2025-04-21 18:31:14","post_content_filtered":"","post_parent":"11293","guid":"https:\/\/spainfilmcommission.com\/wp-content\/uploads\/2025\/03\/cidade-da-cultura-de-galicia_224_1.jpg","menu_order":"0","post_type":"attachment","post_mime_type":"image\/jpeg","comment_count":"0","pod_item_id":"13869"},{"ID":"13871","post_author":"2","post_date":"2025-03-07 22:53:33","post_date_gmt":"2025-03-07 21:53:33","post_content":"","post_title":"cidade-da-cultura-de-galicia_224_2","post_excerpt":"","post_status":"inherit","comment_status":"closed","ping_status":"closed","post_password":"","post_name":"cidade-da-cultura-de-galicia_224_2","to_ping":"","pinged":"","post_modified":"2025-04-21 20:31:14","post_modified_gmt":"2025-04-21 18:31:14","post_content_filtered":"","post_parent":"11293","guid":"https:\/\/spainfilmcommission.com\/wp-content\/uploads\/2025\/03\/cidade-da-cultura-de-galicia_224_2.jpg","menu_order":"0","post_type":"attachment","post_mime_type":"image\/jpeg","comment_count":"0","pod_item_id":"13871"},{"ID":"13873","post_author":"2","post_date":"2025-03-07 22:53:35","post_date_gmt":"2025-03-07 21:53:35","post_content":"","post_title":"cidade-da-cultura-de-galicia_224_3","post_excerpt":"","post_status":"inherit","comment_status":"closed","ping_status":"closed","post_password":"","post_name":"cidade-da-cultura-de-galicia_224_3","to_ping":"","pinged":"","post_modified":"2025-04-21 20:31:14","post_modified_gmt":"2025-04-21 18:31:14","post_content_filtered":"","post_parent":"11293","guid":"https:\/\/spainfilmcommission.com\/wp-content\/uploads\/2025\/03\/cidade-da-cultura-de-galicia_224_3.jpg","menu_order":"0","post_type":"attachment","post_mime_type":"image\/jpeg","comment_count":"0","pod_item_id":"13873"},{"ID":"15137","post_author":"2","post_date":"2025-03-07 23:27:29","post_date_gmt":"2025-03-07 22:27:29","post_content":"","post_title":"foto-224_7438","post_excerpt":"","post_status":"inherit","comment_status":"closed","ping_status":"closed","post_password":"","post_name":"foto-224_7438","to_ping":"","pinged":"","post_modified":"2025-04-21 20:31:14","post_modified_gmt":"2025-04-21 18:31:14","post_content_filtered":"","post_parent":"11293","guid":"https:\/\/spainfilmcommission.com\/wp-content\/uploads\/2025\/03\/foto-224_7438.jpg","menu_order":"0","post_type":"attachment","post_mime_type":"image\/jpeg","comment_count":"0","pod_item_id":"15137"}],"nombrepaginaes":"cidade-da-cultura-de-galicia","nombrepaginaen":"cidade-da-cultura-de-galicia","latitud_gps":"","longitud_gps":"","adicionaleses":"","adicionalesen":"","videoes":"","videoen":"","video2es":"","video2en":"","_links":{"self":[{"href":"https:\/\/spainfilmcommission.com\/en\/wp-json\/wp\/v2\/localizaciones\/localizacion\/11293","targetHints":{"allow":["GET"]}}],"collection":[{"href":"https:\/\/spainfilmcommission.com\/en\/wp-json\/wp\/v2\/localizaciones\/localizacion"}],"about":[{"href":"https:\/\/spainfilmcommission.com\/en\/wp-json\/wp\/v2\/types\/localizacion"}],"author":[{"embeddable":true,"href":"https:\/\/spainfilmcommission.com\/en\/wp-json\/wp\/v2\/users\/2"}],"wp:attachment":[{"href":"https:\/\/spainfilmcommission.com\/en\/wp-json\/wp\/v2\/media?parent=11293"}],"curies":[{"name":"wp","href":"https:\/\/api.w.org\/{rel}","templated":true}]}}

<!-- This site is optimized with the Yoast SEO plugin v28.3 - https://yoast.com/product/yoast-seo-wordpress/ -->
<title>Rodar en Cidade da Cultura de Galicia - Spain Film Commission</title>
<meta name="description" content="En esta página encontrarás una pequeña descripción, mágenes e información relevante para que te hagas una idea de cómo es rodar en Cidade da Cultura de Galicia" />
<meta name="robots" content="index, follow, max-snippet:-1, max-image-preview:large, max-video-preview:-1" />
<link rel="canonical" href="https://spainfilmcommission.com/en/ai-locations/cidade-da-cultura-de-galicia/" />
<meta property="og:locale" content="en_US" />
<meta property="og:type" content="article" />
<meta property="og:title" content="Rodar en Cidade da Cultura de Galicia - Spain Film Commission" />
<meta property="og:description" content="En esta página encontrarás una pequeña descripción, mágenes e información relevante para que te hagas una idea de cómo es rodar en Cidade da Cultura de Galicia" />
<meta property="og:url" content="https://spainfilmcommission.com/en/ai-locations/cidade-da-cultura-de-galicia/" />
<meta property="og:site_name" content="Spain Film Commission" />
<meta property="article:modified_time" content="2025-04-21T18:31:14+00:00" />
<meta name="twitter:card" content="summary_large_image" />
<script type="application/ld+json" class="yoast-schema-graph">{"@context":"https:\/\/schema.org","@graph":[{"@type":"WebPage","@id":"https:\/\/spainfilmcommission.com\/en\/ai-locations\/cidade-da-cultura-de-galicia\/","url":"https:\/\/spainfilmcommission.com\/en\/ai-locations\/cidade-da-cultura-de-galicia\/","name":"Rodar en Cidade da Cultura de Galicia - Spain Film Commission","isPartOf":{"@id":"https:\/\/spainfilmcommission.com\/en\/#website"},"datePublished":"2025-02-27T17:21:25+00:00","dateModified":"2025-04-21T18:31:14+00:00","description":"En esta página encontrarás una pequeña descripción, mágenes e información relevante para que te hagas una idea de cómo es rodar en Cidade da Cultura de Galicia","breadcrumb":{"@id":"https:\/\/spainfilmcommission.com\/en\/ai-locations\/cidade-da-cultura-de-galicia\/#breadcrumb"},"inLanguage":"en-US","potentialAction":[{"@type":"ReadAction","target":["https:\/\/spainfilmcommission.com\/en\/ai-locations\/cidade-da-cultura-de-galicia\/"]}]},{"@type":"BreadcrumbList","@id":"https:\/\/spainfilmcommission.com\/en\/ai-locations\/cidade-da-cultura-de-galicia\/#breadcrumb","itemListElement":[{"@type":"ListItem","position":1,"name":"Portada","item":"https:\/\/spainfilmcommission.com\/en\/"},{"@type":"ListItem","position":2,"name":"Cidade da Cultura de Galicia"}]},{"@type":"WebSite","@id":"https:\/\/spainfilmcommission.com\/en\/#website","url":"https:\/\/spainfilmcommission.com\/en\/","name":"Spain Film Commission","description":"","publisher":{"@id":"https:\/\/spainfilmcommission.com\/en\/#organization"},"potentialAction":[{"@type":"SearchAction","target":{"@type":"EntryPoint","urlTemplate":"https:\/\/spainfilmcommission.com\/en\/?s={search_term_string}"},"query-input":{"@type":"PropertyValueSpecification","valueRequired":true,"valueName":"search_term_string"}}],"inLanguage":"en-US"},{"@type":"Organization","@id":"https:\/\/spainfilmcommission.com\/en\/#organization","name":"Spain Film Commission","url":"https:\/\/spainfilmcommission.com\/en\/","logo":{"@type":"ImageObject","inLanguage":"en-US","@id":"https:\/\/spainfilmcommission.com\/en\/#\/schema\/logo\/image\/","url":"https:\/\/spainfilmcommission.com\/wp-content\/uploads\/2024\/07\/SPC_COLOR.png","contentUrl":"https:\/\/spainfilmcommission.com\/wp-content\/uploads\/2024\/07\/SPC_COLOR.png","width":1665,"height":1665,"caption":"Spain Film Commission"},"image":{"@id":"https:\/\/spainfilmcommission.com\/en\/#\/schema\/logo\/image\/"}}]}</script>
<!-- / Yoast SEO plugin. -->

En esta página encontrarás una pequeña descripción, mágenes e información relevante para que te hagas una idea de cómo es rodar en Cidade da Cultura de Galicia

La Coruña

Se yergue en la cima del monte Gaiás como un hito arquitectónico del nuevo siglo originado por Peter Eisenman y dedicado al conocimiento y a la creatividad. Los singulares edificios de la Ciudad de la Cultura de Galicia, en Santiago de Compostela (La Coruña), están conectados por calles y plazas y dotados de un avanzado nivel tecnológico. Ocupando 141.800 metros cuadrados, está compuesto por el Museo Centro Gaiás, la Biblioteca y Archivo de Galicia, el Centro de Emprendimiento Creativo, el Centro de Innovación Cultural y la Cantina. Las Torres de John Hedjuk completan el grupo de edificios principales, que quedan rodeados por un bosque de aproximadamente 25.000 metros cuadrados.

Created by Peter Eisenman, the City of Culture of Galicia in Santiago de Compostela (La Coruña) rises on the top of mount Gaiás as a formidable architectural milestone for the new century. Its unique buildings, interconnected by streets and plazas equipped with state-of-the-art technology. Occupying 141,800 square meters, it consists fo the Gaiás Center Museum, the Library and Archive of Galicia, the Center for Creative Entrepreneurship, the Center for Cultural Innovation and Cafeteria. The John Hedjuk towers complete the group of main buildings, which are surrounded by a forest of about 25,000 square meters.
