{"id":11286,"date":"2025-02-27T18:19:58","date_gmt":"2025-02-27T17:19:58","guid":{"rendered":"https:\/\/spainfilmcommission.com\/?post_type=localizacion&#038;p=11286"},"modified":"2025-04-21T12:31:59","modified_gmt":"2025-04-21T10:31:59","slug":"rua-do-vilar","status":"publish","type":"localizacion","link":"https:\/\/spainfilmcommission.com\/en\/ai-locations\/rua-do-vilar\/","title":{"rendered":"R\u00faa do Vilar"},"content":{"rendered":"","protected":false},"author":2,"template":"","meta":[],"class_list":["post-11286","localizacion","type-localizacion","status-publish","hentry"],"yoast_head":"<!-- This site is optimized with the Yoast SEO plugin v28.3 - https:\/\/yoast.com\/product\/yoast-seo-wordpress\/ -->\n<title>Rodar en R\u00faa do Vilar - Spain Film Commission<\/title>\n<meta name=\"description\" content=\"En esta p\u00e1gina encontrar\u00e1s una peque\u00f1a descripci\u00f3n, m\u00e1genes e informaci\u00f3n relevante para que te hagas una idea de c\u00f3mo es rodar en R\u00faa do Vilar\" \/>\n<meta name=\"robots\" content=\"index, follow, max-snippet:-1, max-image-preview:large, max-video-preview:-1\" \/>\n<link rel=\"canonical\" href=\"https:\/\/spainfilmcommission.com\/en\/ai-locations\/rua-do-vilar\/\" \/>\n<meta property=\"og:locale\" content=\"en_US\" \/>\n<meta property=\"og:type\" content=\"article\" \/>\n<meta property=\"og:title\" content=\"Rodar en R\u00faa do Vilar - Spain Film Commission\" \/>\n<meta property=\"og:description\" content=\"En esta p\u00e1gina encontrar\u00e1s una peque\u00f1a descripci\u00f3n, m\u00e1genes e informaci\u00f3n relevante para que te hagas una idea de c\u00f3mo es rodar en R\u00faa do Vilar\" \/>\n<meta property=\"og:url\" content=\"https:\/\/spainfilmcommission.com\/en\/ai-locations\/rua-do-vilar\/\" \/>\n<meta property=\"og:site_name\" content=\"Spain Film Commission\" \/>\n<meta property=\"article:modified_time\" content=\"2025-04-21T10:31:59+00:00\" \/>\n<meta name=\"twitter:card\" content=\"summary_large_image\" \/>\n<script type=\"application\/ld+json\" class=\"yoast-schema-graph\">{\"@context\":\"https:\\\/\\\/schema.org\",\"@graph\":[{\"@type\":\"WebPage\",\"@id\":\"https:\\\/\\\/spainfilmcommission.com\\\/en\\\/ai-locations\\\/rua-do-vilar\\\/\",\"url\":\"https:\\\/\\\/spainfilmcommission.com\\\/en\\\/ai-locations\\\/rua-do-vilar\\\/\",\"name\":\"Rodar en R\u00faa do Vilar - Spain Film Commission\",\"isPartOf\":{\"@id\":\"https:\\\/\\\/spainfilmcommission.com\\\/en\\\/#website\"},\"datePublished\":\"2025-02-27T17:19:58+00:00\",\"dateModified\":\"2025-04-21T10:31:59+00:00\",\"description\":\"En esta p\u00e1gina encontrar\u00e1s una peque\u00f1a descripci\u00f3n, m\u00e1genes e informaci\u00f3n relevante para que te hagas una idea de c\u00f3mo es rodar en R\u00faa do Vilar\",\"breadcrumb\":{\"@id\":\"https:\\\/\\\/spainfilmcommission.com\\\/en\\\/ai-locations\\\/rua-do-vilar\\\/#breadcrumb\"},\"inLanguage\":\"en-US\",\"potentialAction\":[{\"@type\":\"ReadAction\",\"target\":[\"https:\\\/\\\/spainfilmcommission.com\\\/en\\\/ai-locations\\\/rua-do-vilar\\\/\"]}]},{\"@type\":\"BreadcrumbList\",\"@id\":\"https:\\\/\\\/spainfilmcommission.com\\\/en\\\/ai-locations\\\/rua-do-vilar\\\/#breadcrumb\",\"itemListElement\":[{\"@type\":\"ListItem\",\"position\":1,\"name\":\"Portada\",\"item\":\"https:\\\/\\\/spainfilmcommission.com\\\/en\\\/\"},{\"@type\":\"ListItem\",\"position\":2,\"name\":\"R\u00faa do Vilar\"}]},{\"@type\":\"WebSite\",\"@id\":\"https:\\\/\\\/spainfilmcommission.com\\\/en\\\/#website\",\"url\":\"https:\\\/\\\/spainfilmcommission.com\\\/en\\\/\",\"name\":\"Spain Film Commission\",\"description\":\"\",\"publisher\":{\"@id\":\"https:\\\/\\\/spainfilmcommission.com\\\/en\\\/#organization\"},\"potentialAction\":[{\"@type\":\"SearchAction\",\"target\":{\"@type\":\"EntryPoint\",\"urlTemplate\":\"https:\\\/\\\/spainfilmcommission.com\\\/en\\\/?s={search_term_string}\"},\"query-input\":{\"@type\":\"PropertyValueSpecification\",\"valueRequired\":true,\"valueName\":\"search_term_string\"}}],\"inLanguage\":\"en-US\"},{\"@type\":\"Organization\",\"@id\":\"https:\\\/\\\/spainfilmcommission.com\\\/en\\\/#organization\",\"name\":\"Spain Film Commission\",\"url\":\"https:\\\/\\\/spainfilmcommission.com\\\/en\\\/\",\"logo\":{\"@type\":\"ImageObject\",\"inLanguage\":\"en-US\",\"@id\":\"https:\\\/\\\/spainfilmcommission.com\\\/en\\\/#\\\/schema\\\/logo\\\/image\\\/\",\"url\":\"https:\\\/\\\/spainfilmcommission.com\\\/wp-content\\\/uploads\\\/2024\\\/07\\\/SPC_COLOR.png\",\"contentUrl\":\"https:\\\/\\\/spainfilmcommission.com\\\/wp-content\\\/uploads\\\/2024\\\/07\\\/SPC_COLOR.png\",\"width\":1665,\"height\":1665,\"caption\":\"Spain Film Commission\"},\"image\":{\"@id\":\"https:\\\/\\\/spainfilmcommission.com\\\/en\\\/#\\\/schema\\\/logo\\\/image\\\/\"}}]}<\/script>\n<!-- \/ Yoast SEO plugin. -->","yoast_head_json":{"title":"Rodar en R\u00faa do Vilar - Spain Film Commission","description":"En esta p\u00e1gina encontrar\u00e1s una peque\u00f1a descripci\u00f3n, m\u00e1genes e informaci\u00f3n relevante para que te hagas una idea de c\u00f3mo es rodar en R\u00faa do Vilar","robots":{"index":"index","follow":"follow","max-snippet":"max-snippet:-1","max-image-preview":"max-image-preview:large","max-video-preview":"max-video-preview:-1"},"canonical":"https:\/\/spainfilmcommission.com\/en\/ai-locations\/rua-do-vilar\/","og_locale":"en_US","og_type":"article","og_title":"Rodar en R\u00faa do Vilar - Spain Film Commission","og_description":"En esta p\u00e1gina encontrar\u00e1s una peque\u00f1a descripci\u00f3n, m\u00e1genes e informaci\u00f3n relevante para que te hagas una idea de c\u00f3mo es rodar en R\u00faa do Vilar","og_url":"https:\/\/spainfilmcommission.com\/en\/ai-locations\/rua-do-vilar\/","og_site_name":"Spain Film Commission","article_modified_time":"2025-04-21T10:31:59+00:00","twitter_card":"summary_large_image","schema":{"@context":"https:\/\/schema.org","@graph":[{"@type":"WebPage","@id":"https:\/\/spainfilmcommission.com\/en\/ai-locations\/rua-do-vilar\/","url":"https:\/\/spainfilmcommission.com\/en\/ai-locations\/rua-do-vilar\/","name":"Rodar en R\u00faa do Vilar - Spain Film Commission","isPartOf":{"@id":"https:\/\/spainfilmcommission.com\/en\/#website"},"datePublished":"2025-02-27T17:19:58+00:00","dateModified":"2025-04-21T10:31:59+00:00","description":"En esta p\u00e1gina encontrar\u00e1s una peque\u00f1a descripci\u00f3n, m\u00e1genes e informaci\u00f3n relevante para que te hagas una idea de c\u00f3mo es rodar en R\u00faa do Vilar","breadcrumb":{"@id":"https:\/\/spainfilmcommission.com\/en\/ai-locations\/rua-do-vilar\/#breadcrumb"},"inLanguage":"en-US","potentialAction":[{"@type":"ReadAction","target":["https:\/\/spainfilmcommission.com\/en\/ai-locations\/rua-do-vilar\/"]}]},{"@type":"BreadcrumbList","@id":"https:\/\/spainfilmcommission.com\/en\/ai-locations\/rua-do-vilar\/#breadcrumb","itemListElement":[{"@type":"ListItem","position":1,"name":"Portada","item":"https:\/\/spainfilmcommission.com\/en\/"},{"@type":"ListItem","position":2,"name":"R\u00faa do Vilar"}]},{"@type":"WebSite","@id":"https:\/\/spainfilmcommission.com\/en\/#website","url":"https:\/\/spainfilmcommission.com\/en\/","name":"Spain Film Commission","description":"","publisher":{"@id":"https:\/\/spainfilmcommission.com\/en\/#organization"},"potentialAction":[{"@type":"SearchAction","target":{"@type":"EntryPoint","urlTemplate":"https:\/\/spainfilmcommission.com\/en\/?s={search_term_string}"},"query-input":{"@type":"PropertyValueSpecification","valueRequired":true,"valueName":"search_term_string"}}],"inLanguage":"en-US"},{"@type":"Organization","@id":"https:\/\/spainfilmcommission.com\/en\/#organization","name":"Spain Film Commission","url":"https:\/\/spainfilmcommission.com\/en\/","logo":{"@type":"ImageObject","inLanguage":"en-US","@id":"https:\/\/spainfilmcommission.com\/en\/#\/schema\/logo\/image\/","url":"https:\/\/spainfilmcommission.com\/wp-content\/uploads\/2024\/07\/SPC_COLOR.png","contentUrl":"https:\/\/spainfilmcommission.com\/wp-content\/uploads\/2024\/07\/SPC_COLOR.png","width":1665,"height":1665,"caption":"Spain Film Commission"},"image":{"@id":"https:\/\/spainfilmcommission.com\/en\/#\/schema\/logo\/image\/"}}]}},"socio":[{"ID":"26","user_login":"santiago-de-compostela-film-commission","user_nicename":"santiago-de-compostela-film-commission","display_name":"santiago-de-compostela-film-commission","user_pass":"****************","user_email":"scfc@santiagoturismo.com","user_url":"","user_registered":"2024-12-19 15:45:21","id":26}],"nombrees":"R\u00faa do Vilar","nombreen":"R\u00faa do Vilar","localidad":"Santiago de Compostela","provincia":"La Coru\u00f1a","coordenadas_maps":"42.8788, -8.5445","latitud":"42.878800000000","longitud":"-8.544500000000","direcciones":"R\u00faa do vilar, 15705, Santiago de Compostela","direccionen":"R\u00faa do vilar, 15705, Santiago de Compostela","cod_postal":"15705","telefono":"981580499","fax":"","mail":"scfc@santiagoturismo.com","web":"","descripciones":"R\u00faa do Vilar, junto con R\u00faa do Franco y R\u00faa Nova, forma la trilog\u00eda de calles m\u00e1s importantes de la zona monumental de Compostela. Sus fachadas de piedra y sus soportales, cobijan gran cantidad de locales de hosteler\u00eda y comercios de venta de recuerdos para quienes visitan la ciudad.","descripcionen":"Rua do Vilar, along with Rua do Franco and Rua Nova, form the trilogy most important streets of the historic area of Compostela. Their stone facades and arcades sheltering lots of bars and restaurants and shops selling souvenirs for visitors to the city.","galeria":[{"ID":"15127","post_author":"2","post_date":"2025-03-07 23:27:20","post_date_gmt":"2025-03-07 22:27:20","post_content":"","post_title":"foto-217_7411","post_excerpt":"","post_status":"inherit","comment_status":"closed","ping_status":"closed","post_password":"","post_name":"foto-217_7411","to_ping":"","pinged":"","post_modified":"2025-04-21 12:32:00","post_modified_gmt":"2025-04-21 10:32:00","post_content_filtered":"","post_parent":"11286","guid":"https:\/\/spainfilmcommission.com\/wp-content\/uploads\/2025\/03\/foto-217_7411.jpg","menu_order":"0","post_type":"attachment","post_mime_type":"image\/jpeg","comment_count":"0","pod_item_id":"15127"},{"ID":"15129","post_author":"2","post_date":"2025-03-07 23:27:22","post_date_gmt":"2025-03-07 22:27:22","post_content":"","post_title":"foto-217_7412","post_excerpt":"","post_status":"inherit","comment_status":"closed","ping_status":"closed","post_password":"","post_name":"foto-217_7412","to_ping":"","pinged":"","post_modified":"2025-04-21 12:32:00","post_modified_gmt":"2025-04-21 10:32:00","post_content_filtered":"","post_parent":"11286","guid":"https:\/\/spainfilmcommission.com\/wp-content\/uploads\/2025\/03\/foto-217_7412.jpg","menu_order":"0","post_type":"attachment","post_mime_type":"image\/jpeg","comment_count":"0","pod_item_id":"15129"},{"ID":"15131","post_author":"2","post_date":"2025-03-07 23:27:24","post_date_gmt":"2025-03-07 22:27:24","post_content":"","post_title":"foto-217_7413","post_excerpt":"","post_status":"inherit","comment_status":"closed","ping_status":"closed","post_password":"","post_name":"foto-217_7413","to_ping":"","pinged":"","post_modified":"2025-04-21 12:32:00","post_modified_gmt":"2025-04-21 10:32:00","post_content_filtered":"","post_parent":"11286","guid":"https:\/\/spainfilmcommission.com\/wp-content\/uploads\/2025\/03\/foto-217_7413.jpg","menu_order":"0","post_type":"attachment","post_mime_type":"image\/jpeg","comment_count":"0","pod_item_id":"15131"},{"ID":"15133","post_author":"2","post_date":"2025-03-07 23:27:26","post_date_gmt":"2025-03-07 22:27:26","post_content":"","post_title":"foto-217_7414","post_excerpt":"","post_status":"inherit","comment_status":"closed","ping_status":"closed","post_password":"","post_name":"foto-217_7414","to_ping":"","pinged":"","post_modified":"2025-04-21 12:32:00","post_modified_gmt":"2025-04-21 10:32:00","post_content_filtered":"","post_parent":"11286","guid":"https:\/\/spainfilmcommission.com\/wp-content\/uploads\/2025\/03\/foto-217_7414.jpg","menu_order":"0","post_type":"attachment","post_mime_type":"image\/jpeg","comment_count":"0","pod_item_id":"15133"},{"ID":"15135","post_author":"2","post_date":"2025-03-07 23:27:28","post_date_gmt":"2025-03-07 22:27:28","post_content":"","post_title":"foto-217_7415","post_excerpt":"","post_status":"inherit","comment_status":"closed","ping_status":"closed","post_password":"","post_name":"foto-217_7415","to_ping":"","pinged":"","post_modified":"2025-04-21 12:32:00","post_modified_gmt":"2025-04-21 10:32:00","post_content_filtered":"","post_parent":"11286","guid":"https:\/\/spainfilmcommission.com\/wp-content\/uploads\/2025\/03\/foto-217_7415.jpg","menu_order":"0","post_type":"attachment","post_mime_type":"image\/jpeg","comment_count":"0","pod_item_id":"15135"},{"ID":"31621","post_author":"2","post_date":"2025-03-08 14:01:12","post_date_gmt":"2025-03-08 13:01:12","post_content":"","post_title":"r\u00faa-do-vilar_217_1","post_excerpt":"","post_status":"inherit","comment_status":"closed","ping_status":"closed","post_password":"","post_name":"rua-do-vilar_217_1","to_ping":"","pinged":"","post_modified":"2025-04-21 12:32:00","post_modified_gmt":"2025-04-21 10:32:00","post_content_filtered":"","post_parent":"11286","guid":"https:\/\/spainfilmcommission.com\/wp-content\/uploads\/2025\/03\/rua-do-vilar_217_1.jpg","menu_order":"0","post_type":"attachment","post_mime_type":"image\/jpeg","comment_count":"0","pod_item_id":"31621"}],"nombrepaginaes":"rua-do-vilar","nombrepaginaen":"rua-do-vilar","latitud_gps":"","longitud_gps":"","adicionaleses":"","adicionalesen":"","videoes":"","videoen":"","video2es":"","video2en":"","_links":{"self":[{"href":"https:\/\/spainfilmcommission.com\/en\/wp-json\/wp\/v2\/localizaciones\/localizacion\/11286","targetHints":{"allow":["GET"]}}],"collection":[{"href":"https:\/\/spainfilmcommission.com\/en\/wp-json\/wp\/v2\/localizaciones\/localizacion"}],"about":[{"href":"https:\/\/spainfilmcommission.com\/en\/wp-json\/wp\/v2\/types\/localizacion"}],"author":[{"embeddable":true,"href":"https:\/\/spainfilmcommission.com\/en\/wp-json\/wp\/v2\/users\/2"}],"wp:attachment":[{"href":"https:\/\/spainfilmcommission.com\/en\/wp-json\/wp\/v2\/media?parent=11286"}],"curies":[{"name":"wp","href":"https:\/\/api.w.org\/{rel}","templated":true}]}}

Rúa do Vilar

<!-- This site is optimized with the Yoast SEO plugin v28.3 - https://yoast.com/product/yoast-seo-wordpress/ -->
<title>Rodar en Rúa do Vilar - Spain Film Commission</title>
<meta name="description" content="En esta página encontrarás una pequeña descripción, mágenes e información relevante para que te hagas una idea de cómo es rodar en Rúa do Vilar" />
<meta name="robots" content="index, follow, max-snippet:-1, max-image-preview:large, max-video-preview:-1" />
<link rel="canonical" href="https://spainfilmcommission.com/en/ai-locations/rua-do-vilar/" />
<meta property="og:locale" content="en_US" />
<meta property="og:type" content="article" />
<meta property="og:title" content="Rodar en Rúa do Vilar - Spain Film Commission" />
<meta property="og:description" content="En esta página encontrarás una pequeña descripción, mágenes e información relevante para que te hagas una idea de cómo es rodar en Rúa do Vilar" />
<meta property="og:url" content="https://spainfilmcommission.com/en/ai-locations/rua-do-vilar/" />
<meta property="og:site_name" content="Spain Film Commission" />
<meta property="article:modified_time" content="2025-04-21T10:31:59+00:00" />
<meta name="twitter:card" content="summary_large_image" />
<script type="application/ld+json" class="yoast-schema-graph">{"@context":"https:\/\/schema.org","@graph":[{"@type":"WebPage","@id":"https:\/\/spainfilmcommission.com\/en\/ai-locations\/rua-do-vilar\/","url":"https:\/\/spainfilmcommission.com\/en\/ai-locations\/rua-do-vilar\/","name":"Rodar en Rúa do Vilar - Spain Film Commission","isPartOf":{"@id":"https:\/\/spainfilmcommission.com\/en\/#website"},"datePublished":"2025-02-27T17:19:58+00:00","dateModified":"2025-04-21T10:31:59+00:00","description":"En esta página encontrarás una pequeña descripción, mágenes e información relevante para que te hagas una idea de cómo es rodar en Rúa do Vilar","breadcrumb":{"@id":"https:\/\/spainfilmcommission.com\/en\/ai-locations\/rua-do-vilar\/#breadcrumb"},"inLanguage":"en-US","potentialAction":[{"@type":"ReadAction","target":["https:\/\/spainfilmcommission.com\/en\/ai-locations\/rua-do-vilar\/"]}]},{"@type":"BreadcrumbList","@id":"https:\/\/spainfilmcommission.com\/en\/ai-locations\/rua-do-vilar\/#breadcrumb","itemListElement":[{"@type":"ListItem","position":1,"name":"Portada","item":"https:\/\/spainfilmcommission.com\/en\/"},{"@type":"ListItem","position":2,"name":"Rúa do Vilar"}]},{"@type":"WebSite","@id":"https:\/\/spainfilmcommission.com\/en\/#website","url":"https:\/\/spainfilmcommission.com\/en\/","name":"Spain Film Commission","description":"","publisher":{"@id":"https:\/\/spainfilmcommission.com\/en\/#organization"},"potentialAction":[{"@type":"SearchAction","target":{"@type":"EntryPoint","urlTemplate":"https:\/\/spainfilmcommission.com\/en\/?s={search_term_string}"},"query-input":{"@type":"PropertyValueSpecification","valueRequired":true,"valueName":"search_term_string"}}],"inLanguage":"en-US"},{"@type":"Organization","@id":"https:\/\/spainfilmcommission.com\/en\/#organization","name":"Spain Film Commission","url":"https:\/\/spainfilmcommission.com\/en\/","logo":{"@type":"ImageObject","inLanguage":"en-US","@id":"https:\/\/spainfilmcommission.com\/en\/#\/schema\/logo\/image\/","url":"https:\/\/spainfilmcommission.com\/wp-content\/uploads\/2024\/07\/SPC_COLOR.png","contentUrl":"https:\/\/spainfilmcommission.com\/wp-content\/uploads\/2024\/07\/SPC_COLOR.png","width":1665,"height":1665,"caption":"Spain Film Commission"},"image":{"@id":"https:\/\/spainfilmcommission.com\/en\/#\/schema\/logo\/image\/"}}]}</script>
<!-- / Yoast SEO plugin. -->

Rodar en Rúa do Vilar - Spain Film Commission

En esta página encontrarás una pequeña descripción, mágenes e información relevante para que te hagas una idea de cómo es rodar en Rúa do Vilar

La Coruña

Rúa do vilar, 15705, Santiago de Compostela

Rúa do Vilar, junto con Rúa do Franco y Rúa Nova, forma la trilogía de calles más importantes de la zona monumental de Compostela. Sus fachadas de piedra y sus soportales, cobijan gran cantidad de locales de hostelería y comercios de venta de recuerdos para quienes visitan la ciudad.

rúa-do-vilar_217_1
