{"id":11203,"date":"2025-02-27T17:28:10","date_gmt":"2025-02-27T16:28:10","guid":{"rendered":"https:\/\/spainfilmcommission.com\/?post_type=localizacion&#038;p=11203"},"modified":"2025-04-22T08:15:48","modified_gmt":"2025-04-22T06:15:48","slug":"palacete-y-patio-can-vivot","status":"publish","type":"localizacion","link":"https:\/\/spainfilmcommission.com\/en\/ai-locations\/palacete-y-patio-can-vivot\/","title":{"rendered":"Palacete y Patio Can Vivot"},"content":{"rendered":"","protected":false},"author":2,"template":"","meta":[],"class_list":["post-11203","localizacion","type-localizacion","status-publish","hentry"],"yoast_head":"<!-- This site is optimized with the Yoast SEO plugin v28.3 - https:\/\/yoast.com\/product\/yoast-seo-wordpress\/ -->\n<title>Rodar en Palacete y Patio Can Vivot - Spain Film Commission<\/title>\n<meta name=\"description\" content=\"En esta p\u00e1gina encontrar\u00e1s una peque\u00f1a descripci\u00f3n, m\u00e1genes e informaci\u00f3n relevante para que te hagas una idea de c\u00f3mo es rodar en Palacete y Patio Can Vivot\" \/>\n<meta name=\"robots\" content=\"index, follow, max-snippet:-1, max-image-preview:large, max-video-preview:-1\" \/>\n<link rel=\"canonical\" href=\"https:\/\/spainfilmcommission.com\/en\/ai-locations\/palacete-y-patio-can-vivot\/\" \/>\n<meta property=\"og:locale\" content=\"en_US\" \/>\n<meta property=\"og:type\" content=\"article\" \/>\n<meta property=\"og:title\" content=\"Rodar en Palacete y Patio Can Vivot - Spain Film Commission\" \/>\n<meta property=\"og:description\" content=\"En esta p\u00e1gina encontrar\u00e1s una peque\u00f1a descripci\u00f3n, m\u00e1genes e informaci\u00f3n relevante para que te hagas una idea de c\u00f3mo es rodar en Palacete y Patio Can Vivot\" \/>\n<meta property=\"og:url\" content=\"https:\/\/spainfilmcommission.com\/en\/ai-locations\/palacete-y-patio-can-vivot\/\" \/>\n<meta property=\"og:site_name\" content=\"Spain Film Commission\" \/>\n<meta property=\"article:modified_time\" content=\"2025-04-22T06:15:48+00:00\" \/>\n<meta name=\"twitter:card\" content=\"summary_large_image\" \/>\n<script type=\"application\/ld+json\" class=\"yoast-schema-graph\">{\"@context\":\"https:\\\/\\\/schema.org\",\"@graph\":[{\"@type\":\"WebPage\",\"@id\":\"https:\\\/\\\/spainfilmcommission.com\\\/en\\\/ai-locations\\\/palacete-y-patio-can-vivot\\\/\",\"url\":\"https:\\\/\\\/spainfilmcommission.com\\\/en\\\/ai-locations\\\/palacete-y-patio-can-vivot\\\/\",\"name\":\"Rodar en Palacete y Patio Can Vivot - Spain Film Commission\",\"isPartOf\":{\"@id\":\"https:\\\/\\\/spainfilmcommission.com\\\/en\\\/#website\"},\"datePublished\":\"2025-02-27T16:28:10+00:00\",\"dateModified\":\"2025-04-22T06:15:48+00:00\",\"description\":\"En esta p\u00e1gina encontrar\u00e1s una peque\u00f1a descripci\u00f3n, m\u00e1genes e informaci\u00f3n relevante para que te hagas una idea de c\u00f3mo es rodar en Palacete y Patio Can Vivot\",\"breadcrumb\":{\"@id\":\"https:\\\/\\\/spainfilmcommission.com\\\/en\\\/ai-locations\\\/palacete-y-patio-can-vivot\\\/#breadcrumb\"},\"inLanguage\":\"en-US\",\"potentialAction\":[{\"@type\":\"ReadAction\",\"target\":[\"https:\\\/\\\/spainfilmcommission.com\\\/en\\\/ai-locations\\\/palacete-y-patio-can-vivot\\\/\"]}]},{\"@type\":\"BreadcrumbList\",\"@id\":\"https:\\\/\\\/spainfilmcommission.com\\\/en\\\/ai-locations\\\/palacete-y-patio-can-vivot\\\/#breadcrumb\",\"itemListElement\":[{\"@type\":\"ListItem\",\"position\":1,\"name\":\"Portada\",\"item\":\"https:\\\/\\\/spainfilmcommission.com\\\/en\\\/\"},{\"@type\":\"ListItem\",\"position\":2,\"name\":\"Palacete y Patio Can Vivot\"}]},{\"@type\":\"WebSite\",\"@id\":\"https:\\\/\\\/spainfilmcommission.com\\\/en\\\/#website\",\"url\":\"https:\\\/\\\/spainfilmcommission.com\\\/en\\\/\",\"name\":\"Spain Film Commission\",\"description\":\"\",\"publisher\":{\"@id\":\"https:\\\/\\\/spainfilmcommission.com\\\/en\\\/#organization\"},\"potentialAction\":[{\"@type\":\"SearchAction\",\"target\":{\"@type\":\"EntryPoint\",\"urlTemplate\":\"https:\\\/\\\/spainfilmcommission.com\\\/en\\\/?s={search_term_string}\"},\"query-input\":{\"@type\":\"PropertyValueSpecification\",\"valueRequired\":true,\"valueName\":\"search_term_string\"}}],\"inLanguage\":\"en-US\"},{\"@type\":\"Organization\",\"@id\":\"https:\\\/\\\/spainfilmcommission.com\\\/en\\\/#organization\",\"name\":\"Spain Film Commission\",\"url\":\"https:\\\/\\\/spainfilmcommission.com\\\/en\\\/\",\"logo\":{\"@type\":\"ImageObject\",\"inLanguage\":\"en-US\",\"@id\":\"https:\\\/\\\/spainfilmcommission.com\\\/en\\\/#\\\/schema\\\/logo\\\/image\\\/\",\"url\":\"https:\\\/\\\/spainfilmcommission.com\\\/wp-content\\\/uploads\\\/2024\\\/07\\\/SPC_COLOR.png\",\"contentUrl\":\"https:\\\/\\\/spainfilmcommission.com\\\/wp-content\\\/uploads\\\/2024\\\/07\\\/SPC_COLOR.png\",\"width\":1665,\"height\":1665,\"caption\":\"Spain Film Commission\"},\"image\":{\"@id\":\"https:\\\/\\\/spainfilmcommission.com\\\/en\\\/#\\\/schema\\\/logo\\\/image\\\/\"}}]}<\/script>\n<!-- \/ Yoast SEO plugin. -->","yoast_head_json":{"title":"Rodar en Palacete y Patio Can Vivot - Spain Film Commission","description":"En esta p\u00e1gina encontrar\u00e1s una peque\u00f1a descripci\u00f3n, m\u00e1genes e informaci\u00f3n relevante para que te hagas una idea de c\u00f3mo es rodar en Palacete y Patio Can Vivot","robots":{"index":"index","follow":"follow","max-snippet":"max-snippet:-1","max-image-preview":"max-image-preview:large","max-video-preview":"max-video-preview:-1"},"canonical":"https:\/\/spainfilmcommission.com\/en\/ai-locations\/palacete-y-patio-can-vivot\/","og_locale":"en_US","og_type":"article","og_title":"Rodar en Palacete y Patio Can Vivot - Spain Film Commission","og_description":"En esta p\u00e1gina encontrar\u00e1s una peque\u00f1a descripci\u00f3n, m\u00e1genes e informaci\u00f3n relevante para que te hagas una idea de c\u00f3mo es rodar en Palacete y Patio Can Vivot","og_url":"https:\/\/spainfilmcommission.com\/en\/ai-locations\/palacete-y-patio-can-vivot\/","og_site_name":"Spain Film Commission","article_modified_time":"2025-04-22T06:15:48+00:00","twitter_card":"summary_large_image","schema":{"@context":"https:\/\/schema.org","@graph":[{"@type":"WebPage","@id":"https:\/\/spainfilmcommission.com\/en\/ai-locations\/palacete-y-patio-can-vivot\/","url":"https:\/\/spainfilmcommission.com\/en\/ai-locations\/palacete-y-patio-can-vivot\/","name":"Rodar en Palacete y Patio Can Vivot - Spain Film Commission","isPartOf":{"@id":"https:\/\/spainfilmcommission.com\/en\/#website"},"datePublished":"2025-02-27T16:28:10+00:00","dateModified":"2025-04-22T06:15:48+00:00","description":"En esta p\u00e1gina encontrar\u00e1s una peque\u00f1a descripci\u00f3n, m\u00e1genes e informaci\u00f3n relevante para que te hagas una idea de c\u00f3mo es rodar en Palacete y Patio Can Vivot","breadcrumb":{"@id":"https:\/\/spainfilmcommission.com\/en\/ai-locations\/palacete-y-patio-can-vivot\/#breadcrumb"},"inLanguage":"en-US","potentialAction":[{"@type":"ReadAction","target":["https:\/\/spainfilmcommission.com\/en\/ai-locations\/palacete-y-patio-can-vivot\/"]}]},{"@type":"BreadcrumbList","@id":"https:\/\/spainfilmcommission.com\/en\/ai-locations\/palacete-y-patio-can-vivot\/#breadcrumb","itemListElement":[{"@type":"ListItem","position":1,"name":"Portada","item":"https:\/\/spainfilmcommission.com\/en\/"},{"@type":"ListItem","position":2,"name":"Palacete y Patio Can Vivot"}]},{"@type":"WebSite","@id":"https:\/\/spainfilmcommission.com\/en\/#website","url":"https:\/\/spainfilmcommission.com\/en\/","name":"Spain Film Commission","description":"","publisher":{"@id":"https:\/\/spainfilmcommission.com\/en\/#organization"},"potentialAction":[{"@type":"SearchAction","target":{"@type":"EntryPoint","urlTemplate":"https:\/\/spainfilmcommission.com\/en\/?s={search_term_string}"},"query-input":{"@type":"PropertyValueSpecification","valueRequired":true,"valueName":"search_term_string"}}],"inLanguage":"en-US"},{"@type":"Organization","@id":"https:\/\/spainfilmcommission.com\/en\/#organization","name":"Spain Film Commission","url":"https:\/\/spainfilmcommission.com\/en\/","logo":{"@type":"ImageObject","inLanguage":"en-US","@id":"https:\/\/spainfilmcommission.com\/en\/#\/schema\/logo\/image\/","url":"https:\/\/spainfilmcommission.com\/wp-content\/uploads\/2024\/07\/SPC_COLOR.png","contentUrl":"https:\/\/spainfilmcommission.com\/wp-content\/uploads\/2024\/07\/SPC_COLOR.png","width":1665,"height":1665,"caption":"Spain Film Commission"},"image":{"@id":"https:\/\/spainfilmcommission.com\/en\/#\/schema\/logo\/image\/"}}]}},"socio":[{"ID":"51","user_login":"mallorca-film-commission","user_nicename":"mallorca-film-commission","display_name":"mallorca-film-commission","user_pass":"****************","user_email":"psegui@conselldemallorca.net","user_url":"","user_registered":"2024-12-19 18:41:58","id":51}],"nombrees":"Palacete y Patio Can Vivot","nombreen":"Palacete y Patio Can Vivot","localidad":"Palma de Mallorca","provincia":"Islas Baleares","coordenadas_maps":"39.5696, 2.65212","latitud":"39.569600000000","longitud":"2.652120000000","direcciones":"","direccionen":"","cod_postal":[],"telefono":"(+34) 971","fax":"","mail":"xfebrer@palmaactiva.com","web":"","descripciones":"Can Vivot es la casa barroca de mayores dimensiones de Palma, es un conjunto de edificaciones de \u00e9pocas muy diversas. La planta es rectangular, con fachada a dos calles y el patio es uno de los m\u00e1s monumentales de Palma de Mallorca (Baleares). La escalera es de trazado imperial y ubicada al fondo, tras una galer\u00eda. En uno de los laterales y con entrada desde la calle hay otro patio, destinado inicialmente a establo, con una galer\u00eda de arcos de balaustrada decorado con bustos de m\u00e1rmol, que da fondo a la visi\u00f3n de la entrada. Destacan las pinturas aleg\u00f3ricas del techo de Guiseppe Dardarone y la biblioteca, con su fondo documental y la vidriera de Antonio Soldatti.","descripcionen":"Can Vivot is the largest Baroque house in Palma, it is a complex of buildings of very different eras. The plan is rectangular, with facades to two streets and its courtyard is one of the most monumental of Palma de Mallorca (Balearic Islands). The staircase has an imperial layout and is located at the end of a gallery. On one of its sides, which has an entrance from the street, there is another courtyard, which was originally used as horse stables, with an arched gallery balustrade decorated with marble busts, which serves as the background to the view from the entrance. Its highlights include the allegorical ceiling paintings of Guiseppe Dardarone and the library, with its archive and the stained glass window of Antonio Soldatti.","galeria":[{"ID":"29271","post_author":"2","post_date":"2025-03-08 12:51:21","post_date_gmt":"2025-03-08 11:51:21","post_content":"","post_title":"palacete-y-patio-can-vivot_117_1","post_excerpt":"","post_status":"inherit","comment_status":"closed","ping_status":"closed","post_password":"","post_name":"palacete-y-patio-can-vivot_117_1","to_ping":"","pinged":"","post_modified":"2025-04-22 08:15:48","post_modified_gmt":"2025-04-22 06:15:48","post_content_filtered":"","post_parent":"11203","guid":"https:\/\/spainfilmcommission.com\/wp-content\/uploads\/2025\/03\/palacete-y-patio-can-vivot_117_1.jpg","menu_order":"0","post_type":"attachment","post_mime_type":"image\/jpeg","comment_count":"0","pod_item_id":"29271"},{"ID":"29273","post_author":"2","post_date":"2025-03-08 12:51:24","post_date_gmt":"2025-03-08 11:51:24","post_content":"","post_title":"palacete-y-patio-can-vivot_117_2","post_excerpt":"","post_status":"inherit","comment_status":"closed","ping_status":"closed","post_password":"","post_name":"palacete-y-patio-can-vivot_117_2","to_ping":"","pinged":"","post_modified":"2025-04-22 08:15:48","post_modified_gmt":"2025-04-22 06:15:48","post_content_filtered":"","post_parent":"11203","guid":"https:\/\/spainfilmcommission.com\/wp-content\/uploads\/2025\/03\/palacete-y-patio-can-vivot_117_2.jpg","menu_order":"0","post_type":"attachment","post_mime_type":"image\/jpeg","comment_count":"0","pod_item_id":"29273"},{"ID":"29275","post_author":"2","post_date":"2025-03-08 12:51:27","post_date_gmt":"2025-03-08 11:51:27","post_content":"","post_title":"palacete-y-patio-can-vivot_117_3","post_excerpt":"","post_status":"inherit","comment_status":"closed","ping_status":"closed","post_password":"","post_name":"palacete-y-patio-can-vivot_117_3","to_ping":"","pinged":"","post_modified":"2025-04-22 08:15:48","post_modified_gmt":"2025-04-22 06:15:48","post_content_filtered":"","post_parent":"11203","guid":"https:\/\/spainfilmcommission.com\/wp-content\/uploads\/2025\/03\/palacete-y-patio-can-vivot_117_3.jpg","menu_order":"0","post_type":"attachment","post_mime_type":"image\/jpeg","comment_count":"0","pod_item_id":"29275"},{"ID":"29277","post_author":"2","post_date":"2025-03-08 12:51:30","post_date_gmt":"2025-03-08 11:51:30","post_content":"","post_title":"palacete-y-patio-can-vivot_117_4","post_excerpt":"","post_status":"inherit","comment_status":"closed","ping_status":"closed","post_password":"","post_name":"palacete-y-patio-can-vivot_117_4","to_ping":"","pinged":"","post_modified":"2025-04-22 08:15:48","post_modified_gmt":"2025-04-22 06:15:48","post_content_filtered":"","post_parent":"11203","guid":"https:\/\/spainfilmcommission.com\/wp-content\/uploads\/2025\/03\/palacete-y-patio-can-vivot_117_4.jpg","menu_order":"0","post_type":"attachment","post_mime_type":"image\/jpeg","comment_count":"0","pod_item_id":"29277"}],"nombrepaginaes":"palacete-y-patio-can-vivot","nombrepaginaen":"palacete-y-patio-can-vivot","latitud_gps":"","longitud_gps":"","adicionaleses":"","adicionalesen":"","videoes":"","videoen":"","video2es":"","video2en":"","_links":{"self":[{"href":"https:\/\/spainfilmcommission.com\/en\/wp-json\/wp\/v2\/localizaciones\/localizacion\/11203","targetHints":{"allow":["GET"]}}],"collection":[{"href":"https:\/\/spainfilmcommission.com\/en\/wp-json\/wp\/v2\/localizaciones\/localizacion"}],"about":[{"href":"https:\/\/spainfilmcommission.com\/en\/wp-json\/wp\/v2\/types\/localizacion"}],"author":[{"embeddable":true,"href":"https:\/\/spainfilmcommission.com\/en\/wp-json\/wp\/v2\/users\/2"}],"wp:attachment":[{"href":"https:\/\/spainfilmcommission.com\/en\/wp-json\/wp\/v2\/media?parent=11203"}],"curies":[{"name":"wp","href":"https:\/\/api.w.org\/{rel}","templated":true}]}}

<!-- This site is optimized with the Yoast SEO plugin v28.3 - https://yoast.com/product/yoast-seo-wordpress/ -->
<title>Rodar en Palacete y Patio Can Vivot - Spain Film Commission</title>
<meta name="description" content="En esta página encontrarás una pequeña descripción, mágenes e información relevante para que te hagas una idea de cómo es rodar en Palacete y Patio Can Vivot" />
<meta name="robots" content="index, follow, max-snippet:-1, max-image-preview:large, max-video-preview:-1" />
<link rel="canonical" href="https://spainfilmcommission.com/en/ai-locations/palacete-y-patio-can-vivot/" />
<meta property="og:locale" content="en_US" />
<meta property="og:type" content="article" />
<meta property="og:title" content="Rodar en Palacete y Patio Can Vivot - Spain Film Commission" />
<meta property="og:description" content="En esta página encontrarás una pequeña descripción, mágenes e información relevante para que te hagas una idea de cómo es rodar en Palacete y Patio Can Vivot" />
<meta property="og:url" content="https://spainfilmcommission.com/en/ai-locations/palacete-y-patio-can-vivot/" />
<meta property="og:site_name" content="Spain Film Commission" />
<meta property="article:modified_time" content="2025-04-22T06:15:48+00:00" />
<meta name="twitter:card" content="summary_large_image" />
<script type="application/ld+json" class="yoast-schema-graph">{"@context":"https:\/\/schema.org","@graph":[{"@type":"WebPage","@id":"https:\/\/spainfilmcommission.com\/en\/ai-locations\/palacete-y-patio-can-vivot\/","url":"https:\/\/spainfilmcommission.com\/en\/ai-locations\/palacete-y-patio-can-vivot\/","name":"Rodar en Palacete y Patio Can Vivot - Spain Film Commission","isPartOf":{"@id":"https:\/\/spainfilmcommission.com\/en\/#website"},"datePublished":"2025-02-27T16:28:10+00:00","dateModified":"2025-04-22T06:15:48+00:00","description":"En esta página encontrarás una pequeña descripción, mágenes e información relevante para que te hagas una idea de cómo es rodar en Palacete y Patio Can Vivot","breadcrumb":{"@id":"https:\/\/spainfilmcommission.com\/en\/ai-locations\/palacete-y-patio-can-vivot\/#breadcrumb"},"inLanguage":"en-US","potentialAction":[{"@type":"ReadAction","target":["https:\/\/spainfilmcommission.com\/en\/ai-locations\/palacete-y-patio-can-vivot\/"]}]},{"@type":"BreadcrumbList","@id":"https:\/\/spainfilmcommission.com\/en\/ai-locations\/palacete-y-patio-can-vivot\/#breadcrumb","itemListElement":[{"@type":"ListItem","position":1,"name":"Portada","item":"https:\/\/spainfilmcommission.com\/en\/"},{"@type":"ListItem","position":2,"name":"Palacete y Patio Can Vivot"}]},{"@type":"WebSite","@id":"https:\/\/spainfilmcommission.com\/en\/#website","url":"https:\/\/spainfilmcommission.com\/en\/","name":"Spain Film Commission","description":"","publisher":{"@id":"https:\/\/spainfilmcommission.com\/en\/#organization"},"potentialAction":[{"@type":"SearchAction","target":{"@type":"EntryPoint","urlTemplate":"https:\/\/spainfilmcommission.com\/en\/?s={search_term_string}"},"query-input":{"@type":"PropertyValueSpecification","valueRequired":true,"valueName":"search_term_string"}}],"inLanguage":"en-US"},{"@type":"Organization","@id":"https:\/\/spainfilmcommission.com\/en\/#organization","name":"Spain Film Commission","url":"https:\/\/spainfilmcommission.com\/en\/","logo":{"@type":"ImageObject","inLanguage":"en-US","@id":"https:\/\/spainfilmcommission.com\/en\/#\/schema\/logo\/image\/","url":"https:\/\/spainfilmcommission.com\/wp-content\/uploads\/2024\/07\/SPC_COLOR.png","contentUrl":"https:\/\/spainfilmcommission.com\/wp-content\/uploads\/2024\/07\/SPC_COLOR.png","width":1665,"height":1665,"caption":"Spain Film Commission"},"image":{"@id":"https:\/\/spainfilmcommission.com\/en\/#\/schema\/logo\/image\/"}}]}</script>
<!-- / Yoast SEO plugin. -->

En esta página encontrarás una pequeña descripción, mágenes e información relevante para que te hagas una idea de cómo es rodar en Palacete y Patio Can Vivot

Can Vivot es la casa barroca de mayores dimensiones de Palma, es un conjunto de edificaciones de épocas muy diversas. La planta es rectangular, con fachada a dos calles y el patio es uno de los más monumentales de Palma de Mallorca (Baleares). La escalera es de trazado imperial y ubicada al fondo, tras una galería. En uno de los laterales y con entrada desde la calle hay otro patio, destinado inicialmente a establo, con una galería de arcos de balaustrada decorado con bustos de mármol, que da fondo a la visión de la entrada. Destacan las pinturas alegóricas del techo de Guiseppe Dardarone y la biblioteca, con su fondo documental y la vidriera de Antonio Soldatti.
