{"id":11155,"date":"2025-02-27T17:22:17","date_gmt":"2025-02-27T16:22:17","guid":{"rendered":"https:\/\/spainfilmcommission.com\/?post_type=localizacion&#038;p=11155"},"modified":"2025-04-22T08:37:38","modified_gmt":"2025-04-22T06:37:38","slug":"curva-de-la-tarta","status":"publish","type":"localizacion","link":"https:\/\/spainfilmcommission.com\/en\/ai-locations\/curva-de-la-tarta\/","title":{"rendered":"Curva de la Tarta"},"content":{"rendered":"","protected":false},"author":2,"template":"","meta":[],"class_list":["post-11155","localizacion","type-localizacion","status-publish","hentry"],"yoast_head":"<!-- This site is optimized with the Yoast SEO plugin v28.3 - https:\/\/yoast.com\/product\/yoast-seo-wordpress\/ -->\n<title>Rodar en Curva de la Tarta - Spain Film Commission<\/title>\n<meta name=\"description\" content=\"En esta p\u00e1gina encontrar\u00e1s una peque\u00f1a descripci\u00f3n, m\u00e1genes e informaci\u00f3n relevante para que te hagas una idea de c\u00f3mo es rodar en Curva de la Tarta\" \/>\n<meta name=\"robots\" content=\"index, follow, max-snippet:-1, max-image-preview:large, max-video-preview:-1\" \/>\n<link rel=\"canonical\" href=\"https:\/\/spainfilmcommission.com\/en\/ai-locations\/curva-de-la-tarta\/\" \/>\n<meta property=\"og:locale\" content=\"en_US\" \/>\n<meta property=\"og:type\" content=\"article\" \/>\n<meta property=\"og:title\" content=\"Rodar en Curva de la Tarta - Spain Film Commission\" \/>\n<meta property=\"og:description\" content=\"En esta p\u00e1gina encontrar\u00e1s una peque\u00f1a descripci\u00f3n, m\u00e1genes e informaci\u00f3n relevante para que te hagas una idea de c\u00f3mo es rodar en Curva de la Tarta\" \/>\n<meta property=\"og:url\" content=\"https:\/\/spainfilmcommission.com\/en\/ai-locations\/curva-de-la-tarta\/\" \/>\n<meta property=\"og:site_name\" content=\"Spain Film Commission\" \/>\n<meta property=\"article:modified_time\" content=\"2025-04-22T06:37:38+00:00\" \/>\n<meta name=\"twitter:card\" content=\"summary_large_image\" \/>\n<script type=\"application\/ld+json\" class=\"yoast-schema-graph\">{\"@context\":\"https:\\\/\\\/schema.org\",\"@graph\":[{\"@type\":\"WebPage\",\"@id\":\"https:\\\/\\\/spainfilmcommission.com\\\/en\\\/ai-locations\\\/curva-de-la-tarta\\\/\",\"url\":\"https:\\\/\\\/spainfilmcommission.com\\\/en\\\/ai-locations\\\/curva-de-la-tarta\\\/\",\"name\":\"Rodar en Curva de la Tarta - Spain Film Commission\",\"isPartOf\":{\"@id\":\"https:\\\/\\\/spainfilmcommission.com\\\/en\\\/#website\"},\"datePublished\":\"2025-02-27T16:22:17+00:00\",\"dateModified\":\"2025-04-22T06:37:38+00:00\",\"description\":\"En esta p\u00e1gina encontrar\u00e1s una peque\u00f1a descripci\u00f3n, m\u00e1genes e informaci\u00f3n relevante para que te hagas una idea de c\u00f3mo es rodar en Curva de la Tarta\",\"breadcrumb\":{\"@id\":\"https:\\\/\\\/spainfilmcommission.com\\\/en\\\/ai-locations\\\/curva-de-la-tarta\\\/#breadcrumb\"},\"inLanguage\":\"en-US\",\"potentialAction\":[{\"@type\":\"ReadAction\",\"target\":[\"https:\\\/\\\/spainfilmcommission.com\\\/en\\\/ai-locations\\\/curva-de-la-tarta\\\/\"]}]},{\"@type\":\"BreadcrumbList\",\"@id\":\"https:\\\/\\\/spainfilmcommission.com\\\/en\\\/ai-locations\\\/curva-de-la-tarta\\\/#breadcrumb\",\"itemListElement\":[{\"@type\":\"ListItem\",\"position\":1,\"name\":\"Portada\",\"item\":\"https:\\\/\\\/spainfilmcommission.com\\\/en\\\/\"},{\"@type\":\"ListItem\",\"position\":2,\"name\":\"Curva de la Tarta\"}]},{\"@type\":\"WebSite\",\"@id\":\"https:\\\/\\\/spainfilmcommission.com\\\/en\\\/#website\",\"url\":\"https:\\\/\\\/spainfilmcommission.com\\\/en\\\/\",\"name\":\"Spain Film Commission\",\"description\":\"\",\"publisher\":{\"@id\":\"https:\\\/\\\/spainfilmcommission.com\\\/en\\\/#organization\"},\"potentialAction\":[{\"@type\":\"SearchAction\",\"target\":{\"@type\":\"EntryPoint\",\"urlTemplate\":\"https:\\\/\\\/spainfilmcommission.com\\\/en\\\/?s={search_term_string}\"},\"query-input\":{\"@type\":\"PropertyValueSpecification\",\"valueRequired\":true,\"valueName\":\"search_term_string\"}}],\"inLanguage\":\"en-US\"},{\"@type\":\"Organization\",\"@id\":\"https:\\\/\\\/spainfilmcommission.com\\\/en\\\/#organization\",\"name\":\"Spain Film Commission\",\"url\":\"https:\\\/\\\/spainfilmcommission.com\\\/en\\\/\",\"logo\":{\"@type\":\"ImageObject\",\"inLanguage\":\"en-US\",\"@id\":\"https:\\\/\\\/spainfilmcommission.com\\\/en\\\/#\\\/schema\\\/logo\\\/image\\\/\",\"url\":\"https:\\\/\\\/spainfilmcommission.com\\\/wp-content\\\/uploads\\\/2024\\\/07\\\/SPC_COLOR.png\",\"contentUrl\":\"https:\\\/\\\/spainfilmcommission.com\\\/wp-content\\\/uploads\\\/2024\\\/07\\\/SPC_COLOR.png\",\"width\":1665,\"height\":1665,\"caption\":\"Spain Film Commission\"},\"image\":{\"@id\":\"https:\\\/\\\/spainfilmcommission.com\\\/en\\\/#\\\/schema\\\/logo\\\/image\\\/\"}}]}<\/script>\n<!-- \/ Yoast SEO plugin. -->","yoast_head_json":{"title":"Rodar en Curva de la Tarta - Spain Film Commission","description":"En esta p\u00e1gina encontrar\u00e1s una peque\u00f1a descripci\u00f3n, m\u00e1genes e informaci\u00f3n relevante para que te hagas una idea de c\u00f3mo es rodar en Curva de la Tarta","robots":{"index":"index","follow":"follow","max-snippet":"max-snippet:-1","max-image-preview":"max-image-preview:large","max-video-preview":"max-video-preview:-1"},"canonical":"https:\/\/spainfilmcommission.com\/en\/ai-locations\/curva-de-la-tarta\/","og_locale":"en_US","og_type":"article","og_title":"Rodar en Curva de la Tarta - Spain Film Commission","og_description":"En esta p\u00e1gina encontrar\u00e1s una peque\u00f1a descripci\u00f3n, m\u00e1genes e informaci\u00f3n relevante para que te hagas una idea de c\u00f3mo es rodar en Curva de la Tarta","og_url":"https:\/\/spainfilmcommission.com\/en\/ai-locations\/curva-de-la-tarta\/","og_site_name":"Spain Film Commission","article_modified_time":"2025-04-22T06:37:38+00:00","twitter_card":"summary_large_image","schema":{"@context":"https:\/\/schema.org","@graph":[{"@type":"WebPage","@id":"https:\/\/spainfilmcommission.com\/en\/ai-locations\/curva-de-la-tarta\/","url":"https:\/\/spainfilmcommission.com\/en\/ai-locations\/curva-de-la-tarta\/","name":"Rodar en Curva de la Tarta - Spain Film Commission","isPartOf":{"@id":"https:\/\/spainfilmcommission.com\/en\/#website"},"datePublished":"2025-02-27T16:22:17+00:00","dateModified":"2025-04-22T06:37:38+00:00","description":"En esta p\u00e1gina encontrar\u00e1s una peque\u00f1a descripci\u00f3n, m\u00e1genes e informaci\u00f3n relevante para que te hagas una idea de c\u00f3mo es rodar en Curva de la Tarta","breadcrumb":{"@id":"https:\/\/spainfilmcommission.com\/en\/ai-locations\/curva-de-la-tarta\/#breadcrumb"},"inLanguage":"en-US","potentialAction":[{"@type":"ReadAction","target":["https:\/\/spainfilmcommission.com\/en\/ai-locations\/curva-de-la-tarta\/"]}]},{"@type":"BreadcrumbList","@id":"https:\/\/spainfilmcommission.com\/en\/ai-locations\/curva-de-la-tarta\/#breadcrumb","itemListElement":[{"@type":"ListItem","position":1,"name":"Portada","item":"https:\/\/spainfilmcommission.com\/en\/"},{"@type":"ListItem","position":2,"name":"Curva de la Tarta"}]},{"@type":"WebSite","@id":"https:\/\/spainfilmcommission.com\/en\/#website","url":"https:\/\/spainfilmcommission.com\/en\/","name":"Spain Film Commission","description":"","publisher":{"@id":"https:\/\/spainfilmcommission.com\/en\/#organization"},"potentialAction":[{"@type":"SearchAction","target":{"@type":"EntryPoint","urlTemplate":"https:\/\/spainfilmcommission.com\/en\/?s={search_term_string}"},"query-input":{"@type":"PropertyValueSpecification","valueRequired":true,"valueName":"search_term_string"}}],"inLanguage":"en-US"},{"@type":"Organization","@id":"https:\/\/spainfilmcommission.com\/en\/#organization","name":"Spain Film Commission","url":"https:\/\/spainfilmcommission.com\/en\/","logo":{"@type":"ImageObject","inLanguage":"en-US","@id":"https:\/\/spainfilmcommission.com\/en\/#\/schema\/logo\/image\/","url":"https:\/\/spainfilmcommission.com\/wp-content\/uploads\/2024\/07\/SPC_COLOR.png","contentUrl":"https:\/\/spainfilmcommission.com\/wp-content\/uploads\/2024\/07\/SPC_COLOR.png","width":1665,"height":1665,"caption":"Spain Film Commission"},"image":{"@id":"https:\/\/spainfilmcommission.com\/en\/#\/schema\/logo\/image\/"}}]}},"socio":[{"ID":"46","user_login":"canary-island-film","user_nicename":"canary-island-film","display_name":"canary-island-film","user_pass":"****************","user_email":"hello@canaryislandsfilm.com","user_url":"","user_registered":"2024-12-19 18:02:01","id":46}],"nombrees":"Curva de la Tarta","nombreen":"Curva de la Tarta","localidad":"La Orotava","provincia":"Santa Cruz de Tenerife","coordenadas_maps":"28.3056, -16.5319","latitud":"28.305600000000","longitud":"-16.531900000000","direcciones":"TF - 24 La Orotava","direccionen":"TF - 24 La Orotava","cod_postal":[],"telefono":"(+34) 647","fax":"","mail":"film@webtenerife.com","web":"http:\/\/www.webtenerife.com\/tenerifefilm\/donde-rodar\/?cat=carreteras","descripciones":"Emblem\u00e1tica curva con tramos de colores en el lateral de la calzada. En este paraje volc\u00e1nico en Tenerife (Canarias), la capa blanca de la Curva de la Tarta est\u00e1 formada por fragmentos de p\u00f3mez y es muy porosa y ligera; las capas negras y rojizas se forman son de pic\u00f3n bas\u00e1ltico. En este lugar hay tambi\u00e9n un mirador con vistas panor\u00e1micos al mar de nubes que suele cubrir el Valle de la Orotava, al pie del Teide.","descripcionen":"Stunning curve with volcanic strata. In this volcanic landscape in Tenerife (Canary Islands), the white layer in the Curva de la Tarta ('Cake Curve') was formed by fragments of pumice and is very porous and light; the black and red layers were formed by basaltic cinder. In the area there is a gazebo with panoramic views of the sea of ??clouds that often cover the Orotava Valley, at the foot of Mount Teide.","galeria":[{"ID":"14179","post_author":"2","post_date":"2025-03-07 22:58:54","post_date_gmt":"2025-03-07 21:58:54","post_content":"","post_title":"curva-de-la-tarta_61_1","post_excerpt":"","post_status":"inherit","comment_status":"closed","ping_status":"closed","post_password":"","post_name":"curva-de-la-tarta_61_1","to_ping":"","pinged":"","post_modified":"2025-04-22 08:37:38","post_modified_gmt":"2025-04-22 06:37:38","post_content_filtered":"","post_parent":"11155","guid":"https:\/\/spainfilmcommission.com\/wp-content\/uploads\/2025\/03\/curva-de-la-tarta_61_1.jpg","menu_order":"0","post_type":"attachment","post_mime_type":"image\/jpeg","comment_count":"0","pod_item_id":"14179"},{"ID":"14181","post_author":"2","post_date":"2025-03-07 22:58:56","post_date_gmt":"2025-03-07 21:58:56","post_content":"","post_title":"curva-de-la-tarta_61_2","post_excerpt":"","post_status":"inherit","comment_status":"closed","ping_status":"closed","post_password":"","post_name":"curva-de-la-tarta_61_2","to_ping":"","pinged":"","post_modified":"2025-04-22 08:37:38","post_modified_gmt":"2025-04-22 06:37:38","post_content_filtered":"","post_parent":"11155","guid":"https:\/\/spainfilmcommission.com\/wp-content\/uploads\/2025\/03\/curva-de-la-tarta_61_2.gif","menu_order":"0","post_type":"attachment","post_mime_type":"image\/gif","comment_count":"0","pod_item_id":"14181"},{"ID":"14183","post_author":"2","post_date":"2025-03-07 22:58:59","post_date_gmt":"2025-03-07 21:58:59","post_content":"","post_title":"curva-de-la-tarta_61_3","post_excerpt":"","post_status":"inherit","comment_status":"closed","ping_status":"closed","post_password":"","post_name":"curva-de-la-tarta_61_3","to_ping":"","pinged":"","post_modified":"2025-04-22 08:37:38","post_modified_gmt":"2025-04-22 06:37:38","post_content_filtered":"","post_parent":"11155","guid":"https:\/\/spainfilmcommission.com\/wp-content\/uploads\/2025\/03\/curva-de-la-tarta_61_3.gif","menu_order":"0","post_type":"attachment","post_mime_type":"image\/gif","comment_count":"0","pod_item_id":"14183"},{"ID":"14185","post_author":"2","post_date":"2025-03-07 22:59:02","post_date_gmt":"2025-03-07 21:59:02","post_content":"","post_title":"curva-de-la-tarta_61_4","post_excerpt":"","post_status":"inherit","comment_status":"closed","ping_status":"closed","post_password":"","post_name":"curva-de-la-tarta_61_4","to_ping":"","pinged":"","post_modified":"2025-04-22 08:37:38","post_modified_gmt":"2025-04-22 06:37:38","post_content_filtered":"","post_parent":"11155","guid":"https:\/\/spainfilmcommission.com\/wp-content\/uploads\/2025\/03\/curva-de-la-tarta_61_4.jpg","menu_order":"0","post_type":"attachment","post_mime_type":"image\/jpeg","comment_count":"0","pod_item_id":"14185"},{"ID":"14187","post_author":"2","post_date":"2025-03-07 22:59:04","post_date_gmt":"2025-03-07 21:59:04","post_content":"","post_title":"curva-de-la-tarta_61_5","post_excerpt":"","post_status":"inherit","comment_status":"closed","ping_status":"closed","post_password":"","post_name":"curva-de-la-tarta_61_5","to_ping":"","pinged":"","post_modified":"2025-04-22 08:37:38","post_modified_gmt":"2025-04-22 06:37:38","post_content_filtered":"","post_parent":"11155","guid":"https:\/\/spainfilmcommission.com\/wp-content\/uploads\/2025\/03\/curva-de-la-tarta_61_5.gif","menu_order":"0","post_type":"attachment","post_mime_type":"image\/gif","comment_count":"0","pod_item_id":"14187"},{"ID":"14189","post_author":"2","post_date":"2025-03-07 22:59:07","post_date_gmt":"2025-03-07 21:59:07","post_content":"","post_title":"curva-de-la-tarta_61_6","post_excerpt":"","post_status":"inherit","comment_status":"closed","ping_status":"closed","post_password":"","post_name":"curva-de-la-tarta_61_6","to_ping":"","pinged":"","post_modified":"2025-04-22 08:37:38","post_modified_gmt":"2025-04-22 06:37:38","post_content_filtered":"","post_parent":"11155","guid":"https:\/\/spainfilmcommission.com\/wp-content\/uploads\/2025\/03\/curva-de-la-tarta_61_6.jpg","menu_order":"0","post_type":"attachment","post_mime_type":"image\/jpeg","comment_count":"0","pod_item_id":"14189"}],"nombrepaginaes":"curva-de-la-tarta","nombrepaginaen":"curva-de-la-tarta","latitud_gps":"","longitud_gps":"","adicionaleses":"","adicionalesen":"","videoes":"","videoen":"","video2es":"","video2en":"","_links":{"self":[{"href":"https:\/\/spainfilmcommission.com\/en\/wp-json\/wp\/v2\/localizaciones\/localizacion\/11155","targetHints":{"allow":["GET"]}}],"collection":[{"href":"https:\/\/spainfilmcommission.com\/en\/wp-json\/wp\/v2\/localizaciones\/localizacion"}],"about":[{"href":"https:\/\/spainfilmcommission.com\/en\/wp-json\/wp\/v2\/types\/localizacion"}],"author":[{"embeddable":true,"href":"https:\/\/spainfilmcommission.com\/en\/wp-json\/wp\/v2\/users\/2"}],"wp:attachment":[{"href":"https:\/\/spainfilmcommission.com\/en\/wp-json\/wp\/v2\/media?parent=11155"}],"curies":[{"name":"wp","href":"https:\/\/api.w.org\/{rel}","templated":true}]}}

<!-- This site is optimized with the Yoast SEO plugin v28.3 - https://yoast.com/product/yoast-seo-wordpress/ -->
<title>Rodar en Curva de la Tarta - Spain Film Commission</title>
<meta name="description" content="En esta página encontrarás una pequeña descripción, mágenes e información relevante para que te hagas una idea de cómo es rodar en Curva de la Tarta" />
<meta name="robots" content="index, follow, max-snippet:-1, max-image-preview:large, max-video-preview:-1" />
<link rel="canonical" href="https://spainfilmcommission.com/en/ai-locations/curva-de-la-tarta/" />
<meta property="og:locale" content="en_US" />
<meta property="og:type" content="article" />
<meta property="og:title" content="Rodar en Curva de la Tarta - Spain Film Commission" />
<meta property="og:description" content="En esta página encontrarás una pequeña descripción, mágenes e información relevante para que te hagas una idea de cómo es rodar en Curva de la Tarta" />
<meta property="og:url" content="https://spainfilmcommission.com/en/ai-locations/curva-de-la-tarta/" />
<meta property="og:site_name" content="Spain Film Commission" />
<meta property="article:modified_time" content="2025-04-22T06:37:38+00:00" />
<meta name="twitter:card" content="summary_large_image" />
<script type="application/ld+json" class="yoast-schema-graph">{"@context":"https:\/\/schema.org","@graph":[{"@type":"WebPage","@id":"https:\/\/spainfilmcommission.com\/en\/ai-locations\/curva-de-la-tarta\/","url":"https:\/\/spainfilmcommission.com\/en\/ai-locations\/curva-de-la-tarta\/","name":"Rodar en Curva de la Tarta - Spain Film Commission","isPartOf":{"@id":"https:\/\/spainfilmcommission.com\/en\/#website"},"datePublished":"2025-02-27T16:22:17+00:00","dateModified":"2025-04-22T06:37:38+00:00","description":"En esta página encontrarás una pequeña descripción, mágenes e información relevante para que te hagas una idea de cómo es rodar en Curva de la Tarta","breadcrumb":{"@id":"https:\/\/spainfilmcommission.com\/en\/ai-locations\/curva-de-la-tarta\/#breadcrumb"},"inLanguage":"en-US","potentialAction":[{"@type":"ReadAction","target":["https:\/\/spainfilmcommission.com\/en\/ai-locations\/curva-de-la-tarta\/"]}]},{"@type":"BreadcrumbList","@id":"https:\/\/spainfilmcommission.com\/en\/ai-locations\/curva-de-la-tarta\/#breadcrumb","itemListElement":[{"@type":"ListItem","position":1,"name":"Portada","item":"https:\/\/spainfilmcommission.com\/en\/"},{"@type":"ListItem","position":2,"name":"Curva de la Tarta"}]},{"@type":"WebSite","@id":"https:\/\/spainfilmcommission.com\/en\/#website","url":"https:\/\/spainfilmcommission.com\/en\/","name":"Spain Film Commission","description":"","publisher":{"@id":"https:\/\/spainfilmcommission.com\/en\/#organization"},"potentialAction":[{"@type":"SearchAction","target":{"@type":"EntryPoint","urlTemplate":"https:\/\/spainfilmcommission.com\/en\/?s={search_term_string}"},"query-input":{"@type":"PropertyValueSpecification","valueRequired":true,"valueName":"search_term_string"}}],"inLanguage":"en-US"},{"@type":"Organization","@id":"https:\/\/spainfilmcommission.com\/en\/#organization","name":"Spain Film Commission","url":"https:\/\/spainfilmcommission.com\/en\/","logo":{"@type":"ImageObject","inLanguage":"en-US","@id":"https:\/\/spainfilmcommission.com\/en\/#\/schema\/logo\/image\/","url":"https:\/\/spainfilmcommission.com\/wp-content\/uploads\/2024\/07\/SPC_COLOR.png","contentUrl":"https:\/\/spainfilmcommission.com\/wp-content\/uploads\/2024\/07\/SPC_COLOR.png","width":1665,"height":1665,"caption":"Spain Film Commission"},"image":{"@id":"https:\/\/spainfilmcommission.com\/en\/#\/schema\/logo\/image\/"}}]}</script>
<!-- / Yoast SEO plugin. -->

En esta página encontrarás una pequeña descripción, mágenes e información relevante para que te hagas una idea de cómo es rodar en Curva de la Tarta

Emblemática curva con tramos de colores en el lateral de la calzada. En este paraje volcánico en Tenerife (Canarias), la capa blanca de la Curva de la Tarta está formada por fragmentos de pómez y es muy porosa y ligera; las capas negras y rojizas se forman son de picón basáltico. En este lugar hay también un mirador con vistas panorámicos al mar de nubes que suele cubrir el Valle de la Orotava, al pie del Teide.
