{"id":11504,"date":"2025-02-27T18:33:51","date_gmt":"2025-02-27T17:33:51","guid":{"rendered":"https:\/\/sfc.com\/?post_type=localizacion&#038;p=11504"},"modified":"2025-04-22T09:34:26","modified_gmt":"2025-04-22T07:34:26","slug":"estacion-invernal-fuentes-de-invierno","status":"publish","type":"localizacion","link":"https:\/\/spainfilmcommission.com\/en\/ai-locations\/estacion-invernal-fuentes-de-invierno\/","title":{"rendered":"Estaci\u00f3n Invernal Fuentes de Invierno"},"content":{"rendered":"","protected":false},"author":62,"template":"","meta":[],"class_list":["post-11504","localizacion","type-localizacion","status-publish","hentry"],"yoast_head":"<!-- This site is optimized with the Yoast SEO plugin v27.3 - https:\/\/yoast.com\/product\/yoast-seo-wordpress\/ -->\n<title>Rodar en Estaci\u00f3n Invernal Fuentes de Invierno - Spain Film Commission<\/title>\n<meta name=\"description\" content=\"En esta p\u00e1gina encontrar\u00e1s una peque\u00f1a descripci\u00f3n, m\u00e1genes e informaci\u00f3n relevante para que te hagas una idea de c\u00f3mo es rodar en Estaci\u00f3n Invernal Fuentes de Invierno\" \/>\n<meta name=\"robots\" content=\"index, follow, max-snippet:-1, max-image-preview:large, max-video-preview:-1\" \/>\n<link rel=\"canonical\" href=\"https:\/\/spainfilmcommission.com\/en\/ai-locations\/estacion-invernal-fuentes-de-invierno\/\" \/>\n<meta property=\"og:locale\" content=\"en_US\" \/>\n<meta property=\"og:type\" content=\"article\" \/>\n<meta property=\"og:title\" content=\"Rodar en Estaci\u00f3n Invernal Fuentes de Invierno - Spain Film Commission\" \/>\n<meta property=\"og:description\" content=\"En esta p\u00e1gina encontrar\u00e1s una peque\u00f1a descripci\u00f3n, m\u00e1genes e informaci\u00f3n relevante para que te hagas una idea de c\u00f3mo es rodar en Estaci\u00f3n Invernal Fuentes de Invierno\" \/>\n<meta property=\"og:url\" content=\"https:\/\/spainfilmcommission.com\/en\/ai-locations\/estacion-invernal-fuentes-de-invierno\/\" \/>\n<meta property=\"og:site_name\" content=\"Spain Film Commission\" \/>\n<meta property=\"article:modified_time\" content=\"2025-04-22T07:34:26+00:00\" \/>\n<meta name=\"twitter:card\" content=\"summary_large_image\" \/>\n<script type=\"application\/ld+json\" class=\"yoast-schema-graph\">{\"@context\":\"https:\\\/\\\/schema.org\",\"@graph\":[{\"@type\":\"WebPage\",\"@id\":\"https:\\\/\\\/spainfilmcommission.com\\\/en\\\/ai-locations\\\/estacion-invernal-fuentes-de-invierno\\\/\",\"url\":\"https:\\\/\\\/spainfilmcommission.com\\\/en\\\/ai-locations\\\/estacion-invernal-fuentes-de-invierno\\\/\",\"name\":\"Rodar en Estaci\u00f3n Invernal Fuentes de Invierno - Spain Film Commission\",\"isPartOf\":{\"@id\":\"https:\\\/\\\/spainfilmcommission.com\\\/en\\\/#website\"},\"datePublished\":\"2025-02-27T17:33:51+00:00\",\"dateModified\":\"2025-04-22T07:34:26+00:00\",\"description\":\"En esta p\u00e1gina encontrar\u00e1s una peque\u00f1a descripci\u00f3n, m\u00e1genes e informaci\u00f3n relevante para que te hagas una idea de c\u00f3mo es rodar en Estaci\u00f3n Invernal Fuentes de Invierno\",\"breadcrumb\":{\"@id\":\"https:\\\/\\\/spainfilmcommission.com\\\/en\\\/ai-locations\\\/estacion-invernal-fuentes-de-invierno\\\/#breadcrumb\"},\"inLanguage\":\"en-US\",\"potentialAction\":[{\"@type\":\"ReadAction\",\"target\":[\"https:\\\/\\\/spainfilmcommission.com\\\/en\\\/ai-locations\\\/estacion-invernal-fuentes-de-invierno\\\/\"]}]},{\"@type\":\"BreadcrumbList\",\"@id\":\"https:\\\/\\\/spainfilmcommission.com\\\/en\\\/ai-locations\\\/estacion-invernal-fuentes-de-invierno\\\/#breadcrumb\",\"itemListElement\":[{\"@type\":\"ListItem\",\"position\":1,\"name\":\"Portada\",\"item\":\"https:\\\/\\\/spainfilmcommission.com\\\/en\\\/\"},{\"@type\":\"ListItem\",\"position\":2,\"name\":\"Estaci\u00f3n Invernal Fuentes de Invierno\"}]},{\"@type\":\"WebSite\",\"@id\":\"https:\\\/\\\/spainfilmcommission.com\\\/en\\\/#website\",\"url\":\"https:\\\/\\\/spainfilmcommission.com\\\/en\\\/\",\"name\":\"Spain Film Commission\",\"description\":\"\",\"publisher\":{\"@id\":\"https:\\\/\\\/spainfilmcommission.com\\\/en\\\/#organization\"},\"potentialAction\":[{\"@type\":\"SearchAction\",\"target\":{\"@type\":\"EntryPoint\",\"urlTemplate\":\"https:\\\/\\\/spainfilmcommission.com\\\/en\\\/?s={search_term_string}\"},\"query-input\":{\"@type\":\"PropertyValueSpecification\",\"valueRequired\":true,\"valueName\":\"search_term_string\"}}],\"inLanguage\":\"en-US\"},{\"@type\":\"Organization\",\"@id\":\"https:\\\/\\\/spainfilmcommission.com\\\/en\\\/#organization\",\"name\":\"Spain Film Commission\",\"url\":\"https:\\\/\\\/spainfilmcommission.com\\\/en\\\/\",\"logo\":{\"@type\":\"ImageObject\",\"inLanguage\":\"en-US\",\"@id\":\"https:\\\/\\\/spainfilmcommission.com\\\/en\\\/#\\\/schema\\\/logo\\\/image\\\/\",\"url\":\"https:\\\/\\\/spainfilmcommission.com\\\/wp-content\\\/uploads\\\/2024\\\/07\\\/SPC_COLOR.png\",\"contentUrl\":\"https:\\\/\\\/spainfilmcommission.com\\\/wp-content\\\/uploads\\\/2024\\\/07\\\/SPC_COLOR.png\",\"width\":1665,\"height\":1665,\"caption\":\"Spain Film Commission\"},\"image\":{\"@id\":\"https:\\\/\\\/spainfilmcommission.com\\\/en\\\/#\\\/schema\\\/logo\\\/image\\\/\"}}]}<\/script>\n<!-- \/ Yoast SEO plugin. -->","yoast_head_json":{"title":"Rodar en Estaci\u00f3n Invernal Fuentes de Invierno - Spain Film Commission","description":"En esta p\u00e1gina encontrar\u00e1s una peque\u00f1a descripci\u00f3n, m\u00e1genes e informaci\u00f3n relevante para que te hagas una idea de c\u00f3mo es rodar en Estaci\u00f3n Invernal Fuentes de Invierno","robots":{"index":"index","follow":"follow","max-snippet":"max-snippet:-1","max-image-preview":"max-image-preview:large","max-video-preview":"max-video-preview:-1"},"canonical":"https:\/\/spainfilmcommission.com\/en\/ai-locations\/estacion-invernal-fuentes-de-invierno\/","og_locale":"en_US","og_type":"article","og_title":"Rodar en Estaci\u00f3n Invernal Fuentes de Invierno - Spain Film Commission","og_description":"En esta p\u00e1gina encontrar\u00e1s una peque\u00f1a descripci\u00f3n, m\u00e1genes e informaci\u00f3n relevante para que te hagas una idea de c\u00f3mo es rodar en Estaci\u00f3n Invernal Fuentes de Invierno","og_url":"https:\/\/spainfilmcommission.com\/en\/ai-locations\/estacion-invernal-fuentes-de-invierno\/","og_site_name":"Spain Film Commission","article_modified_time":"2025-04-22T07:34:26+00:00","twitter_card":"summary_large_image","schema":{"@context":"https:\/\/schema.org","@graph":[{"@type":"WebPage","@id":"https:\/\/spainfilmcommission.com\/en\/ai-locations\/estacion-invernal-fuentes-de-invierno\/","url":"https:\/\/spainfilmcommission.com\/en\/ai-locations\/estacion-invernal-fuentes-de-invierno\/","name":"Rodar en Estaci\u00f3n Invernal Fuentes de Invierno - Spain Film Commission","isPartOf":{"@id":"https:\/\/spainfilmcommission.com\/en\/#website"},"datePublished":"2025-02-27T17:33:51+00:00","dateModified":"2025-04-22T07:34:26+00:00","description":"En esta p\u00e1gina encontrar\u00e1s una peque\u00f1a descripci\u00f3n, m\u00e1genes e informaci\u00f3n relevante para que te hagas una idea de c\u00f3mo es rodar en Estaci\u00f3n Invernal Fuentes de Invierno","breadcrumb":{"@id":"https:\/\/spainfilmcommission.com\/en\/ai-locations\/estacion-invernal-fuentes-de-invierno\/#breadcrumb"},"inLanguage":"en-US","potentialAction":[{"@type":"ReadAction","target":["https:\/\/spainfilmcommission.com\/en\/ai-locations\/estacion-invernal-fuentes-de-invierno\/"]}]},{"@type":"BreadcrumbList","@id":"https:\/\/spainfilmcommission.com\/en\/ai-locations\/estacion-invernal-fuentes-de-invierno\/#breadcrumb","itemListElement":[{"@type":"ListItem","position":1,"name":"Portada","item":"https:\/\/spainfilmcommission.com\/en\/"},{"@type":"ListItem","position":2,"name":"Estaci\u00f3n Invernal Fuentes de Invierno"}]},{"@type":"WebSite","@id":"https:\/\/spainfilmcommission.com\/en\/#website","url":"https:\/\/spainfilmcommission.com\/en\/","name":"Spain Film Commission","description":"","publisher":{"@id":"https:\/\/spainfilmcommission.com\/en\/#organization"},"potentialAction":[{"@type":"SearchAction","target":{"@type":"EntryPoint","urlTemplate":"https:\/\/spainfilmcommission.com\/en\/?s={search_term_string}"},"query-input":{"@type":"PropertyValueSpecification","valueRequired":true,"valueName":"search_term_string"}}],"inLanguage":"en-US"},{"@type":"Organization","@id":"https:\/\/spainfilmcommission.com\/en\/#organization","name":"Spain Film Commission","url":"https:\/\/spainfilmcommission.com\/en\/","logo":{"@type":"ImageObject","inLanguage":"en-US","@id":"https:\/\/spainfilmcommission.com\/en\/#\/schema\/logo\/image\/","url":"https:\/\/spainfilmcommission.com\/wp-content\/uploads\/2024\/07\/SPC_COLOR.png","contentUrl":"https:\/\/spainfilmcommission.com\/wp-content\/uploads\/2024\/07\/SPC_COLOR.png","width":1665,"height":1665,"caption":"Spain Film Commission"},"image":{"@id":"https:\/\/spainfilmcommission.com\/en\/#\/schema\/logo\/image\/"}}]}},"socio":[{"ID":"16","user_login":"asturias-paraiso-natural-film-commission","user_nicename":"asturias-paraiso-natural-film-commission","display_name":"asturias-paraiso-natural-film-commission","user_pass":"****************","user_email":"filmcommission@turismoycultura.asturias.es","user_url":"","user_registered":"2024-12-19 13:43:43","id":16}],"nombrees":"Estaci\u00f3n Invernal Fuentes de Invierno","nombreen":"Fuentes de Invierno Ski Resort","localidad":"Aller","provincia":"Asturias","longitud":"-5.393536000000","latitud":"43.062499000000","coordenadas_maps":"43.062499, -5.393536","direcciones":"","direccionen":"","cod_postal":[],"telefono":"","fax":"","mail":"","web":"http:\/\/www.fuentesdeinvierno.com\/","descripciones":"Fuentes de Invierno\u00a0es un complejo de esqu\u00ed\u00a0situado en el concejo de\u00a0Aller (Asturias), inaugurado en 2007 y ubicado en la vertiente asturiana del puerto de San Isidro, en la\u00a0cordillera Cant\u00e1brica, con su base a una altitud de 1500 m sobre el nivel del mar. Tiene unas instalaciones formadas por tres telesillas, un telesqu\u00ed y una cinta remontadora.","descripcionen":"Fuentes de Invierno is a\u00a0ski resort located in the municipality of Aller (Asturias), inaugurated in 2007 and located on the Asturian slope of San Isidro mountain pass, in the Cantabrian mountain range, with its base at an altitude of 1500 m above sea level. It has some facilities such as\u00a0three chairlifts and\u00a0a ski lift.","galeria":[{"ID":"15639","post_author":"2","post_date":"2025-03-07 23:36:22","post_date_gmt":"2025-03-07 22:36:22","post_content":"","post_title":"foto-463_3309","post_excerpt":"","post_status":"inherit","comment_status":"closed","ping_status":"closed","post_password":"","post_name":"foto-463_3309","to_ping":"","pinged":"","post_modified":"2025-04-22 09:34:26","post_modified_gmt":"2025-04-22 07:34:26","post_content_filtered":"","post_parent":"11504","guid":"https:\/\/sfc.com\/wp-content\/uploads\/2025\/03\/foto-463_3309.jpg","menu_order":"0","post_type":"attachment","post_mime_type":"image\/jpeg","comment_count":"0","pod_item_id":"15639"},{"ID":"15641","post_author":"2","post_date":"2025-03-07 23:36:24","post_date_gmt":"2025-03-07 22:36:24","post_content":"","post_title":"foto-463_3310","post_excerpt":"","post_status":"inherit","comment_status":"closed","ping_status":"closed","post_password":"","post_name":"foto-463_3310","to_ping":"","pinged":"","post_modified":"2025-04-22 09:34:26","post_modified_gmt":"2025-04-22 07:34:26","post_content_filtered":"","post_parent":"11504","guid":"https:\/\/sfc.com\/wp-content\/uploads\/2025\/03\/foto-463_3310.jpg","menu_order":"0","post_type":"attachment","post_mime_type":"image\/jpeg","comment_count":"0","pod_item_id":"15641"},{"ID":"15643","post_author":"2","post_date":"2025-03-07 23:36:26","post_date_gmt":"2025-03-07 22:36:26","post_content":"","post_title":"foto-463_3311","post_excerpt":"","post_status":"inherit","comment_status":"closed","ping_status":"closed","post_password":"","post_name":"foto-463_3311","to_ping":"","pinged":"","post_modified":"2025-04-22 09:34:26","post_modified_gmt":"2025-04-22 07:34:26","post_content_filtered":"","post_parent":"11504","guid":"https:\/\/sfc.com\/wp-content\/uploads\/2025\/03\/foto-463_3311.jpg","menu_order":"0","post_type":"attachment","post_mime_type":"image\/jpeg","comment_count":"0","pod_item_id":"15643"},{"ID":"15645","post_author":"2","post_date":"2025-03-07 23:36:30","post_date_gmt":"2025-03-07 22:36:30","post_content":"","post_title":"foto-463_3312","post_excerpt":"","post_status":"inherit","comment_status":"closed","ping_status":"closed","post_password":"","post_name":"foto-463_3312","to_ping":"","pinged":"","post_modified":"2025-04-22 09:34:26","post_modified_gmt":"2025-04-22 07:34:26","post_content_filtered":"","post_parent":"11504","guid":"https:\/\/sfc.com\/wp-content\/uploads\/2025\/03\/foto-463_3312.jpg","menu_order":"0","post_type":"attachment","post_mime_type":"image\/jpeg","comment_count":"0","pod_item_id":"15645"},{"ID":"15647","post_author":"2","post_date":"2025-03-07 23:36:32","post_date_gmt":"2025-03-07 22:36:32","post_content":"","post_title":"foto-463_3313","post_excerpt":"","post_status":"inherit","comment_status":"closed","ping_status":"closed","post_password":"","post_name":"foto-463_3313","to_ping":"","pinged":"","post_modified":"2025-04-22 09:34:26","post_modified_gmt":"2025-04-22 07:34:26","post_content_filtered":"","post_parent":"11504","guid":"https:\/\/sfc.com\/wp-content\/uploads\/2025\/03\/foto-463_3313.jpg","menu_order":"0","post_type":"attachment","post_mime_type":"image\/jpeg","comment_count":"0","pod_item_id":"15647"}],"nombrepaginaes":"estacion-invernal-fuentes-de-invierno","nombrepaginaen":"fuentes-de-invierno-ski-resort","latitud_gps":"43.062.499","longitud_gps":"-5.393.536","adicionaleses":"","adicionalesen":"","videoes":"https:\/\/www.youtube.com\/watch?v=03MSKk_iyjQ","videoen":"https:\/\/www.youtube.com\/watch?v=03MSKk_iyjQ","video2es":"","video2en":"","_links":{"self":[{"href":"https:\/\/spainfilmcommission.com\/en\/wp-json\/wp\/v2\/localizacion\/11504","targetHints":{"allow":["GET"]}}],"collection":[{"href":"https:\/\/spainfilmcommission.com\/en\/wp-json\/wp\/v2\/localizacion"}],"about":[{"href":"https:\/\/spainfilmcommission.com\/en\/wp-json\/wp\/v2\/types\/localizacion"}],"author":[{"embeddable":true,"href":"https:\/\/spainfilmcommission.com\/en\/wp-json\/wp\/v2\/users\/62"}],"wp:attachment":[{"href":"https:\/\/spainfilmcommission.com\/en\/wp-json\/wp\/v2\/media?parent=11504"}],"curies":[{"name":"wp","href":"https:\/\/api.w.org\/{rel}","templated":true}]}}

Estación Invernal Fuentes de Invierno

<!-- This site is optimized with the Yoast SEO plugin v27.3 - https://yoast.com/product/yoast-seo-wordpress/ -->
<title>Rodar en Estación Invernal Fuentes de Invierno - Spain Film Commission</title>
<meta name="description" content="En esta página encontrarás una pequeña descripción, mágenes e información relevante para que te hagas una idea de cómo es rodar en Estación Invernal Fuentes de Invierno" />
<meta name="robots" content="index, follow, max-snippet:-1, max-image-preview:large, max-video-preview:-1" />
<link rel="canonical" href="https://spainfilmcommission.com/en/ai-locations/estacion-invernal-fuentes-de-invierno/" />
<meta property="og:locale" content="en_US" />
<meta property="og:type" content="article" />
<meta property="og:title" content="Rodar en Estación Invernal Fuentes de Invierno - Spain Film Commission" />
<meta property="og:description" content="En esta página encontrarás una pequeña descripción, mágenes e información relevante para que te hagas una idea de cómo es rodar en Estación Invernal Fuentes de Invierno" />
<meta property="og:url" content="https://spainfilmcommission.com/en/ai-locations/estacion-invernal-fuentes-de-invierno/" />
<meta property="og:site_name" content="Spain Film Commission" />
<meta property="article:modified_time" content="2025-04-22T07:34:26+00:00" />
<meta name="twitter:card" content="summary_large_image" />
<script type="application/ld+json" class="yoast-schema-graph">{"@context":"https:\/\/schema.org","@graph":[{"@type":"WebPage","@id":"https:\/\/spainfilmcommission.com\/en\/ai-locations\/estacion-invernal-fuentes-de-invierno\/","url":"https:\/\/spainfilmcommission.com\/en\/ai-locations\/estacion-invernal-fuentes-de-invierno\/","name":"Rodar en Estación Invernal Fuentes de Invierno - Spain Film Commission","isPartOf":{"@id":"https:\/\/spainfilmcommission.com\/en\/#website"},"datePublished":"2025-02-27T17:33:51+00:00","dateModified":"2025-04-22T07:34:26+00:00","description":"En esta página encontrarás una pequeña descripción, mágenes e información relevante para que te hagas una idea de cómo es rodar en Estación Invernal Fuentes de Invierno","breadcrumb":{"@id":"https:\/\/spainfilmcommission.com\/en\/ai-locations\/estacion-invernal-fuentes-de-invierno\/#breadcrumb"},"inLanguage":"en-US","potentialAction":[{"@type":"ReadAction","target":["https:\/\/spainfilmcommission.com\/en\/ai-locations\/estacion-invernal-fuentes-de-invierno\/"]}]},{"@type":"BreadcrumbList","@id":"https:\/\/spainfilmcommission.com\/en\/ai-locations\/estacion-invernal-fuentes-de-invierno\/#breadcrumb","itemListElement":[{"@type":"ListItem","position":1,"name":"Portada","item":"https:\/\/spainfilmcommission.com\/en\/"},{"@type":"ListItem","position":2,"name":"Estación Invernal Fuentes de Invierno"}]},{"@type":"WebSite","@id":"https:\/\/spainfilmcommission.com\/en\/#website","url":"https:\/\/spainfilmcommission.com\/en\/","name":"Spain Film Commission","description":"","publisher":{"@id":"https:\/\/spainfilmcommission.com\/en\/#organization"},"potentialAction":[{"@type":"SearchAction","target":{"@type":"EntryPoint","urlTemplate":"https:\/\/spainfilmcommission.com\/en\/?s={search_term_string}"},"query-input":{"@type":"PropertyValueSpecification","valueRequired":true,"valueName":"search_term_string"}}],"inLanguage":"en-US"},{"@type":"Organization","@id":"https:\/\/spainfilmcommission.com\/en\/#organization","name":"Spain Film Commission","url":"https:\/\/spainfilmcommission.com\/en\/","logo":{"@type":"ImageObject","inLanguage":"en-US","@id":"https:\/\/spainfilmcommission.com\/en\/#\/schema\/logo\/image\/","url":"https:\/\/spainfilmcommission.com\/wp-content\/uploads\/2024\/07\/SPC_COLOR.png","contentUrl":"https:\/\/spainfilmcommission.com\/wp-content\/uploads\/2024\/07\/SPC_COLOR.png","width":1665,"height":1665,"caption":"Spain Film Commission"},"image":{"@id":"https:\/\/spainfilmcommission.com\/en\/#\/schema\/logo\/image\/"}}]}</script>
<!-- / Yoast SEO plugin. -->

Rodar en Estación Invernal Fuentes de Invierno - Spain Film Commission

En esta página encontrarás una pequeña descripción, mágenes e información relevante para que te hagas una idea de cómo es rodar en Estación Invernal Fuentes de Invierno

Fuentes de Invierno es un complejo de esquí situado en el concejo de Aller (Asturias), inaugurado en 2007 y ubicado en la vertiente asturiana del puerto de San Isidro, en la cordillera Cantábrica, con su base a una altitud de 1500 m sobre el nivel del mar. Tiene unas instalaciones formadas por tres telesillas, un telesquí y una cinta remontadora.
