{"id":11500,"date":"2025-02-27T18:33:51","date_gmt":"2025-02-27T17:33:51","guid":{"rendered":"https:\/\/sfc.com\/?post_type=localizacion&#038;p=11500"},"modified":"2025-04-21T13:25:35","modified_gmt":"2025-04-21T11:25:35","slug":"cabo-vidio","status":"publish","type":"localizacion","link":"https:\/\/spainfilmcommission.com\/en\/ai-locations\/cabo-vidio\/","title":{"rendered":"Cabo Vidio"},"content":{"rendered":"","protected":false},"author":62,"template":"","meta":[],"class_list":["post-11500","localizacion","type-localizacion","status-publish","hentry"],"yoast_head":"<!-- This site is optimized with the Yoast SEO plugin v27.3 - https:\/\/yoast.com\/product\/yoast-seo-wordpress\/ -->\n<title>Rodar en Cabo Vidio - Spain Film Commission<\/title>\n<meta name=\"description\" content=\"En esta p\u00e1gina encontrar\u00e1s una peque\u00f1a descripci\u00f3n, m\u00e1genes e informaci\u00f3n relevante para que te hagas una idea de c\u00f3mo es rodar en Cabo Vidio\" \/>\n<meta name=\"robots\" content=\"index, follow, max-snippet:-1, max-image-preview:large, max-video-preview:-1\" \/>\n<link rel=\"canonical\" href=\"https:\/\/spainfilmcommission.com\/en\/ai-locations\/cabo-vidio\/\" \/>\n<meta property=\"og:locale\" content=\"en_US\" \/>\n<meta property=\"og:type\" content=\"article\" \/>\n<meta property=\"og:title\" content=\"Rodar en Cabo Vidio - Spain Film Commission\" \/>\n<meta property=\"og:description\" content=\"En esta p\u00e1gina encontrar\u00e1s una peque\u00f1a descripci\u00f3n, m\u00e1genes e informaci\u00f3n relevante para que te hagas una idea de c\u00f3mo es rodar en Cabo Vidio\" \/>\n<meta property=\"og:url\" content=\"https:\/\/spainfilmcommission.com\/en\/ai-locations\/cabo-vidio\/\" \/>\n<meta property=\"og:site_name\" content=\"Spain Film Commission\" \/>\n<meta property=\"article:modified_time\" content=\"2025-04-21T11:25:35+00:00\" \/>\n<meta name=\"twitter:card\" content=\"summary_large_image\" \/>\n<script type=\"application\/ld+json\" class=\"yoast-schema-graph\">{\"@context\":\"https:\\\/\\\/schema.org\",\"@graph\":[{\"@type\":\"WebPage\",\"@id\":\"https:\\\/\\\/spainfilmcommission.com\\\/en\\\/ai-locations\\\/cabo-vidio\\\/\",\"url\":\"https:\\\/\\\/spainfilmcommission.com\\\/en\\\/ai-locations\\\/cabo-vidio\\\/\",\"name\":\"Rodar en Cabo Vidio - Spain Film Commission\",\"isPartOf\":{\"@id\":\"https:\\\/\\\/spainfilmcommission.com\\\/en\\\/#website\"},\"datePublished\":\"2025-02-27T17:33:51+00:00\",\"dateModified\":\"2025-04-21T11:25:35+00:00\",\"description\":\"En esta p\u00e1gina encontrar\u00e1s una peque\u00f1a descripci\u00f3n, m\u00e1genes e informaci\u00f3n relevante para que te hagas una idea de c\u00f3mo es rodar en Cabo Vidio\",\"breadcrumb\":{\"@id\":\"https:\\\/\\\/spainfilmcommission.com\\\/en\\\/ai-locations\\\/cabo-vidio\\\/#breadcrumb\"},\"inLanguage\":\"en-US\",\"potentialAction\":[{\"@type\":\"ReadAction\",\"target\":[\"https:\\\/\\\/spainfilmcommission.com\\\/en\\\/ai-locations\\\/cabo-vidio\\\/\"]}]},{\"@type\":\"BreadcrumbList\",\"@id\":\"https:\\\/\\\/spainfilmcommission.com\\\/en\\\/ai-locations\\\/cabo-vidio\\\/#breadcrumb\",\"itemListElement\":[{\"@type\":\"ListItem\",\"position\":1,\"name\":\"Portada\",\"item\":\"https:\\\/\\\/spainfilmcommission.com\\\/en\\\/\"},{\"@type\":\"ListItem\",\"position\":2,\"name\":\"Cabo Vidio\"}]},{\"@type\":\"WebSite\",\"@id\":\"https:\\\/\\\/spainfilmcommission.com\\\/en\\\/#website\",\"url\":\"https:\\\/\\\/spainfilmcommission.com\\\/en\\\/\",\"name\":\"Spain Film Commission\",\"description\":\"\",\"publisher\":{\"@id\":\"https:\\\/\\\/spainfilmcommission.com\\\/en\\\/#organization\"},\"potentialAction\":[{\"@type\":\"SearchAction\",\"target\":{\"@type\":\"EntryPoint\",\"urlTemplate\":\"https:\\\/\\\/spainfilmcommission.com\\\/en\\\/?s={search_term_string}\"},\"query-input\":{\"@type\":\"PropertyValueSpecification\",\"valueRequired\":true,\"valueName\":\"search_term_string\"}}],\"inLanguage\":\"en-US\"},{\"@type\":\"Organization\",\"@id\":\"https:\\\/\\\/spainfilmcommission.com\\\/en\\\/#organization\",\"name\":\"Spain Film Commission\",\"url\":\"https:\\\/\\\/spainfilmcommission.com\\\/en\\\/\",\"logo\":{\"@type\":\"ImageObject\",\"inLanguage\":\"en-US\",\"@id\":\"https:\\\/\\\/spainfilmcommission.com\\\/en\\\/#\\\/schema\\\/logo\\\/image\\\/\",\"url\":\"https:\\\/\\\/spainfilmcommission.com\\\/wp-content\\\/uploads\\\/2024\\\/07\\\/SPC_COLOR.png\",\"contentUrl\":\"https:\\\/\\\/spainfilmcommission.com\\\/wp-content\\\/uploads\\\/2024\\\/07\\\/SPC_COLOR.png\",\"width\":1665,\"height\":1665,\"caption\":\"Spain Film Commission\"},\"image\":{\"@id\":\"https:\\\/\\\/spainfilmcommission.com\\\/en\\\/#\\\/schema\\\/logo\\\/image\\\/\"}}]}<\/script>\n<!-- \/ Yoast SEO plugin. -->","yoast_head_json":{"title":"Rodar en Cabo Vidio - Spain Film Commission","description":"En esta p\u00e1gina encontrar\u00e1s una peque\u00f1a descripci\u00f3n, m\u00e1genes e informaci\u00f3n relevante para que te hagas una idea de c\u00f3mo es rodar en Cabo Vidio","robots":{"index":"index","follow":"follow","max-snippet":"max-snippet:-1","max-image-preview":"max-image-preview:large","max-video-preview":"max-video-preview:-1"},"canonical":"https:\/\/spainfilmcommission.com\/en\/ai-locations\/cabo-vidio\/","og_locale":"en_US","og_type":"article","og_title":"Rodar en Cabo Vidio - Spain Film Commission","og_description":"En esta p\u00e1gina encontrar\u00e1s una peque\u00f1a descripci\u00f3n, m\u00e1genes e informaci\u00f3n relevante para que te hagas una idea de c\u00f3mo es rodar en Cabo Vidio","og_url":"https:\/\/spainfilmcommission.com\/en\/ai-locations\/cabo-vidio\/","og_site_name":"Spain Film Commission","article_modified_time":"2025-04-21T11:25:35+00:00","twitter_card":"summary_large_image","schema":{"@context":"https:\/\/schema.org","@graph":[{"@type":"WebPage","@id":"https:\/\/spainfilmcommission.com\/en\/ai-locations\/cabo-vidio\/","url":"https:\/\/spainfilmcommission.com\/en\/ai-locations\/cabo-vidio\/","name":"Rodar en Cabo Vidio - Spain Film Commission","isPartOf":{"@id":"https:\/\/spainfilmcommission.com\/en\/#website"},"datePublished":"2025-02-27T17:33:51+00:00","dateModified":"2025-04-21T11:25:35+00:00","description":"En esta p\u00e1gina encontrar\u00e1s una peque\u00f1a descripci\u00f3n, m\u00e1genes e informaci\u00f3n relevante para que te hagas una idea de c\u00f3mo es rodar en Cabo Vidio","breadcrumb":{"@id":"https:\/\/spainfilmcommission.com\/en\/ai-locations\/cabo-vidio\/#breadcrumb"},"inLanguage":"en-US","potentialAction":[{"@type":"ReadAction","target":["https:\/\/spainfilmcommission.com\/en\/ai-locations\/cabo-vidio\/"]}]},{"@type":"BreadcrumbList","@id":"https:\/\/spainfilmcommission.com\/en\/ai-locations\/cabo-vidio\/#breadcrumb","itemListElement":[{"@type":"ListItem","position":1,"name":"Portada","item":"https:\/\/spainfilmcommission.com\/en\/"},{"@type":"ListItem","position":2,"name":"Cabo Vidio"}]},{"@type":"WebSite","@id":"https:\/\/spainfilmcommission.com\/en\/#website","url":"https:\/\/spainfilmcommission.com\/en\/","name":"Spain Film Commission","description":"","publisher":{"@id":"https:\/\/spainfilmcommission.com\/en\/#organization"},"potentialAction":[{"@type":"SearchAction","target":{"@type":"EntryPoint","urlTemplate":"https:\/\/spainfilmcommission.com\/en\/?s={search_term_string}"},"query-input":{"@type":"PropertyValueSpecification","valueRequired":true,"valueName":"search_term_string"}}],"inLanguage":"en-US"},{"@type":"Organization","@id":"https:\/\/spainfilmcommission.com\/en\/#organization","name":"Spain Film Commission","url":"https:\/\/spainfilmcommission.com\/en\/","logo":{"@type":"ImageObject","inLanguage":"en-US","@id":"https:\/\/spainfilmcommission.com\/en\/#\/schema\/logo\/image\/","url":"https:\/\/spainfilmcommission.com\/wp-content\/uploads\/2024\/07\/SPC_COLOR.png","contentUrl":"https:\/\/spainfilmcommission.com\/wp-content\/uploads\/2024\/07\/SPC_COLOR.png","width":1665,"height":1665,"caption":"Spain Film Commission"},"image":{"@id":"https:\/\/spainfilmcommission.com\/en\/#\/schema\/logo\/image\/"}}]}},"socio":[{"ID":"16","user_login":"asturias-paraiso-natural-film-commission","user_nicename":"asturias-paraiso-natural-film-commission","display_name":"asturias-paraiso-natural-film-commission","user_pass":"****************","user_email":"filmcommission@turismoycultura.asturias.es","user_url":"","user_registered":"2024-12-19 13:43:43","id":16}],"nombrees":"Cabo Vidio","nombreen":"Cape Vidio","localidad":"Ovi\u00f1ana, Cudillero","provincia":"Asturias","longitud":"-6.234940000000","latitud":"43.585181000000","coordenadas_maps":"43.585181, -6.23494","direcciones":"","direccionen":"","cod_postal":[],"telefono":"","fax":"","mail":"","web":"","descripciones":"El cabo Vidio se encuentra en el litoral, en el municipio de Cudillero (Asturias) y cercano a la la parroquia de Ovi\u00f1ana. Se trata de uno de los cabos m\u00e1s importantes de Asturias y forma un acantilado de 80 m sobre el mar. Unas de sus mayores atracciones son el faro y la Iglesiona, que es una cueva formada por la erosi\u00f3n del oleaje y que se puede visitar en bajamar.","descripcionen":"Cape Vidio is located on the coast, in the municipality of Cudillero (Asturias) and close to the small town\u00a0of Ovi\u00f1ana. It is one of the most important capes in\u00a0Asturias and it forms a cliff of 80 m height above the sea. Some of its major attractions are the lighthouse and the Iglesiona, which is a cave formed by the erosion of the waves and which can be visited at low tide.","galeria":[{"ID":"15601","post_author":"2","post_date":"2025-03-07 23:35:42","post_date_gmt":"2025-03-07 22:35:42","post_content":"","post_title":"foto-459_3287","post_excerpt":"","post_status":"inherit","comment_status":"closed","ping_status":"closed","post_password":"","post_name":"foto-459_3287","to_ping":"","pinged":"","post_modified":"2025-04-21 13:25:35","post_modified_gmt":"2025-04-21 11:25:35","post_content_filtered":"","post_parent":"11500","guid":"https:\/\/sfc.com\/wp-content\/uploads\/2025\/03\/foto-459_3287.jpg","menu_order":"0","post_type":"attachment","post_mime_type":"image\/jpeg","comment_count":"0","pod_item_id":"15601"},{"ID":"15603","post_author":"2","post_date":"2025-03-07 23:35:44","post_date_gmt":"2025-03-07 22:35:44","post_content":"","post_title":"foto-459_3288","post_excerpt":"","post_status":"inherit","comment_status":"closed","ping_status":"closed","post_password":"","post_name":"foto-459_3288","to_ping":"","pinged":"","post_modified":"2025-04-21 13:25:35","post_modified_gmt":"2025-04-21 11:25:35","post_content_filtered":"","post_parent":"11500","guid":"https:\/\/sfc.com\/wp-content\/uploads\/2025\/03\/foto-459_3288.jpg","menu_order":"0","post_type":"attachment","post_mime_type":"image\/jpeg","comment_count":"0","pod_item_id":"15603"},{"ID":"15605","post_author":"2","post_date":"2025-03-07 23:35:47","post_date_gmt":"2025-03-07 22:35:47","post_content":"","post_title":"foto-459_3289","post_excerpt":"","post_status":"inherit","comment_status":"closed","ping_status":"closed","post_password":"","post_name":"foto-459_3289","to_ping":"","pinged":"","post_modified":"2025-04-21 13:25:35","post_modified_gmt":"2025-04-21 11:25:35","post_content_filtered":"","post_parent":"11500","guid":"https:\/\/sfc.com\/wp-content\/uploads\/2025\/03\/foto-459_3289.jpg","menu_order":"0","post_type":"attachment","post_mime_type":"image\/jpeg","comment_count":"0","pod_item_id":"15605"},{"ID":"15607","post_author":"2","post_date":"2025-03-07 23:35:49","post_date_gmt":"2025-03-07 22:35:49","post_content":"","post_title":"foto-459_3290","post_excerpt":"","post_status":"inherit","comment_status":"closed","ping_status":"closed","post_password":"","post_name":"foto-459_3290","to_ping":"","pinged":"","post_modified":"2025-04-21 13:25:35","post_modified_gmt":"2025-04-21 11:25:35","post_content_filtered":"","post_parent":"11500","guid":"https:\/\/sfc.com\/wp-content\/uploads\/2025\/03\/foto-459_3290.jpg","menu_order":"0","post_type":"attachment","post_mime_type":"image\/jpeg","comment_count":"0","pod_item_id":"15607"},{"ID":"15609","post_author":"2","post_date":"2025-03-07 23:35:51","post_date_gmt":"2025-03-07 22:35:51","post_content":"","post_title":"foto-459_3291","post_excerpt":"","post_status":"inherit","comment_status":"closed","ping_status":"closed","post_password":"","post_name":"foto-459_3291","to_ping":"","pinged":"","post_modified":"2025-04-21 13:25:35","post_modified_gmt":"2025-04-21 11:25:35","post_content_filtered":"","post_parent":"11500","guid":"https:\/\/sfc.com\/wp-content\/uploads\/2025\/03\/foto-459_3291.jpg","menu_order":"0","post_type":"attachment","post_mime_type":"image\/jpeg","comment_count":"0","pod_item_id":"15609"},{"ID":"15611","post_author":"2","post_date":"2025-03-07 23:35:53","post_date_gmt":"2025-03-07 22:35:53","post_content":"","post_title":"foto-459_3292","post_excerpt":"","post_status":"inherit","comment_status":"closed","ping_status":"closed","post_password":"","post_name":"foto-459_3292","to_ping":"","pinged":"","post_modified":"2025-04-21 13:25:35","post_modified_gmt":"2025-04-21 11:25:35","post_content_filtered":"","post_parent":"11500","guid":"https:\/\/sfc.com\/wp-content\/uploads\/2025\/03\/foto-459_3292.jpg","menu_order":"0","post_type":"attachment","post_mime_type":"image\/jpeg","comment_count":"0","pod_item_id":"15611"},{"ID":"15613","post_author":"2","post_date":"2025-03-07 23:35:56","post_date_gmt":"2025-03-07 22:35:56","post_content":"","post_title":"foto-459_3294","post_excerpt":"","post_status":"inherit","comment_status":"closed","ping_status":"closed","post_password":"","post_name":"foto-459_3294","to_ping":"","pinged":"","post_modified":"2025-04-21 13:25:35","post_modified_gmt":"2025-04-21 11:25:35","post_content_filtered":"","post_parent":"11500","guid":"https:\/\/sfc.com\/wp-content\/uploads\/2025\/03\/foto-459_3294.jpg","menu_order":"0","post_type":"attachment","post_mime_type":"image\/jpeg","comment_count":"0","pod_item_id":"15613"}],"nombrepaginaes":"cabo-vidio","nombrepaginaen":"cape-vidio","latitud_gps":"43.585.181","longitud_gps":"-623.494","adicionaleses":"","adicionalesen":"","videoes":"https:\/\/www.youtube.com\/watch?v=AlxP-A9vVyk","videoen":"https:\/\/www.youtube.com\/watch?v=AlxP-A9vVyk","video2es":"","video2en":"","_links":{"self":[{"href":"https:\/\/spainfilmcommission.com\/en\/wp-json\/wp\/v2\/localizacion\/11500","targetHints":{"allow":["GET"]}}],"collection":[{"href":"https:\/\/spainfilmcommission.com\/en\/wp-json\/wp\/v2\/localizacion"}],"about":[{"href":"https:\/\/spainfilmcommission.com\/en\/wp-json\/wp\/v2\/types\/localizacion"}],"author":[{"embeddable":true,"href":"https:\/\/spainfilmcommission.com\/en\/wp-json\/wp\/v2\/users\/62"}],"wp:attachment":[{"href":"https:\/\/spainfilmcommission.com\/en\/wp-json\/wp\/v2\/media?parent=11500"}],"curies":[{"name":"wp","href":"https:\/\/api.w.org\/{rel}","templated":true}]}}

<!-- This site is optimized with the Yoast SEO plugin v27.3 - https://yoast.com/product/yoast-seo-wordpress/ -->
<title>Rodar en Cabo Vidio - Spain Film Commission</title>
<meta name="description" content="En esta página encontrarás una pequeña descripción, mágenes e información relevante para que te hagas una idea de cómo es rodar en Cabo Vidio" />
<meta name="robots" content="index, follow, max-snippet:-1, max-image-preview:large, max-video-preview:-1" />
<link rel="canonical" href="https://spainfilmcommission.com/en/ai-locations/cabo-vidio/" />
<meta property="og:locale" content="en_US" />
<meta property="og:type" content="article" />
<meta property="og:title" content="Rodar en Cabo Vidio - Spain Film Commission" />
<meta property="og:description" content="En esta página encontrarás una pequeña descripción, mágenes e información relevante para que te hagas una idea de cómo es rodar en Cabo Vidio" />
<meta property="og:url" content="https://spainfilmcommission.com/en/ai-locations/cabo-vidio/" />
<meta property="og:site_name" content="Spain Film Commission" />
<meta property="article:modified_time" content="2025-04-21T11:25:35+00:00" />
<meta name="twitter:card" content="summary_large_image" />
<script type="application/ld+json" class="yoast-schema-graph">{"@context":"https:\/\/schema.org","@graph":[{"@type":"WebPage","@id":"https:\/\/spainfilmcommission.com\/en\/ai-locations\/cabo-vidio\/","url":"https:\/\/spainfilmcommission.com\/en\/ai-locations\/cabo-vidio\/","name":"Rodar en Cabo Vidio - Spain Film Commission","isPartOf":{"@id":"https:\/\/spainfilmcommission.com\/en\/#website"},"datePublished":"2025-02-27T17:33:51+00:00","dateModified":"2025-04-21T11:25:35+00:00","description":"En esta página encontrarás una pequeña descripción, mágenes e información relevante para que te hagas una idea de cómo es rodar en Cabo Vidio","breadcrumb":{"@id":"https:\/\/spainfilmcommission.com\/en\/ai-locations\/cabo-vidio\/#breadcrumb"},"inLanguage":"en-US","potentialAction":[{"@type":"ReadAction","target":["https:\/\/spainfilmcommission.com\/en\/ai-locations\/cabo-vidio\/"]}]},{"@type":"BreadcrumbList","@id":"https:\/\/spainfilmcommission.com\/en\/ai-locations\/cabo-vidio\/#breadcrumb","itemListElement":[{"@type":"ListItem","position":1,"name":"Portada","item":"https:\/\/spainfilmcommission.com\/en\/"},{"@type":"ListItem","position":2,"name":"Cabo Vidio"}]},{"@type":"WebSite","@id":"https:\/\/spainfilmcommission.com\/en\/#website","url":"https:\/\/spainfilmcommission.com\/en\/","name":"Spain Film Commission","description":"","publisher":{"@id":"https:\/\/spainfilmcommission.com\/en\/#organization"},"potentialAction":[{"@type":"SearchAction","target":{"@type":"EntryPoint","urlTemplate":"https:\/\/spainfilmcommission.com\/en\/?s={search_term_string}"},"query-input":{"@type":"PropertyValueSpecification","valueRequired":true,"valueName":"search_term_string"}}],"inLanguage":"en-US"},{"@type":"Organization","@id":"https:\/\/spainfilmcommission.com\/en\/#organization","name":"Spain Film Commission","url":"https:\/\/spainfilmcommission.com\/en\/","logo":{"@type":"ImageObject","inLanguage":"en-US","@id":"https:\/\/spainfilmcommission.com\/en\/#\/schema\/logo\/image\/","url":"https:\/\/spainfilmcommission.com\/wp-content\/uploads\/2024\/07\/SPC_COLOR.png","contentUrl":"https:\/\/spainfilmcommission.com\/wp-content\/uploads\/2024\/07\/SPC_COLOR.png","width":1665,"height":1665,"caption":"Spain Film Commission"},"image":{"@id":"https:\/\/spainfilmcommission.com\/en\/#\/schema\/logo\/image\/"}}]}</script>
<!-- / Yoast SEO plugin. -->

En esta página encontrarás una pequeña descripción, mágenes e información relevante para que te hagas una idea de cómo es rodar en Cabo Vidio

Oviñana, Cudillero

El cabo Vidio se encuentra en el litoral, en el municipio de Cudillero (Asturias) y cercano a la la parroquia de Oviñana. Se trata de uno de los cabos más importantes de Asturias y forma un acantilado de 80 m sobre el mar. Unas de sus mayores atracciones son el faro y la Iglesiona, que es una cueva formada por la erosión del oleaje y que se puede visitar en bajamar.

Cape Vidio is located on the coast, in the municipality of Cudillero (Asturias) and close to the small town of Oviñana. It is one of the most important capes in Asturias and it forms a cliff of 80 m height above the sea. Some of its major attractions are the lighthouse and the Iglesiona, which is a cave formed by the erosion of the waves and which can be visited at low tide.
