{"id":11187,"date":"2025-02-27T17:25:10","date_gmt":"2025-02-27T16:25:10","guid":{"rendered":"https:\/\/sfc.com\/?post_type=localizacion&#038;p=11187"},"modified":"2025-04-21T13:44:00","modified_gmt":"2025-04-21T11:44:00","slug":"plaza-virgen-de-los-reyes","status":"publish","type":"localizacion","link":"https:\/\/spainfilmcommission.com\/en\/ai-locations\/plaza-virgen-de-los-reyes\/","title":{"rendered":"Plaza Virgen de los Reyes"},"content":{"rendered":"","protected":false},"author":61,"template":"","meta":[],"class_list":["post-11187","localizacion","type-localizacion","status-publish","hentry"],"yoast_head":"<!-- This site is optimized with the Yoast SEO plugin v27.3 - https:\/\/yoast.com\/product\/yoast-seo-wordpress\/ -->\n<title>Rodar en Plaza Virgen de los Reyes - Spain Film Commission<\/title>\n<meta name=\"description\" content=\"En esta p\u00e1gina encontrar\u00e1s una peque\u00f1a descripci\u00f3n, m\u00e1genes e informaci\u00f3n relevante para que te hagas una idea de c\u00f3mo es rodar en Plaza Virgen de los Reyes\" \/>\n<meta name=\"robots\" content=\"index, follow, max-snippet:-1, max-image-preview:large, max-video-preview:-1\" \/>\n<link rel=\"canonical\" href=\"https:\/\/spainfilmcommission.com\/en\/ai-locations\/plaza-virgen-de-los-reyes\/\" \/>\n<meta property=\"og:locale\" content=\"en_US\" \/>\n<meta property=\"og:type\" content=\"article\" \/>\n<meta property=\"og:title\" content=\"Rodar en Plaza Virgen de los Reyes - Spain Film Commission\" \/>\n<meta property=\"og:description\" content=\"En esta p\u00e1gina encontrar\u00e1s una peque\u00f1a descripci\u00f3n, m\u00e1genes e informaci\u00f3n relevante para que te hagas una idea de c\u00f3mo es rodar en Plaza Virgen de los Reyes\" \/>\n<meta property=\"og:url\" content=\"https:\/\/spainfilmcommission.com\/en\/ai-locations\/plaza-virgen-de-los-reyes\/\" \/>\n<meta property=\"og:site_name\" content=\"Spain Film Commission\" \/>\n<meta property=\"article:modified_time\" content=\"2025-04-21T11:44:00+00:00\" \/>\n<meta name=\"twitter:card\" content=\"summary_large_image\" \/>\n<script type=\"application\/ld+json\" class=\"yoast-schema-graph\">{\"@context\":\"https:\\\/\\\/schema.org\",\"@graph\":[{\"@type\":\"WebPage\",\"@id\":\"https:\\\/\\\/spainfilmcommission.com\\\/en\\\/ai-locations\\\/plaza-virgen-de-los-reyes\\\/\",\"url\":\"https:\\\/\\\/spainfilmcommission.com\\\/en\\\/ai-locations\\\/plaza-virgen-de-los-reyes\\\/\",\"name\":\"Rodar en Plaza Virgen de los Reyes - Spain Film Commission\",\"isPartOf\":{\"@id\":\"https:\\\/\\\/spainfilmcommission.com\\\/en\\\/#website\"},\"datePublished\":\"2025-02-27T16:25:10+00:00\",\"dateModified\":\"2025-04-21T11:44:00+00:00\",\"description\":\"En esta p\u00e1gina encontrar\u00e1s una peque\u00f1a descripci\u00f3n, m\u00e1genes e informaci\u00f3n relevante para que te hagas una idea de c\u00f3mo es rodar en Plaza Virgen de los Reyes\",\"breadcrumb\":{\"@id\":\"https:\\\/\\\/spainfilmcommission.com\\\/en\\\/ai-locations\\\/plaza-virgen-de-los-reyes\\\/#breadcrumb\"},\"inLanguage\":\"en-US\",\"potentialAction\":[{\"@type\":\"ReadAction\",\"target\":[\"https:\\\/\\\/spainfilmcommission.com\\\/en\\\/ai-locations\\\/plaza-virgen-de-los-reyes\\\/\"]}]},{\"@type\":\"BreadcrumbList\",\"@id\":\"https:\\\/\\\/spainfilmcommission.com\\\/en\\\/ai-locations\\\/plaza-virgen-de-los-reyes\\\/#breadcrumb\",\"itemListElement\":[{\"@type\":\"ListItem\",\"position\":1,\"name\":\"Portada\",\"item\":\"https:\\\/\\\/spainfilmcommission.com\\\/en\\\/\"},{\"@type\":\"ListItem\",\"position\":2,\"name\":\"Plaza Virgen de los Reyes\"}]},{\"@type\":\"WebSite\",\"@id\":\"https:\\\/\\\/spainfilmcommission.com\\\/en\\\/#website\",\"url\":\"https:\\\/\\\/spainfilmcommission.com\\\/en\\\/\",\"name\":\"Spain Film Commission\",\"description\":\"\",\"publisher\":{\"@id\":\"https:\\\/\\\/spainfilmcommission.com\\\/en\\\/#organization\"},\"potentialAction\":[{\"@type\":\"SearchAction\",\"target\":{\"@type\":\"EntryPoint\",\"urlTemplate\":\"https:\\\/\\\/spainfilmcommission.com\\\/en\\\/?s={search_term_string}\"},\"query-input\":{\"@type\":\"PropertyValueSpecification\",\"valueRequired\":true,\"valueName\":\"search_term_string\"}}],\"inLanguage\":\"en-US\"},{\"@type\":\"Organization\",\"@id\":\"https:\\\/\\\/spainfilmcommission.com\\\/en\\\/#organization\",\"name\":\"Spain Film Commission\",\"url\":\"https:\\\/\\\/spainfilmcommission.com\\\/en\\\/\",\"logo\":{\"@type\":\"ImageObject\",\"inLanguage\":\"en-US\",\"@id\":\"https:\\\/\\\/spainfilmcommission.com\\\/en\\\/#\\\/schema\\\/logo\\\/image\\\/\",\"url\":\"https:\\\/\\\/spainfilmcommission.com\\\/wp-content\\\/uploads\\\/2024\\\/07\\\/SPC_COLOR.png\",\"contentUrl\":\"https:\\\/\\\/spainfilmcommission.com\\\/wp-content\\\/uploads\\\/2024\\\/07\\\/SPC_COLOR.png\",\"width\":1665,\"height\":1665,\"caption\":\"Spain Film Commission\"},\"image\":{\"@id\":\"https:\\\/\\\/spainfilmcommission.com\\\/en\\\/#\\\/schema\\\/logo\\\/image\\\/\"}}]}<\/script>\n<!-- \/ Yoast SEO plugin. -->","yoast_head_json":{"title":"Rodar en Plaza Virgen de los Reyes - Spain Film Commission","description":"En esta p\u00e1gina encontrar\u00e1s una peque\u00f1a descripci\u00f3n, m\u00e1genes e informaci\u00f3n relevante para que te hagas una idea de c\u00f3mo es rodar en Plaza Virgen de los Reyes","robots":{"index":"index","follow":"follow","max-snippet":"max-snippet:-1","max-image-preview":"max-image-preview:large","max-video-preview":"max-video-preview:-1"},"canonical":"https:\/\/spainfilmcommission.com\/en\/ai-locations\/plaza-virgen-de-los-reyes\/","og_locale":"en_US","og_type":"article","og_title":"Rodar en Plaza Virgen de los Reyes - Spain Film Commission","og_description":"En esta p\u00e1gina encontrar\u00e1s una peque\u00f1a descripci\u00f3n, m\u00e1genes e informaci\u00f3n relevante para que te hagas una idea de c\u00f3mo es rodar en Plaza Virgen de los Reyes","og_url":"https:\/\/spainfilmcommission.com\/en\/ai-locations\/plaza-virgen-de-los-reyes\/","og_site_name":"Spain Film Commission","article_modified_time":"2025-04-21T11:44:00+00:00","twitter_card":"summary_large_image","schema":{"@context":"https:\/\/schema.org","@graph":[{"@type":"WebPage","@id":"https:\/\/spainfilmcommission.com\/en\/ai-locations\/plaza-virgen-de-los-reyes\/","url":"https:\/\/spainfilmcommission.com\/en\/ai-locations\/plaza-virgen-de-los-reyes\/","name":"Rodar en Plaza Virgen de los Reyes - Spain Film Commission","isPartOf":{"@id":"https:\/\/spainfilmcommission.com\/en\/#website"},"datePublished":"2025-02-27T16:25:10+00:00","dateModified":"2025-04-21T11:44:00+00:00","description":"En esta p\u00e1gina encontrar\u00e1s una peque\u00f1a descripci\u00f3n, m\u00e1genes e informaci\u00f3n relevante para que te hagas una idea de c\u00f3mo es rodar en Plaza Virgen de los Reyes","breadcrumb":{"@id":"https:\/\/spainfilmcommission.com\/en\/ai-locations\/plaza-virgen-de-los-reyes\/#breadcrumb"},"inLanguage":"en-US","potentialAction":[{"@type":"ReadAction","target":["https:\/\/spainfilmcommission.com\/en\/ai-locations\/plaza-virgen-de-los-reyes\/"]}]},{"@type":"BreadcrumbList","@id":"https:\/\/spainfilmcommission.com\/en\/ai-locations\/plaza-virgen-de-los-reyes\/#breadcrumb","itemListElement":[{"@type":"ListItem","position":1,"name":"Portada","item":"https:\/\/spainfilmcommission.com\/en\/"},{"@type":"ListItem","position":2,"name":"Plaza Virgen de los Reyes"}]},{"@type":"WebSite","@id":"https:\/\/spainfilmcommission.com\/en\/#website","url":"https:\/\/spainfilmcommission.com\/en\/","name":"Spain Film Commission","description":"","publisher":{"@id":"https:\/\/spainfilmcommission.com\/en\/#organization"},"potentialAction":[{"@type":"SearchAction","target":{"@type":"EntryPoint","urlTemplate":"https:\/\/spainfilmcommission.com\/en\/?s={search_term_string}"},"query-input":{"@type":"PropertyValueSpecification","valueRequired":true,"valueName":"search_term_string"}}],"inLanguage":"en-US"},{"@type":"Organization","@id":"https:\/\/spainfilmcommission.com\/en\/#organization","name":"Spain Film Commission","url":"https:\/\/spainfilmcommission.com\/en\/","logo":{"@type":"ImageObject","inLanguage":"en-US","@id":"https:\/\/spainfilmcommission.com\/en\/#\/schema\/logo\/image\/","url":"https:\/\/spainfilmcommission.com\/wp-content\/uploads\/2024\/07\/SPC_COLOR.png","contentUrl":"https:\/\/spainfilmcommission.com\/wp-content\/uploads\/2024\/07\/SPC_COLOR.png","width":1665,"height":1665,"caption":"Spain Film Commission"},"image":{"@id":"https:\/\/spainfilmcommission.com\/en\/#\/schema\/logo\/image\/"}}]}},"socio":[{"ID":"10","user_login":"andalucia-film-commission","user_nicename":"andalucia-film-commission","display_name":"andalucia-film-commission","user_pass":"****************","user_email":"info@andaluciafilm.com","user_url":"","user_registered":"2024-12-19 07:26:16","id":10}],"nombrees":"Plaza Virgen de los Reyes","nombreen":"Plaza Virgen de los Reyes","localidad":"Sevilla","provincia":"Sevilla","longitud":"-5.992230000000","latitud":"37.386200000000","coordenadas_maps":"37.3862, -5.99223","direcciones":"Plaza Virgen de los Reyes","direccionen":"Plaza Virgen de los Reyes","cod_postal":"41004","telefono":"(+34) 955","fax":"","mail":"sevillafilmoffice@sevilla.org","web":"","descripciones":"Es una de las plazas m\u00e1s transitadas de Sevilla (Andaluc\u00eda), especialmente por los numerosos grupos de turistas que tienen aqu\u00ed una de sus paradas obligadas. De car\u00e1cter esencialmente peatonal, bajo los naranjos del frente del convento y al pie de la Giralda suelen encontrarse muchos de los coches de caballos que hacen su particular recorrido por esta zona de la ciudad.","descripcionen":"It is one of the busiest squares in Seville (Andalusia), especially due to the large groups of tourists, who have found it to be a must. It is mainly pedestrian, and under its orange trees in the front of the convent and at the foot of the Giralda, one can find many of the carriages which make their particular route within this area of ??the city.","galeria":[{"ID":"31185","post_author":"2","post_date":"2025-03-08 13:47:03","post_date_gmt":"2025-03-08 12:47:03","post_content":"","post_title":"plaza-virgen-de-los-reyes_100_1","post_excerpt":"","post_status":"inherit","comment_status":"closed","ping_status":"closed","post_password":"","post_name":"plaza-virgen-de-los-reyes_100_1","to_ping":"","pinged":"","post_modified":"2025-04-21 13:44:00","post_modified_gmt":"2025-04-21 11:44:00","post_content_filtered":"","post_parent":"11187","guid":"https:\/\/sfc.com\/wp-content\/uploads\/2025\/03\/plaza-virgen-de-los-reyes_100_1.jpg","menu_order":"0","post_type":"attachment","post_mime_type":"image\/jpeg","comment_count":"0","pod_item_id":"31185"},{"ID":"31187","post_author":"2","post_date":"2025-03-08 13:47:09","post_date_gmt":"2025-03-08 12:47:09","post_content":"","post_title":"plaza-virgen-de-los-reyes_100_11","post_excerpt":"","post_status":"inherit","comment_status":"closed","ping_status":"closed","post_password":"","post_name":"plaza-virgen-de-los-reyes_100_11","to_ping":"","pinged":"","post_modified":"2025-04-21 13:44:00","post_modified_gmt":"2025-04-21 11:44:00","post_content_filtered":"","post_parent":"11187","guid":"https:\/\/sfc.com\/wp-content\/uploads\/2025\/03\/plaza-virgen-de-los-reyes_100_11.jpg","menu_order":"0","post_type":"attachment","post_mime_type":"image\/jpeg","comment_count":"0","pod_item_id":"31187"},{"ID":"31189","post_author":"2","post_date":"2025-03-08 13:47:12","post_date_gmt":"2025-03-08 12:47:12","post_content":"","post_title":"plaza-virgen-de-los-reyes_100_12","post_excerpt":"","post_status":"inherit","comment_status":"closed","ping_status":"closed","post_password":"","post_name":"plaza-virgen-de-los-reyes_100_12","to_ping":"","pinged":"","post_modified":"2025-04-21 13:44:00","post_modified_gmt":"2025-04-21 11:44:00","post_content_filtered":"","post_parent":"11187","guid":"https:\/\/sfc.com\/wp-content\/uploads\/2025\/03\/plaza-virgen-de-los-reyes_100_12.jpg","menu_order":"0","post_type":"attachment","post_mime_type":"image\/jpeg","comment_count":"0","pod_item_id":"31189"},{"ID":"31191","post_author":"2","post_date":"2025-03-08 13:47:15","post_date_gmt":"2025-03-08 12:47:15","post_content":"","post_title":"plaza-virgen-de-los-reyes_100_13","post_excerpt":"","post_status":"inherit","comment_status":"closed","ping_status":"closed","post_password":"","post_name":"plaza-virgen-de-los-reyes_100_13","to_ping":"","pinged":"","post_modified":"2025-04-21 13:44:00","post_modified_gmt":"2025-04-21 11:44:00","post_content_filtered":"","post_parent":"11187","guid":"https:\/\/sfc.com\/wp-content\/uploads\/2025\/03\/plaza-virgen-de-los-reyes_100_13.jpg","menu_order":"0","post_type":"attachment","post_mime_type":"image\/jpeg","comment_count":"0","pod_item_id":"31191"},{"ID":"31193","post_author":"2","post_date":"2025-03-08 13:47:21","post_date_gmt":"2025-03-08 12:47:21","post_content":"","post_title":"plaza-virgen-de-los-reyes_100_14","post_excerpt":"","post_status":"inherit","comment_status":"closed","ping_status":"closed","post_password":"","post_name":"plaza-virgen-de-los-reyes_100_14","to_ping":"","pinged":"","post_modified":"2025-04-21 13:44:00","post_modified_gmt":"2025-04-21 11:44:00","post_content_filtered":"","post_parent":"11187","guid":"https:\/\/sfc.com\/wp-content\/uploads\/2025\/03\/plaza-virgen-de-los-reyes_100_14.jpg","menu_order":"0","post_type":"attachment","post_mime_type":"image\/jpeg","comment_count":"0","pod_item_id":"31193"},{"ID":"31195","post_author":"2","post_date":"2025-03-08 13:47:24","post_date_gmt":"2025-03-08 12:47:24","post_content":"","post_title":"plaza-virgen-de-los-reyes_100_15","post_excerpt":"","post_status":"inherit","comment_status":"closed","ping_status":"closed","post_password":"","post_name":"plaza-virgen-de-los-reyes_100_15","to_ping":"","pinged":"","post_modified":"2025-04-21 13:44:00","post_modified_gmt":"2025-04-21 11:44:00","post_content_filtered":"","post_parent":"11187","guid":"https:\/\/sfc.com\/wp-content\/uploads\/2025\/03\/plaza-virgen-de-los-reyes_100_15.jpg","menu_order":"0","post_type":"attachment","post_mime_type":"image\/jpeg","comment_count":"0","pod_item_id":"31195"}],"nombrepaginaes":"plaza-virgen-de-los-reyes","nombrepaginaen":"plaza-virgen-de-los-reyes","latitud_gps":"","longitud_gps":"","adicionaleses":"","adicionalesen":"","videoes":"","videoen":"","video2es":"","video2en":"","_links":{"self":[{"href":"https:\/\/spainfilmcommission.com\/en\/wp-json\/wp\/v2\/localizacion\/11187","targetHints":{"allow":["GET"]}}],"collection":[{"href":"https:\/\/spainfilmcommission.com\/en\/wp-json\/wp\/v2\/localizacion"}],"about":[{"href":"https:\/\/spainfilmcommission.com\/en\/wp-json\/wp\/v2\/types\/localizacion"}],"author":[{"embeddable":true,"href":"https:\/\/spainfilmcommission.com\/en\/wp-json\/wp\/v2\/users\/61"}],"wp:attachment":[{"href":"https:\/\/spainfilmcommission.com\/en\/wp-json\/wp\/v2\/media?parent=11187"}],"curies":[{"name":"wp","href":"https:\/\/api.w.org\/{rel}","templated":true}]}}

<!-- This site is optimized with the Yoast SEO plugin v27.3 - https://yoast.com/product/yoast-seo-wordpress/ -->
<title>Rodar en Plaza Virgen de los Reyes - Spain Film Commission</title>
<meta name="description" content="En esta página encontrarás una pequeña descripción, mágenes e información relevante para que te hagas una idea de cómo es rodar en Plaza Virgen de los Reyes" />
<meta name="robots" content="index, follow, max-snippet:-1, max-image-preview:large, max-video-preview:-1" />
<link rel="canonical" href="https://spainfilmcommission.com/en/ai-locations/plaza-virgen-de-los-reyes/" />
<meta property="og:locale" content="en_US" />
<meta property="og:type" content="article" />
<meta property="og:title" content="Rodar en Plaza Virgen de los Reyes - Spain Film Commission" />
<meta property="og:description" content="En esta página encontrarás una pequeña descripción, mágenes e información relevante para que te hagas una idea de cómo es rodar en Plaza Virgen de los Reyes" />
<meta property="og:url" content="https://spainfilmcommission.com/en/ai-locations/plaza-virgen-de-los-reyes/" />
<meta property="og:site_name" content="Spain Film Commission" />
<meta property="article:modified_time" content="2025-04-21T11:44:00+00:00" />
<meta name="twitter:card" content="summary_large_image" />
<script type="application/ld+json" class="yoast-schema-graph">{"@context":"https:\/\/schema.org","@graph":[{"@type":"WebPage","@id":"https:\/\/spainfilmcommission.com\/en\/ai-locations\/plaza-virgen-de-los-reyes\/","url":"https:\/\/spainfilmcommission.com\/en\/ai-locations\/plaza-virgen-de-los-reyes\/","name":"Rodar en Plaza Virgen de los Reyes - Spain Film Commission","isPartOf":{"@id":"https:\/\/spainfilmcommission.com\/en\/#website"},"datePublished":"2025-02-27T16:25:10+00:00","dateModified":"2025-04-21T11:44:00+00:00","description":"En esta página encontrarás una pequeña descripción, mágenes e información relevante para que te hagas una idea de cómo es rodar en Plaza Virgen de los Reyes","breadcrumb":{"@id":"https:\/\/spainfilmcommission.com\/en\/ai-locations\/plaza-virgen-de-los-reyes\/#breadcrumb"},"inLanguage":"en-US","potentialAction":[{"@type":"ReadAction","target":["https:\/\/spainfilmcommission.com\/en\/ai-locations\/plaza-virgen-de-los-reyes\/"]}]},{"@type":"BreadcrumbList","@id":"https:\/\/spainfilmcommission.com\/en\/ai-locations\/plaza-virgen-de-los-reyes\/#breadcrumb","itemListElement":[{"@type":"ListItem","position":1,"name":"Portada","item":"https:\/\/spainfilmcommission.com\/en\/"},{"@type":"ListItem","position":2,"name":"Plaza Virgen de los Reyes"}]},{"@type":"WebSite","@id":"https:\/\/spainfilmcommission.com\/en\/#website","url":"https:\/\/spainfilmcommission.com\/en\/","name":"Spain Film Commission","description":"","publisher":{"@id":"https:\/\/spainfilmcommission.com\/en\/#organization"},"potentialAction":[{"@type":"SearchAction","target":{"@type":"EntryPoint","urlTemplate":"https:\/\/spainfilmcommission.com\/en\/?s={search_term_string}"},"query-input":{"@type":"PropertyValueSpecification","valueRequired":true,"valueName":"search_term_string"}}],"inLanguage":"en-US"},{"@type":"Organization","@id":"https:\/\/spainfilmcommission.com\/en\/#organization","name":"Spain Film Commission","url":"https:\/\/spainfilmcommission.com\/en\/","logo":{"@type":"ImageObject","inLanguage":"en-US","@id":"https:\/\/spainfilmcommission.com\/en\/#\/schema\/logo\/image\/","url":"https:\/\/spainfilmcommission.com\/wp-content\/uploads\/2024\/07\/SPC_COLOR.png","contentUrl":"https:\/\/spainfilmcommission.com\/wp-content\/uploads\/2024\/07\/SPC_COLOR.png","width":1665,"height":1665,"caption":"Spain Film Commission"},"image":{"@id":"https:\/\/spainfilmcommission.com\/en\/#\/schema\/logo\/image\/"}}]}</script>
<!-- / Yoast SEO plugin. -->

En esta página encontrarás una pequeña descripción, mágenes e información relevante para que te hagas una idea de cómo es rodar en Plaza Virgen de los Reyes

Es una de las plazas más transitadas de Sevilla (Andalucía), especialmente por los numerosos grupos de turistas que tienen aquí una de sus paradas obligadas. De carácter esencialmente peatonal, bajo los naranjos del frente del convento y al pie de la Giralda suelen encontrarse muchos de los coches de caballos que hacen su particular recorrido por esta zona de la ciudad.
